{"id":1216,"date":"2016-04-03T22:45:45","date_gmt":"2016-04-03T20:45:45","guid":{"rendered":"http:\/\/www.brg9.at\/web\/?page_id=1216"},"modified":"2023-07-11T10:20:32","modified_gmt":"2023-07-11T08:20:32","slug":"absolventinnen-des-ecdl","status":"publish","type":"page","link":"https:\/\/www.brg9.at\/web\/?page_id=1216","title":{"rendered":"AbsolventInnen des ECDL"},"content":{"rendered":"\n<p>\u00dcber 80 Sch\u00fclerinnen und Sch\u00fcler der Unterstufe haben in den letzten Jahren den ECDL an unserer Schule absolviert. Wir gratulieren sehr herzlich!<\/p>\n\n\n\n<figure class=\"wp-block-image size-large\"><img data-attachment-id=\"11875\" data-permalink=\"https:\/\/www.brg9.at\/web\/?attachment_id=11875\" data-orig-file=\"https:\/\/www.brg9.at\/web\/wp-content\/uploads\/2023\/07\/DSC9643-1-scaled.jpg\" data-orig-size=\"2560,1707\" data-comments-opened=\"0\" data-image-meta=\"{&quot;aperture&quot;:&quot;4&quot;,&quot;credit&quot;:&quot;&quot;,&quot;camera&quot;:&quot;ILCE-7M2&quot;,&quot;caption&quot;:&quot;&quot;,&quot;created_timestamp&quot;:&quot;1687946166&quot;,&quot;copyright&quot;:&quot;&quot;,&quot;focal_length&quot;:&quot;36&quot;,&quot;iso&quot;:&quot;1000&quot;,&quot;shutter_speed&quot;:&quot;0.005&quot;,&quot;title&quot;:&quot;&quot;,&quot;orientation&quot;:&quot;1&quot;}\" data-image-title=\"DSC9643-1\" data-image-description=\"\" data-medium-file=\"https:\/\/www.brg9.at\/web\/wp-content\/uploads\/2023\/07\/DSC9643-1-596x397.jpg\" data-large-file=\"https:\/\/www.brg9.at\/web\/wp-content\/uploads\/2023\/07\/DSC9643-1-1024x683.jpg\" loading=\"lazy\" width=\"1024\" height=\"683\" src=\"https:\/\/www.brg9.at\/web\/wp-content\/uploads\/2023\/07\/DSC9643-1-1024x683.jpg\" alt=\"\" class=\"wp-image-11875\" srcset=\"https:\/\/www.brg9.at\/web\/wp-content\/uploads\/2023\/07\/DSC9643-1-1024x683.jpg 1024w, https:\/\/www.brg9.at\/web\/wp-content\/uploads\/2023\/07\/DSC9643-1-596x397.jpg 596w, https:\/\/www.brg9.at\/web\/wp-content\/uploads\/2023\/07\/DSC9643-1-1536x1024.jpg 1536w, https:\/\/www.brg9.at\/web\/wp-content\/uploads\/2023\/07\/DSC9643-1-2048x1365.jpg 2048w, https:\/\/www.brg9.at\/web\/wp-content\/uploads\/2023\/07\/DSC9643-1-1200x800.jpg 1200w\" sizes=\"(max-width: 709px) 85vw, (max-width: 909px) 67vw, (max-width: 1362px) 62vw, 840px\" \/><figcaption>ECDL-Absolventen 2023<\/figcaption><\/figure>\n\n\n\n<figure class=\"wp-block-image size-large is-resized\"><img data-attachment-id=\"10081\" data-permalink=\"https:\/\/www.brg9.at\/web\/?attachment_id=10081\" data-orig-file=\"https:\/\/www.brg9.at\/web\/wp-content\/uploads\/2022\/07\/ECDL-2022.jpg\" data-orig-size=\"1024,576\" data-comments-opened=\"0\" data-image-meta=\"{&quot;aperture&quot;:&quot;0&quot;,&quot;credit&quot;:&quot;&quot;,&quot;camera&quot;:&quot;&quot;,&quot;caption&quot;:&quot;&quot;,&quot;created_timestamp&quot;:&quot;0&quot;,&quot;copyright&quot;:&quot;&quot;,&quot;focal_length&quot;:&quot;0&quot;,&quot;iso&quot;:&quot;0&quot;,&quot;shutter_speed&quot;:&quot;0&quot;,&quot;title&quot;:&quot;&quot;,&quot;orientation&quot;:&quot;0&quot;}\" data-image-title=\"ECDL-2022\" data-image-description=\"\" data-medium-file=\"https:\/\/www.brg9.at\/web\/wp-content\/uploads\/2022\/07\/ECDL-2022-596x335.jpg\" data-large-file=\"https:\/\/www.brg9.at\/web\/wp-content\/uploads\/2022\/07\/ECDL-2022.jpg\" loading=\"lazy\" src=\"https:\/\/www.brg9.at\/web\/wp-content\/uploads\/2022\/07\/ECDL-2022.jpg\" alt=\"\" class=\"wp-image-10081\" width=\"840\" height=\"472\" srcset=\"https:\/\/www.brg9.at\/web\/wp-content\/uploads\/2022\/07\/ECDL-2022.jpg 1024w, https:\/\/www.brg9.at\/web\/wp-content\/uploads\/2022\/07\/ECDL-2022-596x335.jpg 596w\" sizes=\"(max-width: 709px) 85vw, (max-width: 909px) 67vw, (max-width: 1362px) 62vw, 840px\" \/><figcaption>ECDL-Absolventen 2022<\/figcaption><\/figure>\n\n\n\n<figure class=\"wp-block-image size-large\"><img data-attachment-id=\"10078\" data-permalink=\"https:\/\/www.brg9.at\/web\/?attachment_id=10078\" data-orig-file=\"https:\/\/www.brg9.at\/web\/wp-content\/uploads\/2022\/07\/ECDL-2021.jpg\" data-orig-size=\"1992,1298\" data-comments-opened=\"0\" data-image-meta=\"{&quot;aperture&quot;:&quot;0&quot;,&quot;credit&quot;:&quot;&quot;,&quot;camera&quot;:&quot;&quot;,&quot;caption&quot;:&quot;&quot;,&quot;created_timestamp&quot;:&quot;0&quot;,&quot;copyright&quot;:&quot;&quot;,&quot;focal_length&quot;:&quot;0&quot;,&quot;iso&quot;:&quot;0&quot;,&quot;shutter_speed&quot;:&quot;0&quot;,&quot;title&quot;:&quot;&quot;,&quot;orientation&quot;:&quot;0&quot;}\" data-image-title=\"ECDL-2021\" data-image-description=\"\" data-medium-file=\"https:\/\/www.brg9.at\/web\/wp-content\/uploads\/2022\/07\/ECDL-2021-596x388.jpg\" data-large-file=\"https:\/\/www.brg9.at\/web\/wp-content\/uploads\/2022\/07\/ECDL-2021-1024x667.jpg\" loading=\"lazy\" width=\"1024\" height=\"667\" src=\"https:\/\/www.brg9.at\/web\/wp-content\/uploads\/2022\/07\/ECDL-2021-1024x667.jpg\" alt=\"ECDL-Absolvent:innen 2021\" class=\"wp-image-10078\" srcset=\"https:\/\/www.brg9.at\/web\/wp-content\/uploads\/2022\/07\/ECDL-2021-1024x667.jpg 1024w, https:\/\/www.brg9.at\/web\/wp-content\/uploads\/2022\/07\/ECDL-2021-596x388.jpg 596w, https:\/\/www.brg9.at\/web\/wp-content\/uploads\/2022\/07\/ECDL-2021-1536x1001.jpg 1536w, https:\/\/www.brg9.at\/web\/wp-content\/uploads\/2022\/07\/ECDL-2021-1200x782.jpg 1200w, https:\/\/www.brg9.at\/web\/wp-content\/uploads\/2022\/07\/ECDL-2021.jpg 1992w\" sizes=\"(max-width: 709px) 85vw, (max-width: 909px) 67vw, (max-width: 1362px) 62vw, 840px\" \/><figcaption>ECDL-Absolvent:innen 2021<\/figcaption><\/figure>\n\n\n<div data-carousel-extra='{\"blog_id\":1,\"permalink\":\"https:\\\/\\\/www.brg9.at\\\/web\\\/?page_id=1216\"}' id='gallery-1' class='gallery galleryid-1216 gallery-columns-1 gallery-size-large'><figure class='gallery-item'>\n\t\t\t<div class='gallery-icon landscape'>\n\t\t\t\t<a href='https:\/\/www.brg9.at\/web\/?attachment_id=4446'><img width=\"840\" height=\"509\" src=\"https:\/\/www.brg9.at\/web\/wp-content\/uploads\/2020\/07\/1-1024x621.jpg\" class=\"attachment-large size-large\" alt=\"\" loading=\"lazy\" aria-describedby=\"gallery-1-4446\" srcset=\"https:\/\/www.brg9.at\/web\/wp-content\/uploads\/2020\/07\/1-1024x621.jpg 1024w, https:\/\/www.brg9.at\/web\/wp-content\/uploads\/2020\/07\/1-596x362.jpg 596w, https:\/\/www.brg9.at\/web\/wp-content\/uploads\/2020\/07\/1-1200x728.jpg 1200w\" sizes=\"(max-width: 709px) 85vw, (max-width: 909px) 67vw, (max-width: 1362px) 62vw, 840px\" data-attachment-id=\"4446\" data-permalink=\"https:\/\/www.brg9.at\/web\/?attachment_id=4446\" data-orig-file=\"https:\/\/www.brg9.at\/web\/wp-content\/uploads\/2020\/07\/1.jpg\" data-orig-size=\"3526,2139\" data-comments-opened=\"0\" data-image-meta=\"{&quot;aperture&quot;:&quot;1.8&quot;,&quot;credit&quot;:&quot;&quot;,&quot;camera&quot;:&quot;iPhone 11&quot;,&quot;caption&quot;:&quot;&quot;,&quot;created_timestamp&quot;:&quot;1593680914&quot;,&quot;copyright&quot;:&quot;&quot;,&quot;focal_length&quot;:&quot;4.25&quot;,&quot;iso&quot;:&quot;125&quot;,&quot;shutter_speed&quot;:&quot;0.016666666666667&quot;,&quot;title&quot;:&quot;&quot;,&quot;orientation&quot;:&quot;1&quot;}\" data-image-title=\"1\" data-image-description=\"\" data-medium-file=\"https:\/\/www.brg9.at\/web\/wp-content\/uploads\/2020\/07\/1-596x362.jpg\" data-large-file=\"https:\/\/www.brg9.at\/web\/wp-content\/uploads\/2020\/07\/1-1024x621.jpg\" \/><\/a>\n\t\t\t<\/div>\n\t\t\t\t<figcaption class='wp-caption-text gallery-caption' id='gallery-1-4446'>\n\t\t\t\tECDL-AbsolventInnen 2020\n\t\t\t\t<\/figcaption><\/figure><figure class='gallery-item'>\n\t\t\t<div class='gallery-icon landscape'>\n\t\t\t\t<a href='https:\/\/www.brg9.at\/web\/?attachment_id=4473'><img width=\"840\" height=\"587\" src=\"https:\/\/www.brg9.at\/web\/wp-content\/uploads\/2020\/07\/20190705_alle-ECDL-AbsolventInnen-1-1024x715.jpg\" class=\"attachment-large size-large\" alt=\"\" loading=\"lazy\" aria-describedby=\"gallery-1-4473\" srcset=\"https:\/\/www.brg9.at\/web\/wp-content\/uploads\/2020\/07\/20190705_alle-ECDL-AbsolventInnen-1-1024x715.jpg 1024w, https:\/\/www.brg9.at\/web\/wp-content\/uploads\/2020\/07\/20190705_alle-ECDL-AbsolventInnen-1-596x416.jpg 596w, https:\/\/www.brg9.at\/web\/wp-content\/uploads\/2020\/07\/20190705_alle-ECDL-AbsolventInnen-1-1200x838.jpg 1200w\" sizes=\"(max-width: 709px) 85vw, (max-width: 909px) 67vw, (max-width: 1362px) 62vw, 840px\" data-attachment-id=\"4473\" data-permalink=\"https:\/\/www.brg9.at\/web\/?attachment_id=4473\" data-orig-file=\"https:\/\/www.brg9.at\/web\/wp-content\/uploads\/2020\/07\/20190705_alle-ECDL-AbsolventInnen-1.jpg\" data-orig-size=\"3651,2550\" data-comments-opened=\"0\" data-image-meta=\"{&quot;aperture&quot;:&quot;3.2&quot;,&quot;credit&quot;:&quot;&quot;,&quot;camera&quot;:&quot;COOLPIX P900&quot;,&quot;caption&quot;:&quot;&quot;,&quot;created_timestamp&quot;:&quot;1561619711&quot;,&quot;copyright&quot;:&quot;&quot;,&quot;focal_length&quot;:&quot;5.9&quot;,&quot;iso&quot;:&quot;100&quot;,&quot;shutter_speed&quot;:&quot;0.033333333333333&quot;,&quot;title&quot;:&quot;&quot;,&quot;orientation&quot;:&quot;1&quot;}\" data-image-title=\"20190705_alle ECDL-AbsolventInnen\" data-image-description=\"\" data-medium-file=\"https:\/\/www.brg9.at\/web\/wp-content\/uploads\/2020\/07\/20190705_alle-ECDL-AbsolventInnen-1-596x416.jpg\" data-large-file=\"https:\/\/www.brg9.at\/web\/wp-content\/uploads\/2020\/07\/20190705_alle-ECDL-AbsolventInnen-1-1024x715.jpg\" \/><\/a>\n\t\t\t<\/div>\n\t\t\t\t<figcaption class='wp-caption-text gallery-caption' id='gallery-1-4473'>\n\t\t\t\tECDL-AbsolventInnen 2019\n\t\t\t\t<\/figcaption><\/figure><figure class='gallery-item'>\n\t\t\t<div class='gallery-icon landscape'>\n\t\t\t\t<a href='https:\/\/www.brg9.at\/web\/?attachment_id=4470'><img width=\"840\" height=\"778\" src=\"https:\/\/www.brg9.at\/web\/wp-content\/uploads\/2020\/07\/DSC_5619-1024x949.jpg\" class=\"attachment-large size-large\" alt=\"\" loading=\"lazy\" aria-describedby=\"gallery-1-4470\" srcset=\"https:\/\/www.brg9.at\/web\/wp-content\/uploads\/2020\/07\/DSC_5619-1024x949.jpg 1024w, https:\/\/www.brg9.at\/web\/wp-content\/uploads\/2020\/07\/DSC_5619-596x553.jpg 596w, https:\/\/www.brg9.at\/web\/wp-content\/uploads\/2020\/07\/DSC_5619-1200x1113.jpg 1200w\" sizes=\"(max-width: 709px) 85vw, (max-width: 909px) 67vw, (max-width: 1362px) 62vw, 840px\" data-attachment-id=\"4470\" data-permalink=\"https:\/\/www.brg9.at\/web\/?attachment_id=4470\" data-orig-file=\"https:\/\/www.brg9.at\/web\/wp-content\/uploads\/2020\/07\/DSC_5619.jpg\" data-orig-size=\"2731,2532\" data-comments-opened=\"0\" data-image-meta=\"{&quot;aperture&quot;:&quot;4&quot;,&quot;credit&quot;:&quot;&quot;,&quot;camera&quot;:&quot;NIKON D80&quot;,&quot;caption&quot;:&quot;&quot;,&quot;created_timestamp&quot;:&quot;1530093043&quot;,&quot;copyright&quot;:&quot;&quot;,&quot;focal_length&quot;:&quot;22&quot;,&quot;iso&quot;:&quot;400&quot;,&quot;shutter_speed&quot;:&quot;0.033333333333333&quot;,&quot;title&quot;:&quot;&quot;,&quot;orientation&quot;:&quot;1&quot;}\" data-image-title=\"DSC_5619\" data-image-description=\"\" data-medium-file=\"https:\/\/www.brg9.at\/web\/wp-content\/uploads\/2020\/07\/DSC_5619-596x553.jpg\" data-large-file=\"https:\/\/www.brg9.at\/web\/wp-content\/uploads\/2020\/07\/DSC_5619-1024x949.jpg\" \/><\/a>\n\t\t\t<\/div>\n\t\t\t\t<figcaption class='wp-caption-text gallery-caption' id='gallery-1-4470'>\n\t\t\t\tECDL-AbsolventInnen 2018\n\t\t\t\t<\/figcaption><\/figure><figure class='gallery-item'>\n\t\t\t<div class='gallery-icon landscape'>\n\t\t\t\t<a href='https:\/\/www.brg9.at\/web\/?attachment_id=4479'><img width=\"840\" height=\"562\" src=\"https:\/\/www.brg9.at\/web\/wp-content\/uploads\/2020\/07\/DSC_1804-komprimiert-1024x685.jpg\" class=\"attachment-large size-large\" alt=\"\" loading=\"lazy\" aria-describedby=\"gallery-1-4479\" srcset=\"https:\/\/www.brg9.at\/web\/wp-content\/uploads\/2020\/07\/DSC_1804-komprimiert-1024x685.jpg 1024w, https:\/\/www.brg9.at\/web\/wp-content\/uploads\/2020\/07\/DSC_1804-komprimiert-596x399.jpg 596w, https:\/\/www.brg9.at\/web\/wp-content\/uploads\/2020\/07\/DSC_1804-komprimiert-1200x803.jpg 1200w, https:\/\/www.brg9.at\/web\/wp-content\/uploads\/2020\/07\/DSC_1804-komprimiert.jpg 1754w\" sizes=\"(max-width: 709px) 85vw, (max-width: 909px) 67vw, (max-width: 1362px) 62vw, 840px\" data-attachment-id=\"4479\" data-permalink=\"https:\/\/www.brg9.at\/web\/?attachment_id=4479\" data-orig-file=\"https:\/\/www.brg9.at\/web\/wp-content\/uploads\/2020\/07\/DSC_1804-komprimiert.jpg\" data-orig-size=\"1754,1173\" data-comments-opened=\"0\" data-image-meta=\"{&quot;aperture&quot;:&quot;0&quot;,&quot;credit&quot;:&quot;&quot;,&quot;camera&quot;:&quot;&quot;,&quot;caption&quot;:&quot;&quot;,&quot;created_timestamp&quot;:&quot;0&quot;,&quot;copyright&quot;:&quot;&quot;,&quot;focal_length&quot;:&quot;0&quot;,&quot;iso&quot;:&quot;0&quot;,&quot;shutter_speed&quot;:&quot;0&quot;,&quot;title&quot;:&quot;&quot;,&quot;orientation&quot;:&quot;0&quot;}\" data-image-title=\"DSC_1804-komprimiert\" data-image-description=\"\" data-medium-file=\"https:\/\/www.brg9.at\/web\/wp-content\/uploads\/2020\/07\/DSC_1804-komprimiert-596x399.jpg\" data-large-file=\"https:\/\/www.brg9.at\/web\/wp-content\/uploads\/2020\/07\/DSC_1804-komprimiert-1024x685.jpg\" \/><\/a>\n\t\t\t<\/div>\n\t\t\t\t<figcaption class='wp-caption-text gallery-caption' id='gallery-1-4479'>\n\t\t\t\tECDL-Absolventen 2017\n\t\t\t\t<\/figcaption><\/figure><figure class='gallery-item'>\n\t\t\t<div class='gallery-icon landscape'>\n\t\t\t\t<a href='https:\/\/www.brg9.at\/web\/?attachment_id=1597'><img width=\"840\" height=\"562\" src=\"https:\/\/www.brg9.at\/web\/wp-content\/uploads\/2016\/04\/DSC_7852-1024x685.jpg\" class=\"attachment-large size-large\" alt=\"\" loading=\"lazy\" aria-describedby=\"gallery-1-1597\" srcset=\"https:\/\/www.brg9.at\/web\/wp-content\/uploads\/2016\/04\/DSC_7852-1024x685.jpg 1024w, https:\/\/www.brg9.at\/web\/wp-content\/uploads\/2016\/04\/DSC_7852-596x399.jpg 596w, https:\/\/www.brg9.at\/web\/wp-content\/uploads\/2016\/04\/DSC_7852-1200x803.jpg 1200w\" sizes=\"(max-width: 709px) 85vw, (max-width: 909px) 67vw, (max-width: 1362px) 62vw, 840px\" data-attachment-id=\"1597\" data-permalink=\"https:\/\/www.brg9.at\/web\/?attachment_id=1597\" data-orig-file=\"https:\/\/www.brg9.at\/web\/wp-content\/uploads\/2016\/04\/DSC_7852.jpg\" data-orig-size=\"3872,2592\" data-comments-opened=\"0\" data-image-meta=\"{&quot;aperture&quot;:&quot;4&quot;,&quot;credit&quot;:&quot;&quot;,&quot;camera&quot;:&quot;NIKON D80&quot;,&quot;caption&quot;:&quot;&quot;,&quot;created_timestamp&quot;:&quot;1467194045&quot;,&quot;copyright&quot;:&quot;&quot;,&quot;focal_length&quot;:&quot;20&quot;,&quot;iso&quot;:&quot;400&quot;,&quot;shutter_speed&quot;:&quot;0.016666666666667&quot;,&quot;title&quot;:&quot;&quot;,&quot;orientation&quot;:&quot;1&quot;}\" data-image-title=\"DSC_7852\" data-image-description=\"\" data-medium-file=\"https:\/\/www.brg9.at\/web\/wp-content\/uploads\/2016\/04\/DSC_7852-596x399.jpg\" data-large-file=\"https:\/\/www.brg9.at\/web\/wp-content\/uploads\/2016\/04\/DSC_7852-1024x685.jpg\" \/><\/a>\n\t\t\t<\/div>\n\t\t\t\t<figcaption class='wp-caption-text gallery-caption' id='gallery-1-1597'>\n\t\t\t\tECDL-AbsolventInnen 2016\n\t\t\t\t<\/figcaption><\/figure><figure class='gallery-item'>\n\t\t\t<div class='gallery-icon landscape'>\n\t\t\t\t<a href='https:\/\/www.brg9.at\/web\/?attachment_id=1218'><img width=\"840\" height=\"523\" src=\"https:\/\/www.brg9.at\/web\/wp-content\/uploads\/2016\/04\/2015_ECDL-Pr\u00fcflinge-1024x637.jpg\" class=\"attachment-large size-large\" alt=\"\" loading=\"lazy\" aria-describedby=\"gallery-1-1218\" srcset=\"https:\/\/www.brg9.at\/web\/wp-content\/uploads\/2016\/04\/2015_ECDL-Pr\u00fcflinge-1024x637.jpg 1024w, https:\/\/www.brg9.at\/web\/wp-content\/uploads\/2016\/04\/2015_ECDL-Pr\u00fcflinge-596x370.jpg 596w, https:\/\/www.brg9.at\/web\/wp-content\/uploads\/2016\/04\/2015_ECDL-Pr\u00fcflinge-1200x746.jpg 1200w, https:\/\/www.brg9.at\/web\/wp-content\/uploads\/2016\/04\/2015_ECDL-Pr\u00fcflinge.jpg 2048w\" sizes=\"(max-width: 709px) 85vw, (max-width: 909px) 67vw, (max-width: 1362px) 62vw, 840px\" data-attachment-id=\"1218\" data-permalink=\"https:\/\/www.brg9.at\/web\/?attachment_id=1218\" data-orig-file=\"https:\/\/www.brg9.at\/web\/wp-content\/uploads\/2016\/04\/2015_ECDL-Pr\u00fcflinge.jpg\" data-orig-size=\"2048,1273\" data-comments-opened=\"0\" data-image-meta=\"{&quot;aperture&quot;:&quot;0&quot;,&quot;credit&quot;:&quot;&quot;,&quot;camera&quot;:&quot;&quot;,&quot;caption&quot;:&quot;&quot;,&quot;created_timestamp&quot;:&quot;0&quot;,&quot;copyright&quot;:&quot;&quot;,&quot;focal_length&quot;:&quot;0&quot;,&quot;iso&quot;:&quot;0&quot;,&quot;shutter_speed&quot;:&quot;0&quot;,&quot;title&quot;:&quot;&quot;,&quot;orientation&quot;:&quot;0&quot;}\" data-image-title=\"2015_ECDL-Pr\u00fcflinge\" data-image-description=\"\" data-medium-file=\"https:\/\/www.brg9.at\/web\/wp-content\/uploads\/2016\/04\/2015_ECDL-Pr\u00fcflinge-596x370.jpg\" data-large-file=\"https:\/\/www.brg9.at\/web\/wp-content\/uploads\/2016\/04\/2015_ECDL-Pr\u00fcflinge-1024x637.jpg\" \/><\/a>\n\t\t\t<\/div>\n\t\t\t\t<figcaption class='wp-caption-text gallery-caption' id='gallery-1-1218'>\n\t\t\t\tECDL-AbsolventenInnen 2015\n\t\t\t\t<\/figcaption><\/figure><figure class='gallery-item'>\n\t\t\t<div class='gallery-icon landscape'>\n\t\t\t\t<a href='https:\/\/www.brg9.at\/web\/?attachment_id=1217'><img width=\"711\" height=\"542\" src=\"https:\/\/www.brg9.at\/web\/wp-content\/uploads\/2016\/04\/2011_ECDL-Pr\u00fcflinge.jpg\" class=\"attachment-large size-large\" alt=\"\" loading=\"lazy\" aria-describedby=\"gallery-1-1217\" srcset=\"https:\/\/www.brg9.at\/web\/wp-content\/uploads\/2016\/04\/2011_ECDL-Pr\u00fcflinge.jpg 711w, https:\/\/www.brg9.at\/web\/wp-content\/uploads\/2016\/04\/2011_ECDL-Pr\u00fcflinge-596x454.jpg 596w\" sizes=\"(max-width: 711px) 85vw, 711px\" data-attachment-id=\"1217\" data-permalink=\"https:\/\/www.brg9.at\/web\/?attachment_id=1217\" data-orig-file=\"https:\/\/www.brg9.at\/web\/wp-content\/uploads\/2016\/04\/2011_ECDL-Pr\u00fcflinge.jpg\" data-orig-size=\"711,542\" data-comments-opened=\"0\" data-image-meta=\"{&quot;aperture&quot;:&quot;2.5&quot;,&quot;credit&quot;:&quot;&quot;,&quot;camera&quot;:&quot;Canon PowerShot S95&quot;,&quot;caption&quot;:&quot;&quot;,&quot;created_timestamp&quot;:&quot;1309428512&quot;,&quot;copyright&quot;:&quot;&quot;,&quot;focal_length&quot;:&quot;7.493&quot;,&quot;iso&quot;:&quot;500&quot;,&quot;shutter_speed&quot;:&quot;0.0125&quot;,&quot;title&quot;:&quot;&quot;,&quot;orientation&quot;:&quot;1&quot;}\" data-image-title=\"ECDL-Absolventen 2011\" data-image-description=\"\" data-medium-file=\"https:\/\/www.brg9.at\/web\/wp-content\/uploads\/2016\/04\/2011_ECDL-Pr\u00fcflinge-596x454.jpg\" data-large-file=\"https:\/\/www.brg9.at\/web\/wp-content\/uploads\/2016\/04\/2011_ECDL-Pr\u00fcflinge.jpg\" \/><\/a>\n\t\t\t<\/div>\n\t\t\t\t<figcaption class='wp-caption-text gallery-caption' id='gallery-1-1217'>\n\t\t\t\tECDL-AbsolventInnen 2011\n\t\t\t\t<\/figcaption><\/figure>\n\t\t<\/div>\n\n<p>&nbsp;<\/p>\n<p>&nbsp;<\/p>\n<p>&nbsp;<\/p><div class=\"sharedaddy sd-sharing-enabled\"><div class=\"robots-nocontent sd-block sd-social sd-social-icon-text sd-sharing\"><h3 class=\"sd-title\">Diesen Inhalt teilen:<\/h3><div class=\"sd-content\"><ul><li class=\"share-facebook\"><a rel=\"nofollow noopener noreferrer\" data-shared=\"sharing-facebook-1216\" class=\"share-facebook sd-button share-icon\" href=\"https:\/\/www.brg9.at\/web\/?page_id=1216&amp;share=facebook\" target=\"_blank\" title=\"Klick, um auf Facebook zu teilen\"><span>Facebook<\/span><\/a><\/li><li class=\"share-jetpack-whatsapp\"><a rel=\"nofollow noopener noreferrer\" data-shared=\"\" class=\"share-jetpack-whatsapp sd-button share-icon\" href=\"https:\/\/www.brg9.at\/web\/?page_id=1216&amp;share=jetpack-whatsapp\" target=\"_blank\" title=\"Klicken, um auf WhatsApp zu teilen\"><span>WhatsApp<\/span><\/a><\/li><li class=\"share-print\"><a rel=\"nofollow noopener noreferrer\" data-shared=\"\" class=\"share-print sd-button share-icon\" href=\"https:\/\/www.brg9.at\/web\/?page_id=1216\" target=\"_blank\" title=\"Klicken zum Ausdrucken\"><span>Drucken<\/span><\/a><\/li><li class=\"share-end\"><\/li><\/ul><\/div><\/div><\/div>","protected":false},"excerpt":{"rendered":"<p>\u00dcber 80 Sch\u00fclerinnen und Sch\u00fcler der Unterstufe haben in den letzten Jahren den ECDL an unserer Schule absolviert. Wir gratulieren sehr herzlich! &nbsp; &nbsp; &nbsp;<\/p>\n<div class=\"sharedaddy sd-sharing-enabled\"><div class=\"robots-nocontent sd-block sd-social sd-social-icon-text sd-sharing\"><h3 class=\"sd-title\">Diesen Inhalt teilen:<\/h3><div class=\"sd-content\"><ul><li class=\"share-facebook\"><a rel=\"nofollow noopener noreferrer\" data-shared=\"sharing-facebook-1216\" class=\"share-facebook sd-button share-icon\" href=\"https:\/\/www.brg9.at\/web\/?page_id=1216&amp;share=facebook\" target=\"_blank\" title=\"Klick, um auf Facebook zu teilen\"><span>Facebook<\/span><\/a><\/li><li class=\"share-jetpack-whatsapp\"><a rel=\"nofollow noopener noreferrer\" data-shared=\"\" class=\"share-jetpack-whatsapp sd-button share-icon\" href=\"https:\/\/www.brg9.at\/web\/?page_id=1216&amp;share=jetpack-whatsapp\" target=\"_blank\" title=\"Klicken, um auf WhatsApp zu teilen\"><span>WhatsApp<\/span><\/a><\/li><li class=\"share-print\"><a rel=\"nofollow noopener noreferrer\" data-shared=\"\" class=\"share-print sd-button share-icon\" href=\"https:\/\/www.brg9.at\/web\/?page_id=1216\" target=\"_blank\" title=\"Klicken zum Ausdrucken\"><span>Drucken<\/span><\/a><\/li><li class=\"share-end\"><\/li><\/ul><\/div><\/div><\/div>","protected":false},"author":9,"featured_media":0,"parent":461,"menu_order":0,"comment_status":"closed","ping_status":"closed","template":"","meta":{"ngg_post_thumbnail":0,"spay_email":""},"yoast_head":"<!-- This site is optimized with the Yoast SEO plugin v16.2 - https:\/\/yoast.com\/wordpress\/plugins\/seo\/ -->\n<title>AbsolventInnen des ECDL &raquo; BRG9, Erich Fried Realgymnasium<\/title>\n<meta name=\"robots\" content=\"index, follow, max-snippet:-1, max-image-preview:large, max-video-preview:-1\" \/>\n<link rel=\"canonical\" href=\"https:\/\/www.brg9.at\/web\/?page_id=1216\" \/>\n<meta property=\"og:locale\" content=\"de_DE\" \/>\n<meta property=\"og:type\" content=\"article\" \/>\n<meta property=\"og:title\" content=\"AbsolventInnen des ECDL &raquo; BRG9, Erich Fried Realgymnasium\" \/>\n<meta property=\"og:description\" content=\"\u00dcber 80 Sch\u00fclerinnen und Sch\u00fcler der Unterstufe haben in den letzten Jahren den ECDL an unserer Schule absolviert. Wir gratulieren sehr herzlich! &nbsp; &nbsp; &nbsp;\" \/>\n<meta property=\"og:url\" content=\"https:\/\/www.brg9.at\/web\/?page_id=1216\" \/>\n<meta property=\"og:site_name\" content=\"BRG9, Erich Fried Realgymnasium\" \/>\n<meta property=\"article:modified_time\" content=\"2023-07-11T08:20:32+00:00\" \/>\n<meta property=\"og:image\" content=\"https:\/\/www.brg9.at\/web\/wp-content\/uploads\/2020\/07\/1-1024x621.jpg\" \/>\n<meta name=\"twitter:card\" content=\"summary\" \/>\n<meta name=\"twitter:label1\" content=\"Gesch\u00e4tzte Lesezeit\">\n\t<meta name=\"twitter:data1\" content=\"1 Minute\">\n<script type=\"application\/ld+json\" class=\"yoast-schema-graph\">{\"@context\":\"https:\/\/schema.org\",\"@graph\":[{\"@type\":\"WebSite\",\"@id\":\"https:\/\/www.brg9.at\/web\/#website\",\"url\":\"https:\/\/www.brg9.at\/web\/\",\"name\":\"BRG9, Erich Fried Realgymnasium\",\"description\":\"Die Website des BRG9 - Erich Fried Realgymnasium. Wien 9, Glasergasse 25.\",\"potentialAction\":[{\"@type\":\"SearchAction\",\"target\":\"https:\/\/www.brg9.at\/web\/?s={search_term_string}\",\"query-input\":\"required name=search_term_string\"}],\"inLanguage\":\"de-DE\"},{\"@type\":\"ImageObject\",\"@id\":\"https:\/\/www.brg9.at\/web\/?page_id=1216#primaryimage\",\"inLanguage\":\"de-DE\",\"url\":\"https:\/\/www.brg9.at\/web\/wp-content\/uploads\/2023\/07\/DSC9643-1-scaled.jpg\",\"contentUrl\":\"https:\/\/www.brg9.at\/web\/wp-content\/uploads\/2023\/07\/DSC9643-1-scaled.jpg\",\"width\":2560,\"height\":1707},{\"@type\":\"WebPage\",\"@id\":\"https:\/\/www.brg9.at\/web\/?page_id=1216#webpage\",\"url\":\"https:\/\/www.brg9.at\/web\/?page_id=1216\",\"name\":\"AbsolventInnen des ECDL &raquo; BRG9, Erich Fried Realgymnasium\",\"isPartOf\":{\"@id\":\"https:\/\/www.brg9.at\/web\/#website\"},\"primaryImageOfPage\":{\"@id\":\"https:\/\/www.brg9.at\/web\/?page_id=1216#primaryimage\"},\"datePublished\":\"2016-04-03T20:45:45+00:00\",\"dateModified\":\"2023-07-11T08:20:32+00:00\",\"breadcrumb\":{\"@id\":\"https:\/\/www.brg9.at\/web\/?page_id=1216#breadcrumb\"},\"inLanguage\":\"de-DE\",\"potentialAction\":[{\"@type\":\"ReadAction\",\"target\":[\"https:\/\/www.brg9.at\/web\/?page_id=1216\"]}]},{\"@type\":\"BreadcrumbList\",\"@id\":\"https:\/\/www.brg9.at\/web\/?page_id=1216#breadcrumb\",\"itemListElement\":[{\"@type\":\"ListItem\",\"position\":1,\"item\":{\"@type\":\"WebPage\",\"@id\":\"https:\/\/www.brg9.at\/web\/\",\"url\":\"https:\/\/www.brg9.at\/web\/\",\"name\":\"Home\"}},{\"@type\":\"ListItem\",\"position\":2,\"item\":{\"@type\":\"WebPage\",\"@id\":\"https:\/\/www.brg9.at\/web\/?page_id=461\",\"url\":\"https:\/\/www.brg9.at\/web\/?page_id=461\",\"name\":\"Unverbindliche \\u00dcbungen\"}},{\"@type\":\"ListItem\",\"position\":3,\"item\":{\"@id\":\"https:\/\/www.brg9.at\/web\/?page_id=1216#webpage\"}}]}]}<\/script>\n<!-- \/ Yoast SEO plugin. -->","jetpack_sharing_enabled":true,"_links":{"self":[{"href":"https:\/\/www.brg9.at\/web\/index.php?rest_route=\/wp\/v2\/pages\/1216"}],"collection":[{"href":"https:\/\/www.brg9.at\/web\/index.php?rest_route=\/wp\/v2\/pages"}],"about":[{"href":"https:\/\/www.brg9.at\/web\/index.php?rest_route=\/wp\/v2\/types\/page"}],"author":[{"embeddable":true,"href":"https:\/\/www.brg9.at\/web\/index.php?rest_route=\/wp\/v2\/users\/9"}],"replies":[{"embeddable":true,"href":"https:\/\/www.brg9.at\/web\/index.php?rest_route=%2Fwp%2Fv2%2Fcomments&post=1216"}],"version-history":[{"count":11,"href":"https:\/\/www.brg9.at\/web\/index.php?rest_route=\/wp\/v2\/pages\/1216\/revisions"}],"predecessor-version":[{"id":11877,"href":"https:\/\/www.brg9.at\/web\/index.php?rest_route=\/wp\/v2\/pages\/1216\/revisions\/11877"}],"up":[{"embeddable":true,"href":"https:\/\/www.brg9.at\/web\/index.php?rest_route=\/wp\/v2\/pages\/461"}],"wp:attachment":[{"href":"https:\/\/www.brg9.at\/web\/index.php?rest_route=%2Fwp%2Fv2%2Fmedia&parent=1216"}],"curies":[{"name":"wp","href":"https:\/\/api.w.org\/{rel}","templated":true}]}}