{"id":15812,"date":"2025-06-08T22:35:28","date_gmt":"2025-06-08T20:35:28","guid":{"rendered":"https:\/\/www.brg9.at\/web\/?page_id=15812"},"modified":"2025-09-24T09:49:59","modified_gmt":"2025-09-24T07:49:59","slug":"begabten-und-begabungsfoerderung","status":"publish","type":"page","link":"https:\/\/www.brg9.at\/web\/?page_id=15812","title":{"rendered":"Begabten- und Begabungsf\u00f6rderung"},"content":{"rendered":"<h1>Begabungsf\u00f6rderung<\/h1>\n\n\n<p>\u201e<strong>Begabungsf\u00f6rderung<\/strong>, die auch die Begabtenf\u00f6rderung inkludiert, zielt auf die Unterst\u00fctzung, F\u00f6rderung und Begleitung aller Sch\u00fclerInnen bei der ganzheitlichen Entwicklung ihrer Person und ihrer Leistungspotenziale. Im Sinne der Chancengerechtigkeit hat die Schule die grunds\u00e4tzliche Aufgabe, alle Lernenden in ihrer Potenzialentwicklung zu unterst\u00fctzen.\u201c<\/p>\n\n\n\n<p><strong>Begabtenf\u00f6rderung<\/strong> zielt \u201eauf die spezielle F\u00f6rderung von Sch\u00fclerinnen und Sch\u00fclern mit hoher Leistungsf\u00e4higkeit und -bereitschaft\u201c ab.<\/p>\n\n\n\n<p>Die wichtigsten Eckpfeiler der Methoden zur Begabungs- und Begabtenf\u00f6rderung werden <strong>\u201eEnrichment\u201c<\/strong> (Vertiefung) und <strong>\u201eAcceleration\u201c<\/strong> (Beschleunigung) genannt.<\/p>\n\n\n\n<p>Unter vertikalem Enrichment versteht man die Vertiefung von frei gew\u00e4hlten Inhalten und unter horizontalem Enrichment die Erweiterung des Horizonts der Sch\u00fclerInnen. (\u00d6ZBF, 2017).<\/p>\n\n\n\n<h1>Vertiefung- Enrichment<\/h1>\n\n\n\n<div class=\"wp-block-group\"><div class=\"wp-block-group__inner-container\">\n<h3>Strukturelle Angebote<\/h3>\n\n\n\n<div class=\"responsive-table\">\n  <div class=\"column\">\n    <h3><a href=\"https:\/\/www.brg9.at\/web\/?page_id=440\" class=\"yellowLink\" target=\"_blank\" rel=\"noopener\">Dual Language Programme<\/a><\/h3>\n    <p><b>English native speaker:<\/b><\/p>\n    <p>Zus\u00e4tzliche sprachliche F\u00f6rderung<\/p>\n<br>\n    <p>Ein Teil des Unterrichts findet in den meisten Unterrichtsf\u00e4chern auf Englisch statt.<\/p>\n  <\/div>\n\n  <div class=\"column\">\n    <h3><a href=\"https:\/\/www.brg9.at\/schoolie\/jahr\/2025\" target=\"_blank\" class=\"yellowLink\" rel=\"noopener\">Semestriertes Modulsystem<\/a><\/h3>\n    <p><b>Pflichtmodule<\/b> bilden den Grundstock.<\/p>\n    <p><b>Wahlmodule<\/b> bieten ein vielf\u00e4ltiges und flexibles Angebot. Eine \u201e\u00dcberbuchung\u201c (\u00fcber das vorgeschriebene Mindestma\u00df an Stunden hinaus) ist dabei m\u00f6glich.<\/p>\n  <\/div>\n<\/div>\n\n\n\n<h3>Initiativen: Lehrk\u00f6rper und Sch\u00fclerInnen<\/h3>\n\n\n\n<p>Nachstehend folgt eine \u00dcbersicht speziell gelungener Initiativen des BRG 9, welche die Vielfalt der vertiefenden und zus\u00e4tzlichen Angebote darstellen soll.<\/p>\n<\/div><\/div>\n\n\n\n<p><div class=\"responsive-table\">\n  <div class=\"column\">\n    <h3>Projekte<\/h3>\n      <p><b><a href=\"https:\/\/www.brg9.at\/web\/?page_id=9812\" target=\"_blank\" rel=\"noopener\">\u00d6kolog<\/a><\/b><\/p>\n      <p>SDG<\/p>\n      <p>Klimaspiel<\/p>\n      <p>Workshops<\/p>\n      <p>Demos<\/p>\n      <p>Fundsachen<\/p>\n    <p><b><a href=\"https:\/\/www.brg9.at\/web\/?page_id=12237\" target=\"blank\" rel=\"noopener\">Erasmus+<\/a><\/b><\/p>\n    <p><b>MINT Siegel<\/b><\/p>\n  <\/div>\n\n  <div class=\"column\">\n    <h3>Module<\/h3>\n    <p><b><a href=\"https:\/\/www.brg9.at\/web\/?page_id=16312\" target=\"blank\" rel=\"noopener\">Schach<\/a><\/b> (maturabel)<\/p>\n    <p><b><a href=\"https:\/\/www.brg9.at\/web\/?page_id=16130\" target=\"blank\" rel=\"noopener\">Physik Olympiade<\/a><\/b><\/p>\n    <p>Programmieren<\/p>\n    <p><b>Sprachen<\/b><br>First Cambridge Certificate of English (FCE)<\/p>\n    <p>Diverse Module f\u00fcr \u201eSpezialinteressen\u201c<\/p>\n  <\/div>\n\n  <div class=\"column\">\n    <h3>\u00dcbungen \/ Freif\u00e4cher<\/h3>\n    <p><b>Schulband<\/b><\/p>\n    <p><b>Chor<\/b><\/p>\n    <p><b>Darstellendes Spiel<\/b><\/p>\n    <p><b>ECDL<\/b><\/p>\n    <p>Sportarten<\/p>\n  <\/div>\n\n  <div class=\"column\">\n    <h3>Wettbewerbe<\/h3>\n    <p>Biber der Informatik<\/p>\n    <p>Kids in Fashion<\/p>\n    <p>K\u00e4nguru der Mathematik, Pangea<\/p>\n    <p>Naboj, M3 Uni Wien<\/p>\n    <p>Sch\u00fclerliga Basketball, Frauenlauf<\/p>\n    <p>Schachturniere<\/p>\n  <\/div>\n\n  <div class=\"column\">\n    <h3>Events<\/h3>\n    <p><b>Filmgruppe<\/b>, Mediengruppe<\/p>\n    <p><b>Berufscaf\u00e9<\/b><\/p>\n    <p><b>Sportfest<\/b><\/p>\n    <p><b>Sound School<\/b> Konzertauftritte bei Schulmessen<\/p>\n    <p><b>Schulball<\/b><\/p>\n  <\/div>\n<\/div><\/p>\n\n\n\n<p><\/p>\n\n\n\n<p>Am Erich Fried Realgymnasiums wird ein breites Spektrum an Aktivit\u00e4ten geboten, wobei der Fokus sicherlich bei den Formal- und Naturwissenschaften inkl. Schach liegt, aber &#8211; wie an der Aufstellung oberhalb ersichtlich &#8211; bei weitem nicht ausschlie\u00dflich.<\/p>\n\n\n\n<h3>Externe Angebote und Kooperationspartner<\/h3>\n\n\n\n<p>Manche der oben genannten Initiativen haben die Unterst\u00fctzung externer Partner.<\/p>\n\n\n\n<p><div class=\"responsive-table\">\n  <div class=\"column\">\n    <h3>Musik<\/h3>\n      <p><b><a href=\"https:\/\/www.brg9.at\/web\/?page_id=3392\" target=\"_blank\" rel=\"noopener\">Soundschool<\/a><\/b><\/p>\n  <\/div>\n\n  <div class=\"column\">\n    <h3>Schulsanit\u00e4tsdienst <\/h3>\n    <p><b><a href=\"https:\/\/www.brg9.at\/web\/?p=13379#jp-carousel-13381\" target=\"_blank\" rel=\"noopener\">Samariterbund<\/a> <\/b><\/p>\n  <\/div>\n\n  <div class=\"column\">\n    <h3>Informatik<\/h3>\n    <p><b><a href=\"https:\/\/www.ocg.at\/vis4schools\" target=\"_blank\" rel=\"noopener\">Vis4Schools<\/a> <\/b><\/p>\n    <p> \u00d6sterreichische Computergesellschaft <\/p>\n    <p>FH Technikum Wien<\/p>\n    <p>FH St P\u00f6lten <\/p>\n    <p>MUNI Masaryk <\/p>\n  <\/div>\n\n  <div class=\"column\">\n    <h3>Digitale Grundbildung<\/h3>\n    <p><b><a href=\"https:\/\/www.brg9.at\/web\/?page_id=14802\" target=\"_blank\" rel=\"noopener\">CosTechPlay<\/a><\/b><\/p>\n    <p>Zentrum f\u00fcr angewandte Spieleforschung <\/p>\n    <p>Universit\u00e4t f\u00fcr Weiterbildung Krems <\/p>\n  <\/div>\n\n  <div class=\"column\">\n    <h3>Geschichte und politische Bildung<\/h3>\n    <p><b><a href=\"https:\/\/www.brg9.at\/web\/?page_id=8596\" target=\"_blank\" rel=\"noopener\">Kooperationsschule der Universit\u00e4t Wien<\/a><\/b><\/p>\n  <\/div>\n<\/div><\/p>\n\n\n\n<p><\/p>\n\n\n\n<p>Zus\u00e4tzlich dazu kann ein schnellerer Lernrhythmus f\u00fcr Hochbegabte das fehlende Puzzlest\u00fcck darstellen. In der Oberstufe kann dieser Anspruch mithilfe des Modulsystems verwirklicht werden.<\/p>\n\n\n\n<h1>Beschleunigung &#8211; Acceleration<\/h1>\n\n\n\n<p>Ausgehend von den Kooperationen mit Universit\u00e4ten und Forschungsinstituten lernen Sch\u00fclerInnen des BRG 9 die universit\u00e4re Umgebung kennen. Einzelne absolvieren durch unsere Vermittlung im Sommer ein FFG-Praktikum an einer Forschungsinstitution, zum Beispiel am \u201eCenter for Medical Physics and Biomedical Engineering AKH Wien\u201c.<\/p>\n\n\n\n<p>Es kommt oft vor, dass durch diese Kontaktaufnahme oder nach Aufmunterung durch Lehrkr\u00e4fte Sch\u00fclerInnen im Rahmen des Projekts <strong>\u201eSch\u00fclerinnen und Sch\u00fcler an die Hochschulen\u201c<\/strong> Lehrveranstaltungen an der Universit\u00e4t bereits neben dem schulischen Alltag belegen und sich f\u00fcr ihr zuk\u00fcnftiges Studium anrechnen lassen k\u00f6nnen (Dreht\u00fcrmodell an einer au\u00dferschulischen Institution).<\/p>\n\n\n\n<p>In der Unterstufe ist das Dreht\u00fcrmodell im innerschulischen Bereich durch <strong>Schnuppern bei einer h\u00f6heren Schulstufe<\/strong> in einem bestimmten Unterrichtsfach implementiert.<\/p>\n\n\n\n<h3>Literatur<\/h3>\n\n\n\n<p>\u00d6ZBF, T. d., 2017. <em>Wege in der Begabungsf\u00f6rderung<\/em> 2. Auflage. Salzburg: \u00d6sterreichische Zentrum f\u00fcr Begabtenf\u00f6rderung und Begabungsforschung.<\/p>\n<div class=\"sharedaddy sd-sharing-enabled\"><div class=\"robots-nocontent sd-block sd-social sd-social-icon-text sd-sharing\"><h3 class=\"sd-title\">Diesen Inhalt teilen:<\/h3><div class=\"sd-content\"><ul><li class=\"share-facebook\"><a rel=\"nofollow noopener noreferrer\" data-shared=\"sharing-facebook-15812\" class=\"share-facebook sd-button share-icon\" href=\"https:\/\/www.brg9.at\/web\/?page_id=15812&amp;share=facebook\" target=\"_blank\" title=\"Klick, um auf Facebook zu teilen\"><span>Facebook<\/span><\/a><\/li><li class=\"share-jetpack-whatsapp\"><a rel=\"nofollow noopener noreferrer\" data-shared=\"\" class=\"share-jetpack-whatsapp sd-button share-icon\" href=\"https:\/\/www.brg9.at\/web\/?page_id=15812&amp;share=jetpack-whatsapp\" target=\"_blank\" title=\"Klicken, um auf WhatsApp zu teilen\"><span>WhatsApp<\/span><\/a><\/li><li class=\"share-print\"><a rel=\"nofollow noopener noreferrer\" data-shared=\"\" class=\"share-print sd-button share-icon\" href=\"https:\/\/www.brg9.at\/web\/?page_id=15812\" target=\"_blank\" title=\"Klicken zum Ausdrucken\"><span>Drucken<\/span><\/a><\/li><li class=\"share-end\"><\/li><\/ul><\/div><\/div><\/div>","protected":false},"excerpt":{"rendered":"<p>Begabungsf\u00f6rderung \u201eBegabungsf\u00f6rderung, die auch die Begabtenf\u00f6rderung inkludiert, zielt auf die Unterst\u00fctzung, F\u00f6rderung und Begleitung aller Sch\u00fclerInnen bei der ganzheitlichen Entwicklung ihrer Person und ihrer Leistungspotenziale. Im Sinne der Chancengerechtigkeit hat die Schule die grunds\u00e4tzliche Aufgabe, alle Lernenden in ihrer Potenzialentwicklung zu unterst\u00fctzen.\u201c Begabtenf\u00f6rderung zielt \u201eauf die spezielle F\u00f6rderung von Sch\u00fclerinnen und Sch\u00fclern mit hoher Leistungsf\u00e4higkeit &hellip; <a href=\"https:\/\/www.brg9.at\/web\/?page_id=15812\" class=\"more-link\"><span class=\"screen-reader-text\">&#8222;Begabten- und Begabungsf\u00f6rderung&#8220; <\/span>weiterlesen<\/a><\/p>\n<div class=\"sharedaddy sd-sharing-enabled\"><div class=\"robots-nocontent sd-block sd-social sd-social-icon-text sd-sharing\"><h3 class=\"sd-title\">Diesen Inhalt teilen:<\/h3><div class=\"sd-content\"><ul><li class=\"share-facebook\"><a rel=\"nofollow noopener noreferrer\" data-shared=\"sharing-facebook-15812\" class=\"share-facebook sd-button share-icon\" href=\"https:\/\/www.brg9.at\/web\/?page_id=15812&amp;share=facebook\" target=\"_blank\" title=\"Klick, um auf Facebook zu teilen\"><span>Facebook<\/span><\/a><\/li><li class=\"share-jetpack-whatsapp\"><a rel=\"nofollow noopener noreferrer\" data-shared=\"\" class=\"share-jetpack-whatsapp sd-button share-icon\" href=\"https:\/\/www.brg9.at\/web\/?page_id=15812&amp;share=jetpack-whatsapp\" target=\"_blank\" title=\"Klicken, um auf WhatsApp zu teilen\"><span>WhatsApp<\/span><\/a><\/li><li class=\"share-print\"><a rel=\"nofollow noopener noreferrer\" data-shared=\"\" class=\"share-print sd-button share-icon\" href=\"https:\/\/www.brg9.at\/web\/?page_id=15812\" target=\"_blank\" title=\"Klicken zum Ausdrucken\"><span>Drucken<\/span><\/a><\/li><li class=\"share-end\"><\/li><\/ul><\/div><\/div><\/div>","protected":false},"author":15,"featured_media":0,"parent":0,"menu_order":0,"comment_status":"closed","ping_status":"closed","template":"","meta":{"ngg_post_thumbnail":0,"spay_email":""},"yoast_head":"<!-- This site is optimized with the Yoast SEO plugin v16.2 - https:\/\/yoast.com\/wordpress\/plugins\/seo\/ -->\n<title>Begabten- und Begabungsf\u00f6rderung &raquo; BRG9, Erich Fried Realgymnasium<\/title>\n<meta name=\"robots\" content=\"index, follow, max-snippet:-1, max-image-preview:large, max-video-preview:-1\" \/>\n<link rel=\"canonical\" href=\"https:\/\/www.brg9.at\/web\/?page_id=15812\" \/>\n<meta property=\"og:locale\" content=\"de_DE\" \/>\n<meta property=\"og:type\" content=\"article\" \/>\n<meta property=\"og:title\" content=\"Begabten- und Begabungsf\u00f6rderung &raquo; BRG9, Erich Fried Realgymnasium\" \/>\n<meta property=\"og:description\" content=\"Begabungsf\u00f6rderung \u201eBegabungsf\u00f6rderung, die auch die Begabtenf\u00f6rderung inkludiert, zielt auf die Unterst\u00fctzung, F\u00f6rderung und Begleitung aller Sch\u00fclerInnen bei der ganzheitlichen Entwicklung ihrer Person und ihrer Leistungspotenziale. Im Sinne der Chancengerechtigkeit hat die Schule die grunds\u00e4tzliche Aufgabe, alle Lernenden in ihrer Potenzialentwicklung zu unterst\u00fctzen.\u201c Begabtenf\u00f6rderung zielt \u201eauf die spezielle F\u00f6rderung von Sch\u00fclerinnen und Sch\u00fclern mit hoher Leistungsf\u00e4higkeit &hellip; &#8222;Begabten- und Begabungsf\u00f6rderung&#8220; weiterlesen\" \/>\n<meta property=\"og:url\" content=\"https:\/\/www.brg9.at\/web\/?page_id=15812\" \/>\n<meta property=\"og:site_name\" content=\"BRG9, Erich Fried Realgymnasium\" \/>\n<meta property=\"article:modified_time\" content=\"2025-09-24T07:49:59+00:00\" \/>\n<meta property=\"og:image\" content=\"https:\/\/www.brg9.at\/web\/wp-content\/uploads\/2016\/02\/brg9_solo_rgb_share.jpg\" \/>\n\t<meta property=\"og:image:width\" content=\"800\" \/>\n\t<meta property=\"og:image:height\" content=\"600\" \/>\n<meta name=\"twitter:card\" content=\"summary\" \/>\n<meta name=\"twitter:label1\" content=\"Gesch\u00e4tzte Lesezeit\">\n\t<meta name=\"twitter:data1\" content=\"3 Minuten\">\n<script type=\"application\/ld+json\" class=\"yoast-schema-graph\">{\"@context\":\"https:\/\/schema.org\",\"@graph\":[{\"@type\":\"WebSite\",\"@id\":\"https:\/\/www.brg9.at\/web\/#website\",\"url\":\"https:\/\/www.brg9.at\/web\/\",\"name\":\"BRG9, Erich Fried Realgymnasium\",\"description\":\"Die Website des BRG9 - Erich Fried Realgymnasium. Wien 9, Glasergasse 25.\",\"potentialAction\":[{\"@type\":\"SearchAction\",\"target\":\"https:\/\/www.brg9.at\/web\/?s={search_term_string}\",\"query-input\":\"required name=search_term_string\"}],\"inLanguage\":\"de-DE\"},{\"@type\":\"WebPage\",\"@id\":\"https:\/\/www.brg9.at\/web\/?page_id=15812#webpage\",\"url\":\"https:\/\/www.brg9.at\/web\/?page_id=15812\",\"name\":\"Begabten- und Begabungsf\\u00f6rderung &raquo; BRG9, Erich Fried Realgymnasium\",\"isPartOf\":{\"@id\":\"https:\/\/www.brg9.at\/web\/#website\"},\"datePublished\":\"2025-06-08T20:35:28+00:00\",\"dateModified\":\"2025-09-24T07:49:59+00:00\",\"breadcrumb\":{\"@id\":\"https:\/\/www.brg9.at\/web\/?page_id=15812#breadcrumb\"},\"inLanguage\":\"de-DE\",\"potentialAction\":[{\"@type\":\"ReadAction\",\"target\":[\"https:\/\/www.brg9.at\/web\/?page_id=15812\"]}]},{\"@type\":\"BreadcrumbList\",\"@id\":\"https:\/\/www.brg9.at\/web\/?page_id=15812#breadcrumb\",\"itemListElement\":[{\"@type\":\"ListItem\",\"position\":1,\"item\":{\"@type\":\"WebPage\",\"@id\":\"https:\/\/www.brg9.at\/web\/\",\"url\":\"https:\/\/www.brg9.at\/web\/\",\"name\":\"Home\"}},{\"@type\":\"ListItem\",\"position\":2,\"item\":{\"@id\":\"https:\/\/www.brg9.at\/web\/?page_id=15812#webpage\"}}]}]}<\/script>\n<!-- \/ Yoast SEO plugin. -->","jetpack_sharing_enabled":true,"_links":{"self":[{"href":"https:\/\/www.brg9.at\/web\/index.php?rest_route=\/wp\/v2\/pages\/15812"}],"collection":[{"href":"https:\/\/www.brg9.at\/web\/index.php?rest_route=\/wp\/v2\/pages"}],"about":[{"href":"https:\/\/www.brg9.at\/web\/index.php?rest_route=\/wp\/v2\/types\/page"}],"author":[{"embeddable":true,"href":"https:\/\/www.brg9.at\/web\/index.php?rest_route=\/wp\/v2\/users\/15"}],"replies":[{"embeddable":true,"href":"https:\/\/www.brg9.at\/web\/index.php?rest_route=%2Fwp%2Fv2%2Fcomments&post=15812"}],"version-history":[{"count":21,"href":"https:\/\/www.brg9.at\/web\/index.php?rest_route=\/wp\/v2\/pages\/15812\/revisions"}],"predecessor-version":[{"id":16329,"href":"https:\/\/www.brg9.at\/web\/index.php?rest_route=\/wp\/v2\/pages\/15812\/revisions\/16329"}],"wp:attachment":[{"href":"https:\/\/www.brg9.at\/web\/index.php?rest_route=%2Fwp%2Fv2%2Fmedia&parent=15812"}],"curies":[{"name":"wp","href":"https:\/\/api.w.org\/{rel}","templated":true}]}}