{"id":4280,"date":"2020-05-11T21:00:52","date_gmt":"2020-05-11T19:00:52","guid":{"rendered":"https:\/\/www.brg9.at\/web\/?page_id=4280"},"modified":"2024-12-09T10:30:35","modified_gmt":"2024-12-09T09:30:35","slug":"geschichte","status":"publish","type":"page","link":"https:\/\/www.brg9.at\/web\/?page_id=4280","title":{"rendered":"Geschichte"},"content":{"rendered":"\n<p>Als &#8222;K. K. Staatsrealschule im IX. Wiener\nGemeindebezirk&#8220; mit 120 Sch\u00fclern, die in drei Parallelklassen unterrichtet\nwurden, am 20. 9. 1904 er\u00f6ffnet.<\/p>\n\n\n\n<div class=\"wp-block-image\"><figure class=\"aligncenter\"><img data-attachment-id=\"4284\" data-permalink=\"https:\/\/www.brg9.at\/web\/?attachment_id=4284\" data-orig-file=\"https:\/\/www.brg9.at\/web\/wp-content\/uploads\/2020\/05\/glaser2.jpg\" data-orig-size=\"407,627\" data-comments-opened=\"0\" data-image-meta=\"{&quot;aperture&quot;:&quot;0&quot;,&quot;credit&quot;:&quot;&quot;,&quot;camera&quot;:&quot;&quot;,&quot;caption&quot;:&quot;&quot;,&quot;created_timestamp&quot;:&quot;0&quot;,&quot;copyright&quot;:&quot;&quot;,&quot;focal_length&quot;:&quot;0&quot;,&quot;iso&quot;:&quot;0&quot;,&quot;shutter_speed&quot;:&quot;0&quot;,&quot;title&quot;:&quot;&quot;,&quot;orientation&quot;:&quot;0&quot;}\" data-image-title=\"glaser2\" data-image-description=\"\" data-medium-file=\"https:\/\/www.brg9.at\/web\/wp-content\/uploads\/2020\/05\/glaser2-389x600.jpg\" data-large-file=\"https:\/\/www.brg9.at\/web\/wp-content\/uploads\/2020\/05\/glaser2.jpg\" loading=\"lazy\" width=\"407\" height=\"627\" src=\"https:\/\/www.brg9.at\/web\/wp-content\/uploads\/2020\/05\/glaser2.jpg\" alt=\"\" class=\"wp-image-4284\" srcset=\"https:\/\/www.brg9.at\/web\/wp-content\/uploads\/2020\/05\/glaser2.jpg 407w, https:\/\/www.brg9.at\/web\/wp-content\/uploads\/2020\/05\/glaser2-389x600.jpg 389w\" sizes=\"(max-width: 407px) 85vw, 407px\" \/><figcaption><em> Holzschnitt von Prof. Otto Feil<\/em><\/figcaption><\/figure><\/div>\n\n\n\n<p>Zun\u00e4chst in der Schubertschule Gr\u00fcnentorgasse 11 untergebracht (heute Volksschule). 1909 \u00fcbersiedelten die nun schon sechs Jahrg\u00e4nge, die zusammen 400 Sch\u00fcler z\u00e4hlten, in das neue Geb\u00e4ude Glasergasse 25. 1919 erstmals Aufnahme von M\u00e4dchen.<\/p>\n\n\n\n<div class=\"wp-block-image\"><figure class=\"aligncenter\"><img data-attachment-id=\"4286\" data-permalink=\"https:\/\/www.brg9.at\/web\/?attachment_id=4286\" data-orig-file=\"https:\/\/www.brg9.at\/web\/wp-content\/uploads\/2020\/05\/glaser.jpg\" data-orig-size=\"453,294\" data-comments-opened=\"0\" data-image-meta=\"{&quot;aperture&quot;:&quot;0&quot;,&quot;credit&quot;:&quot;&quot;,&quot;camera&quot;:&quot;&quot;,&quot;caption&quot;:&quot;&quot;,&quot;created_timestamp&quot;:&quot;0&quot;,&quot;copyright&quot;:&quot;&quot;,&quot;focal_length&quot;:&quot;0&quot;,&quot;iso&quot;:&quot;0&quot;,&quot;shutter_speed&quot;:&quot;0&quot;,&quot;title&quot;:&quot;&quot;,&quot;orientation&quot;:&quot;0&quot;}\" data-image-title=\"glaser\" data-image-description=\"\" data-medium-file=\"https:\/\/www.brg9.at\/web\/wp-content\/uploads\/2020\/05\/glaser.jpg\" data-large-file=\"https:\/\/www.brg9.at\/web\/wp-content\/uploads\/2020\/05\/glaser.jpg\" loading=\"lazy\" width=\"453\" height=\"294\" src=\"https:\/\/www.brg9.at\/web\/wp-content\/uploads\/2020\/05\/glaser.jpg\" alt=\"\" class=\"wp-image-4286\"\/><figcaption> <em>Glasergasse&nbsp;Ecke Rossauer L\u00e4nde, links das heutige Erich Fried Realgymnasium, vermutlich Ende der 20er Jahre<\/em> <\/figcaption><\/figure><\/div>\n\n\n\n<div class=\"wp-block-image\"><figure class=\"aligncenter\"><img data-attachment-id=\"4287\" data-permalink=\"https:\/\/www.brg9.at\/web\/?attachment_id=4287\" data-orig-file=\"https:\/\/www.brg9.at\/web\/wp-content\/uploads\/2020\/05\/lehrer1908.jpg\" data-orig-size=\"526,311\" data-comments-opened=\"0\" data-image-meta=\"{&quot;aperture&quot;:&quot;0&quot;,&quot;credit&quot;:&quot;&quot;,&quot;camera&quot;:&quot;&quot;,&quot;caption&quot;:&quot;&quot;,&quot;created_timestamp&quot;:&quot;0&quot;,&quot;copyright&quot;:&quot;&quot;,&quot;focal_length&quot;:&quot;0&quot;,&quot;iso&quot;:&quot;0&quot;,&quot;shutter_speed&quot;:&quot;0&quot;,&quot;title&quot;:&quot;&quot;,&quot;orientation&quot;:&quot;0&quot;}\" data-image-title=\"lehrer1908\" data-image-description=\"\" data-medium-file=\"https:\/\/www.brg9.at\/web\/wp-content\/uploads\/2020\/05\/lehrer1908.jpg\" data-large-file=\"https:\/\/www.brg9.at\/web\/wp-content\/uploads\/2020\/05\/lehrer1908.jpg\" loading=\"lazy\" width=\"526\" height=\"311\" src=\"https:\/\/www.brg9.at\/web\/wp-content\/uploads\/2020\/05\/lehrer1908.jpg\" alt=\"\" class=\"wp-image-4287\"\/><figcaption><em> Lehrk\u00f6rper im Jahr 1908 <\/em><\/figcaption><\/figure><\/div>\n\n\n\n<div class=\"wp-block-image\"><figure class=\"aligncenter\"><img data-attachment-id=\"4288\" data-permalink=\"https:\/\/www.brg9.at\/web\/?attachment_id=4288\" data-orig-file=\"https:\/\/www.brg9.at\/web\/wp-content\/uploads\/2020\/05\/lehrer55.jpg\" data-orig-size=\"591,359\" data-comments-opened=\"0\" data-image-meta=\"{&quot;aperture&quot;:&quot;0&quot;,&quot;credit&quot;:&quot;&quot;,&quot;camera&quot;:&quot;&quot;,&quot;caption&quot;:&quot;&quot;,&quot;created_timestamp&quot;:&quot;0&quot;,&quot;copyright&quot;:&quot;&quot;,&quot;focal_length&quot;:&quot;0&quot;,&quot;iso&quot;:&quot;0&quot;,&quot;shutter_speed&quot;:&quot;0&quot;,&quot;title&quot;:&quot;&quot;,&quot;orientation&quot;:&quot;0&quot;}\" data-image-title=\"lehrer55\" data-image-description=\"\" data-medium-file=\"https:\/\/www.brg9.at\/web\/wp-content\/uploads\/2020\/05\/lehrer55.jpg\" data-large-file=\"https:\/\/www.brg9.at\/web\/wp-content\/uploads\/2020\/05\/lehrer55.jpg\" loading=\"lazy\" width=\"591\" height=\"359\" src=\"https:\/\/www.brg9.at\/web\/wp-content\/uploads\/2020\/05\/lehrer55.jpg\" alt=\"\" class=\"wp-image-4288\"\/><figcaption> <em>Lehrk\u00f6rper im Jahr 1965\/66<\/em> <\/figcaption><\/figure><\/div>\n\n\n\n<p>Traditionell hoher Anteil mosaischer Sch\u00fcler &#8211; die\nSch\u00fclerzahl sank von 529 im Schuljahr 1937\/38 auf weniger als die H\u00e4lfte\n1940\/41 (zwangsweise Verlegung an die Realschule 1, Schottenbastei; rassische\nVerfolgung, Auswanderungen).<\/p>\n\n\n\n<p>1943 Verlegung der gesamten Anstalt, die rasant sinkende Sch\u00fcler- und Lehrerzahlen zu verzeichnen hatte (Vorverlegung der Matura um ein Jahr, Einberufung von Sch\u00fclern zu den Luftwaffenhelfern und zum Reichsarbeitsdienst, Landverschickung, Verpflichtung der Lehrer zu verschiedenen Kriegsdiensten), in das Geb\u00e4ude 20, Unterbergergasse 1. Das Haus Glasergasse 25 war nunmehr Quartier der Luftschutzpolizei. Kriegsbilanz des Geb\u00e4udes: elf Granattreffer, durch einen Deckeneinsturz obere Stockwerke unzug\u00e4nglich, drei Blindg\u00e4nger.<\/p>\n\n\n\n<p>Anfang Juli 1945 Aufnahme eines Notunterrichts in der &#8222;Bundesrealschule IX&#8220;. Neues Schuljahr im September 1945 mit acht Klassen, acht (!) Lehrern und 213 Sch\u00fclern er\u00f6ffnet. 1949\/50 nach neunj\u00e4hriger Unterbrechung wieder Aufnahme von M\u00e4dchen. Seit 1964 &#8222;Bundesrealgymnasium Wien IX&#8220;.<\/p>\n\n\n\n<div class=\"wp-block-image\"><figure class=\"aligncenter\"><img data-attachment-id=\"4289\" data-permalink=\"https:\/\/www.brg9.at\/web\/?attachment_id=4289\" data-orig-file=\"https:\/\/www.brg9.at\/web\/wp-content\/uploads\/2020\/05\/glaser3.jpg\" data-orig-size=\"545,826\" data-comments-opened=\"0\" data-image-meta=\"{&quot;aperture&quot;:&quot;0&quot;,&quot;credit&quot;:&quot;&quot;,&quot;camera&quot;:&quot;&quot;,&quot;caption&quot;:&quot;&quot;,&quot;created_timestamp&quot;:&quot;0&quot;,&quot;copyright&quot;:&quot;&quot;,&quot;focal_length&quot;:&quot;0&quot;,&quot;iso&quot;:&quot;0&quot;,&quot;shutter_speed&quot;:&quot;0&quot;,&quot;title&quot;:&quot;&quot;,&quot;orientation&quot;:&quot;0&quot;}\" data-image-title=\"glaser3\" data-image-description=\"\" data-medium-file=\"https:\/\/www.brg9.at\/web\/wp-content\/uploads\/2020\/05\/glaser3-396x600.jpg\" data-large-file=\"https:\/\/www.brg9.at\/web\/wp-content\/uploads\/2020\/05\/glaser3.jpg\" loading=\"lazy\" width=\"545\" height=\"826\" src=\"https:\/\/www.brg9.at\/web\/wp-content\/uploads\/2020\/05\/glaser3.jpg\" alt=\"\" class=\"wp-image-4289\" srcset=\"https:\/\/www.brg9.at\/web\/wp-content\/uploads\/2020\/05\/glaser3.jpg 545w, https:\/\/www.brg9.at\/web\/wp-content\/uploads\/2020\/05\/glaser3-396x600.jpg 396w\" sizes=\"(max-width: 545px) 85vw, 545px\" \/><figcaption> <em>Die Bundesrealschule IX<\/em> <\/figcaption><\/figure><\/div>\n\n\n\n<p>Im November 1998 nach dem Dichter Erich Fried benannt, der\nunweit der Schule (Alserbachstra\u00dfe 11) gewohnt hat.<\/p>\n\n\n\n<p>Im typischen Stil der Jahrhundertwende errichteter Bau. Insbesondere Aula und Stiegenhaus Jugendstil. Urspr\u00fcnglich 14 Klassenzimmer; eigener Turnsaaltrakt an der Hinterseite des Geb\u00e4udes angeschlossen; er war urspr\u00fcnglich als Basis eines aufzusetzenden gro\u00dfen Festsaals gedacht, der aber aus statischen Bedenken verworfen wurde. Gedenktafeln: f\u00fcr Erich Fried (an der Au\u00dfenfassade), f\u00fcr die 1938 vertriebenen oder ermordeten Sch\u00fcler (in der Aula), beide angebracht im November 1998.<\/p>\n\n\n\n<div class=\"wp-block-image\"><figure class=\"aligncenter\"><img data-attachment-id=\"4290\" data-permalink=\"https:\/\/www.brg9.at\/web\/?attachment_id=4290\" data-orig-file=\"https:\/\/www.brg9.at\/web\/wp-content\/uploads\/2020\/05\/gedenk.jpg\" data-orig-size=\"407,299\" data-comments-opened=\"0\" data-image-meta=\"{&quot;aperture&quot;:&quot;0&quot;,&quot;credit&quot;:&quot;&quot;,&quot;camera&quot;:&quot;&quot;,&quot;caption&quot;:&quot;&quot;,&quot;created_timestamp&quot;:&quot;0&quot;,&quot;copyright&quot;:&quot;&quot;,&quot;focal_length&quot;:&quot;0&quot;,&quot;iso&quot;:&quot;0&quot;,&quot;shutter_speed&quot;:&quot;0&quot;,&quot;title&quot;:&quot;&quot;,&quot;orientation&quot;:&quot;0&quot;}\" data-image-title=\"gedenk\" data-image-description=\"\" data-medium-file=\"https:\/\/www.brg9.at\/web\/wp-content\/uploads\/2020\/05\/gedenk.jpg\" data-large-file=\"https:\/\/www.brg9.at\/web\/wp-content\/uploads\/2020\/05\/gedenk.jpg\" loading=\"lazy\" width=\"407\" height=\"299\" src=\"https:\/\/www.brg9.at\/web\/wp-content\/uploads\/2020\/05\/gedenk.jpg\" alt=\"\" class=\"wp-image-4290\"\/><figcaption> <em>Gedenktafel in der Aula<\/em> <\/figcaption><\/figure><\/div>\n\n\n\n<figure class=\"wp-block-image\"><img data-attachment-id=\"4291\" data-permalink=\"https:\/\/www.brg9.at\/web\/?attachment_id=4291\" data-orig-file=\"https:\/\/www.brg9.at\/web\/wp-content\/uploads\/2020\/05\/efrg.jpg\" data-orig-size=\"864,1152\" data-comments-opened=\"0\" data-image-meta=\"{&quot;aperture&quot;:&quot;0&quot;,&quot;credit&quot;:&quot;&quot;,&quot;camera&quot;:&quot;&quot;,&quot;caption&quot;:&quot;&quot;,&quot;created_timestamp&quot;:&quot;0&quot;,&quot;copyright&quot;:&quot;&quot;,&quot;focal_length&quot;:&quot;0&quot;,&quot;iso&quot;:&quot;0&quot;,&quot;shutter_speed&quot;:&quot;0&quot;,&quot;title&quot;:&quot;&quot;,&quot;orientation&quot;:&quot;0&quot;}\" data-image-title=\"efrg\" data-image-description=\"\" data-medium-file=\"https:\/\/www.brg9.at\/web\/wp-content\/uploads\/2020\/05\/efrg-450x600.jpg\" data-large-file=\"https:\/\/www.brg9.at\/web\/wp-content\/uploads\/2020\/05\/efrg-768x1024.jpg\" loading=\"lazy\" width=\"768\" height=\"1024\" src=\"https:\/\/www.brg9.at\/web\/wp-content\/uploads\/2020\/05\/efrg-768x1024.jpg\" alt=\"\" class=\"wp-image-4291\" srcset=\"https:\/\/www.brg9.at\/web\/wp-content\/uploads\/2020\/05\/efrg-768x1024.jpg 768w, https:\/\/www.brg9.at\/web\/wp-content\/uploads\/2020\/05\/efrg-450x600.jpg 450w, https:\/\/www.brg9.at\/web\/wp-content\/uploads\/2020\/05\/efrg.jpg 864w\" sizes=\"(max-width: 768px) 85vw, 768px\" \/><figcaption> <em>Das Erich Fried Realgymnasium 2001<\/em> <\/figcaption><\/figure>\n<div class=\"sharedaddy sd-sharing-enabled\"><div class=\"robots-nocontent sd-block sd-social sd-social-icon-text sd-sharing\"><h3 class=\"sd-title\">Diesen Inhalt teilen:<\/h3><div class=\"sd-content\"><ul><li class=\"share-facebook\"><a rel=\"nofollow noopener noreferrer\" data-shared=\"sharing-facebook-4280\" class=\"share-facebook sd-button share-icon\" href=\"https:\/\/www.brg9.at\/web\/?page_id=4280&amp;share=facebook\" target=\"_blank\" title=\"Klick, um auf Facebook zu teilen\"><span>Facebook<\/span><\/a><\/li><li class=\"share-jetpack-whatsapp\"><a rel=\"nofollow noopener noreferrer\" data-shared=\"\" class=\"share-jetpack-whatsapp sd-button share-icon\" href=\"https:\/\/www.brg9.at\/web\/?page_id=4280&amp;share=jetpack-whatsapp\" target=\"_blank\" title=\"Klicken, um auf WhatsApp zu teilen\"><span>WhatsApp<\/span><\/a><\/li><li class=\"share-print\"><a rel=\"nofollow noopener noreferrer\" data-shared=\"\" class=\"share-print sd-button share-icon\" href=\"https:\/\/www.brg9.at\/web\/?page_id=4280\" target=\"_blank\" title=\"Klicken zum Ausdrucken\"><span>Drucken<\/span><\/a><\/li><li class=\"share-end\"><\/li><\/ul><\/div><\/div><\/div>","protected":false},"excerpt":{"rendered":"<p>Als &#8222;K. K. Staatsrealschule im IX. Wiener Gemeindebezirk&#8220; mit 120 Sch\u00fclern, die in drei Parallelklassen unterrichtet wurden, am 20. 9. 1904 er\u00f6ffnet. Zun\u00e4chst in der Schubertschule Gr\u00fcnentorgasse 11 untergebracht (heute Volksschule). 1909 \u00fcbersiedelten die nun schon sechs Jahrg\u00e4nge, die zusammen 400 Sch\u00fcler z\u00e4hlten, in das neue Geb\u00e4ude Glasergasse 25. 1919 erstmals Aufnahme von M\u00e4dchen. Traditionell &hellip; <a href=\"https:\/\/www.brg9.at\/web\/?page_id=4280\" class=\"more-link\"><span class=\"screen-reader-text\">&#8222;Geschichte&#8220; <\/span>weiterlesen<\/a><\/p>\n<div class=\"sharedaddy sd-sharing-enabled\"><div class=\"robots-nocontent sd-block sd-social sd-social-icon-text sd-sharing\"><h3 class=\"sd-title\">Diesen Inhalt teilen:<\/h3><div class=\"sd-content\"><ul><li class=\"share-facebook\"><a rel=\"nofollow noopener noreferrer\" data-shared=\"sharing-facebook-4280\" class=\"share-facebook sd-button share-icon\" href=\"https:\/\/www.brg9.at\/web\/?page_id=4280&amp;share=facebook\" target=\"_blank\" title=\"Klick, um auf Facebook zu teilen\"><span>Facebook<\/span><\/a><\/li><li class=\"share-jetpack-whatsapp\"><a rel=\"nofollow noopener noreferrer\" data-shared=\"\" class=\"share-jetpack-whatsapp sd-button share-icon\" href=\"https:\/\/www.brg9.at\/web\/?page_id=4280&amp;share=jetpack-whatsapp\" target=\"_blank\" title=\"Klicken, um auf WhatsApp zu teilen\"><span>WhatsApp<\/span><\/a><\/li><li class=\"share-print\"><a rel=\"nofollow noopener noreferrer\" data-shared=\"\" class=\"share-print sd-button share-icon\" href=\"https:\/\/www.brg9.at\/web\/?page_id=4280\" target=\"_blank\" title=\"Klicken zum Ausdrucken\"><span>Drucken<\/span><\/a><\/li><li class=\"share-end\"><\/li><\/ul><\/div><\/div><\/div>","protected":false},"author":7,"featured_media":0,"parent":0,"menu_order":0,"comment_status":"closed","ping_status":"closed","template":"","meta":{"ngg_post_thumbnail":0,"spay_email":""},"yoast_head":"<!-- This site is optimized with the Yoast SEO plugin v16.2 - https:\/\/yoast.com\/wordpress\/plugins\/seo\/ -->\n<title>Geschichte &raquo; BRG9, Erich Fried Realgymnasium<\/title>\n<meta name=\"robots\" content=\"index, follow, max-snippet:-1, max-image-preview:large, max-video-preview:-1\" \/>\n<link rel=\"canonical\" href=\"https:\/\/www.brg9.at\/web\/?page_id=4280\" \/>\n<meta property=\"og:locale\" content=\"de_DE\" \/>\n<meta property=\"og:type\" content=\"article\" \/>\n<meta property=\"og:title\" content=\"Geschichte &raquo; BRG9, Erich Fried Realgymnasium\" \/>\n<meta property=\"og:description\" content=\"Als &#8222;K. K. Staatsrealschule im IX. Wiener Gemeindebezirk&#8220; mit 120 Sch\u00fclern, die in drei Parallelklassen unterrichtet wurden, am 20. 9. 1904 er\u00f6ffnet. Zun\u00e4chst in der Schubertschule Gr\u00fcnentorgasse 11 untergebracht (heute Volksschule). 1909 \u00fcbersiedelten die nun schon sechs Jahrg\u00e4nge, die zusammen 400 Sch\u00fcler z\u00e4hlten, in das neue Geb\u00e4ude Glasergasse 25. 1919 erstmals Aufnahme von M\u00e4dchen. Traditionell &hellip; &#8222;Geschichte&#8220; weiterlesen\" \/>\n<meta property=\"og:url\" content=\"https:\/\/www.brg9.at\/web\/?page_id=4280\" \/>\n<meta property=\"og:site_name\" content=\"BRG9, Erich Fried Realgymnasium\" \/>\n<meta property=\"article:modified_time\" content=\"2024-12-09T09:30:35+00:00\" \/>\n<meta property=\"og:image\" content=\"https:\/\/www.brg9.at\/web\/wp-content\/uploads\/2020\/05\/glaser2.jpg\" \/>\n<meta name=\"twitter:card\" content=\"summary\" \/>\n<meta name=\"twitter:label1\" content=\"Gesch\u00e4tzte Lesezeit\">\n\t<meta name=\"twitter:data1\" content=\"3 Minuten\">\n<script type=\"application\/ld+json\" class=\"yoast-schema-graph\">{\"@context\":\"https:\/\/schema.org\",\"@graph\":[{\"@type\":\"WebSite\",\"@id\":\"https:\/\/www.brg9.at\/web\/#website\",\"url\":\"https:\/\/www.brg9.at\/web\/\",\"name\":\"BRG9, Erich Fried Realgymnasium\",\"description\":\"Die Website des BRG9 - Erich Fried Realgymnasium. Wien 9, Glasergasse 25.\",\"potentialAction\":[{\"@type\":\"SearchAction\",\"target\":\"https:\/\/www.brg9.at\/web\/?s={search_term_string}\",\"query-input\":\"required name=search_term_string\"}],\"inLanguage\":\"de-DE\"},{\"@type\":\"ImageObject\",\"@id\":\"https:\/\/www.brg9.at\/web\/?page_id=4280#primaryimage\",\"inLanguage\":\"de-DE\",\"url\":\"https:\/\/www.brg9.at\/web\/wp-content\/uploads\/2020\/05\/glaser2.jpg\",\"contentUrl\":\"https:\/\/www.brg9.at\/web\/wp-content\/uploads\/2020\/05\/glaser2.jpg\",\"width\":407,\"height\":627},{\"@type\":\"WebPage\",\"@id\":\"https:\/\/www.brg9.at\/web\/?page_id=4280#webpage\",\"url\":\"https:\/\/www.brg9.at\/web\/?page_id=4280\",\"name\":\"Geschichte &raquo; BRG9, Erich Fried Realgymnasium\",\"isPartOf\":{\"@id\":\"https:\/\/www.brg9.at\/web\/#website\"},\"primaryImageOfPage\":{\"@id\":\"https:\/\/www.brg9.at\/web\/?page_id=4280#primaryimage\"},\"datePublished\":\"2020-05-11T19:00:52+00:00\",\"dateModified\":\"2024-12-09T09:30:35+00:00\",\"breadcrumb\":{\"@id\":\"https:\/\/www.brg9.at\/web\/?page_id=4280#breadcrumb\"},\"inLanguage\":\"de-DE\",\"potentialAction\":[{\"@type\":\"ReadAction\",\"target\":[\"https:\/\/www.brg9.at\/web\/?page_id=4280\"]}]},{\"@type\":\"BreadcrumbList\",\"@id\":\"https:\/\/www.brg9.at\/web\/?page_id=4280#breadcrumb\",\"itemListElement\":[{\"@type\":\"ListItem\",\"position\":1,\"item\":{\"@type\":\"WebPage\",\"@id\":\"https:\/\/www.brg9.at\/web\/\",\"url\":\"https:\/\/www.brg9.at\/web\/\",\"name\":\"Home\"}},{\"@type\":\"ListItem\",\"position\":2,\"item\":{\"@id\":\"https:\/\/www.brg9.at\/web\/?page_id=4280#webpage\"}}]}]}<\/script>\n<!-- \/ Yoast SEO plugin. -->","jetpack_sharing_enabled":true,"_links":{"self":[{"href":"https:\/\/www.brg9.at\/web\/index.php?rest_route=\/wp\/v2\/pages\/4280"}],"collection":[{"href":"https:\/\/www.brg9.at\/web\/index.php?rest_route=\/wp\/v2\/pages"}],"about":[{"href":"https:\/\/www.brg9.at\/web\/index.php?rest_route=\/wp\/v2\/types\/page"}],"author":[{"embeddable":true,"href":"https:\/\/www.brg9.at\/web\/index.php?rest_route=\/wp\/v2\/users\/7"}],"replies":[{"embeddable":true,"href":"https:\/\/www.brg9.at\/web\/index.php?rest_route=%2Fwp%2Fv2%2Fcomments&post=4280"}],"version-history":[{"count":5,"href":"https:\/\/www.brg9.at\/web\/index.php?rest_route=\/wp\/v2\/pages\/4280\/revisions"}],"predecessor-version":[{"id":14823,"href":"https:\/\/www.brg9.at\/web\/index.php?rest_route=\/wp\/v2\/pages\/4280\/revisions\/14823"}],"wp:attachment":[{"href":"https:\/\/www.brg9.at\/web\/index.php?rest_route=%2Fwp%2Fv2%2Fmedia&parent=4280"}],"curies":[{"name":"wp","href":"https:\/\/api.w.org\/{rel}","templated":true}]}}