{"id":442,"date":"2016-03-21T13:05:13","date_gmt":"2016-03-21T12:05:13","guid":{"rendered":"http:\/\/www.brg9.at\/web\/?page_id=442"},"modified":"2023-07-11T15:09:10","modified_gmt":"2023-07-11T13:09:10","slug":"direktor","status":"publish","type":"page","link":"https:\/\/www.brg9.at\/web\/?page_id=442","title":{"rendered":"Direktor"},"content":{"rendered":"<h1>Herzlich willkommen am Erich Fried Realgymnasium!<\/h1>\n<p>Sehr geehrte Damen und Herren!<\/p>\n<p>Liebe Sch\u00fclerinnen und Sch\u00fcler!<\/p>\n<p>Mein Name ist Andreas Obenaus, ich war 15 Jahre lang als AHS-Lehrer f\u00fcr die Unterrichtsf\u00e4cher Mathematik und Geschichte\/Sozialkunde\/Politische Bildung sowie anschlie\u00dfend f\u00fcr ein Jahr im Bundesministerium f\u00fcr Bildung, Wissenschaft und Forschung t\u00e4tig und stehe seit 1. September 2021 dem gro\u00dfartigen Team des Erich-Fried-Realgymnasiums als Schulleiter vor.&nbsp;<\/p>\n<p><a href=\"https:\/\/www.brg9.at\/web\/?attachment_id=8506\" rel=\"attachment wp-att-8506\"><img data-attachment-id=\"8506\" data-permalink=\"https:\/\/www.brg9.at\/web\/?attachment_id=8506\" data-orig-file=\"https:\/\/www.brg9.at\/web\/wp-content\/uploads\/2021\/09\/obenaus.jpg\" data-orig-size=\"500,667\" data-comments-opened=\"0\" data-image-meta=\"{&quot;aperture&quot;:&quot;2.4&quot;,&quot;credit&quot;:&quot;&quot;,&quot;camera&quot;:&quot;iPhone SE (1st generation)&quot;,&quot;caption&quot;:&quot;&quot;,&quot;created_timestamp&quot;:&quot;1629626561&quot;,&quot;copyright&quot;:&quot;&quot;,&quot;focal_length&quot;:&quot;2.15&quot;,&quot;iso&quot;:&quot;50&quot;,&quot;shutter_speed&quot;:&quot;0.02&quot;,&quot;title&quot;:&quot;&quot;,&quot;orientation&quot;:&quot;1&quot;}\" data-image-title=\"obenaus\" data-image-description=\"\" data-medium-file=\"https:\/\/www.brg9.at\/web\/wp-content\/uploads\/2021\/09\/obenaus-450x600.jpg\" data-large-file=\"https:\/\/www.brg9.at\/web\/wp-content\/uploads\/2021\/09\/obenaus.jpg\" loading=\"lazy\" class=\"aligncenter  wp-image-8506\" src=\"https:\/\/www.brg9.at\/web\/wp-content\/uploads\/2021\/09\/obenaus.jpg\" alt=\"\" width=\"197\" height=\"263\" srcset=\"https:\/\/www.brg9.at\/web\/wp-content\/uploads\/2021\/09\/obenaus.jpg 500w, https:\/\/www.brg9.at\/web\/wp-content\/uploads\/2021\/09\/obenaus-450x600.jpg 450w\" sizes=\"(max-width: 197px) 85vw, 197px\" \/><\/a><\/p>\n<p>Unsere Schule bietet ein umfassendes und hochqualifiziertes Bildungsangebot, das wir im Hinblick auf die Bed\u00fcrfnisse unserer Sch\u00fclerinnen und Sch\u00fcler sowie gem\u00e4\u00df den Vorgaben des zust\u00e4ndigen Bundesministeriums als auch der Bildungsdirektion st\u00e4ndig weiterentwickeln. Dar\u00fcber hinaus erhalten wir durch unsere Kooperationspartnern aus dem terti\u00e4ren Bildungsbereich immer wieder neue und forschungsgeleitete Denkanst\u00f6\u00dfe.<\/p>\n<p>Wir vermitteln unseren Sch\u00fclerinnen und Sch\u00fclern im Verlauf ihrer Schullaufbahn fundierte Allgemeinbildung auf Basis der Bildungsstandards, aber ebenso soziale und humanistische Schl\u00fcsselqualifikationen als auch geistige Flexibilit\u00e4t und Offenheit.<\/p>\n<p>In der als Realgymnasium gef\u00fchrten&nbsp;<a href=\"https:\/\/www.brg9.at\/web\/?page_id=46\">Unterstufe&nbsp;<\/a>setzen wir die Schwerpunkte&nbsp;LANGUAGE \u2013 SCIENCE \u2013 PROJECTS, erg\u00e4nzt um ein durchg\u00e4ngiges Programm zur&nbsp;INFORMATIONS- und KOMMUNIKATIONSTECHNOLOGIE, welches auf die Anforderungen und Herausforderungen moderner Ausbildung abgestimmt ist. Speziell f\u00fcr Sch\u00fclerinnen und Sch\u00fcler der Unterstufe mit berufst\u00e4tigen Eltern bieten wir bei Bedarf eine (kostenpflichtige) Nachmittagsbetreuung an, die l\u00e4ngstens bis 17 Uhr dauert und Essen, Freizeit, Lernbetreuung sowie verschiedene Zusatzangebote umfasst.<\/p>\n<p>In der als Realgymnasium bzw. als wirtschaftskundliches Realgymnasium gef\u00fchrten Oberstufe haben wir uns bereits vor vielen Jahren als eine der ersten Schulen \u00d6sterreichs f\u00fcr das inzwischen sehr bew\u00e4hrte Modell einer&nbsp;<a href=\"https:\/\/www.brg9.at\/web\/?page_id=340\">Modularen Oberstufe<\/a>&nbsp;entschieden. Damit bieten wir unseren Sch\u00fclerinnen und Sch\u00fclern eine zukunftsorientierte und individuell gestaltbare Vorbereitung sowohl f\u00fcr ein Hochschulstudium als auch f\u00fcr einen Einstieg ins Berufsleben an.<\/p>\n<p>Alle unsere Klassen und Sonderunterrichtsr\u00e4ume sind modern und multimedial ausgestattet und erm\u00f6glichen optimale Unterrichtsunterst\u00fctzung.<\/p>\n<p>Aufgrund der durch die Corona-Pandemie verursachten besonderen Umst\u00e4nde lag unser Fokus zuletzt darauf, ein qualitativ hochwertiges Distancelearning f\u00fcr alle Sch\u00fclerinnen und Sch\u00fcler zu erm\u00f6glichen. Unsere Schule hat sich f\u00fcr die Plattform Eduvidual entschieden, \u00fcber die moderner Unterricht im \u201eErnstfall\u201c jederzeit online ablaufen kann. Wir hoffen jedoch sehr, unsere Sch\u00fclerinnen und Sch\u00fcler in den kommenden Schuljahren prim\u00e4r im Regelunterricht am Schulstandort begr\u00fc\u00dfen zu d\u00fcrfen.<\/p>\n<p>Egal in welcher Form der Unterricht jedoch auch stattfinden mag, uns ist immer bewusst, dass die uns anvertrauten Kinder und Jugendlichen im Mittelpunkt stehen und die Tragf\u00e4higkeit der menschlichen Beziehungen wichtigste Grundlage erfolgreicher Zusammenarbeit ist.<\/p>\n<p>Sollten Sie an weiteren Informationen, Beispielen und Details zu unserer Arbeit interessiert sein, dann lesen Sie bitte auf unserer Homepage weiter oder kontaktieren Sie bei konkreten Fragen unser Team.<\/p>\n<p>Mit freundlichen Gr\u00fc\u00dfen!<\/p>\n<p>Andreas Obenaus<\/p>\n","protected":false},"excerpt":{"rendered":"<p>&#8211;<\/p>\n","protected":false},"author":4,"featured_media":0,"parent":0,"menu_order":0,"comment_status":"closed","ping_status":"closed","template":"","meta":{"ngg_post_thumbnail":0,"spay_email":""},"yoast_head":"<!-- This site is optimized with the Yoast SEO plugin v16.2 - https:\/\/yoast.com\/wordpress\/plugins\/seo\/ -->\n<title>Direktor &raquo; BRG9, Erich Fried Realgymnasium<\/title>\n<meta name=\"robots\" content=\"index, follow, max-snippet:-1, max-image-preview:large, max-video-preview:-1\" \/>\n<link rel=\"canonical\" href=\"https:\/\/www.brg9.at\/web\/?page_id=442\" \/>\n<meta property=\"og:locale\" content=\"de_DE\" \/>\n<meta property=\"og:type\" content=\"article\" \/>\n<meta property=\"og:title\" content=\"Direktor &raquo; BRG9, Erich Fried Realgymnasium\" \/>\n<meta property=\"og:description\" content=\"-\" \/>\n<meta property=\"og:url\" content=\"https:\/\/www.brg9.at\/web\/?page_id=442\" \/>\n<meta property=\"og:site_name\" content=\"BRG9, Erich Fried Realgymnasium\" \/>\n<meta property=\"article:modified_time\" content=\"2023-07-11T13:09:10+00:00\" \/>\n<meta property=\"og:image\" content=\"https:\/\/www.brg9.at\/web\/wp-content\/uploads\/2021\/09\/obenaus.jpg\" \/>\n<meta name=\"twitter:card\" content=\"summary\" \/>\n<meta name=\"twitter:label1\" content=\"Gesch\u00e4tzte Lesezeit\">\n\t<meta name=\"twitter:data1\" content=\"2 Minuten\">\n<script type=\"application\/ld+json\" class=\"yoast-schema-graph\">{\"@context\":\"https:\/\/schema.org\",\"@graph\":[{\"@type\":\"WebSite\",\"@id\":\"https:\/\/www.brg9.at\/web\/#website\",\"url\":\"https:\/\/www.brg9.at\/web\/\",\"name\":\"BRG9, Erich Fried Realgymnasium\",\"description\":\"Die Website des BRG9 - Erich Fried Realgymnasium. Wien 9, Glasergasse 25.\",\"potentialAction\":[{\"@type\":\"SearchAction\",\"target\":\"https:\/\/www.brg9.at\/web\/?s={search_term_string}\",\"query-input\":\"required name=search_term_string\"}],\"inLanguage\":\"de-DE\"},{\"@type\":\"ImageObject\",\"@id\":\"https:\/\/www.brg9.at\/web\/?page_id=442#primaryimage\",\"inLanguage\":\"de-DE\",\"url\":\"https:\/\/www.brg9.at\/web\/wp-content\/uploads\/2021\/09\/obenaus.jpg\",\"contentUrl\":\"https:\/\/www.brg9.at\/web\/wp-content\/uploads\/2021\/09\/obenaus.jpg\",\"width\":500,\"height\":667},{\"@type\":\"WebPage\",\"@id\":\"https:\/\/www.brg9.at\/web\/?page_id=442#webpage\",\"url\":\"https:\/\/www.brg9.at\/web\/?page_id=442\",\"name\":\"Direktor &raquo; BRG9, Erich Fried Realgymnasium\",\"isPartOf\":{\"@id\":\"https:\/\/www.brg9.at\/web\/#website\"},\"primaryImageOfPage\":{\"@id\":\"https:\/\/www.brg9.at\/web\/?page_id=442#primaryimage\"},\"datePublished\":\"2016-03-21T12:05:13+00:00\",\"dateModified\":\"2023-07-11T13:09:10+00:00\",\"breadcrumb\":{\"@id\":\"https:\/\/www.brg9.at\/web\/?page_id=442#breadcrumb\"},\"inLanguage\":\"de-DE\",\"potentialAction\":[{\"@type\":\"ReadAction\",\"target\":[\"https:\/\/www.brg9.at\/web\/?page_id=442\"]}]},{\"@type\":\"BreadcrumbList\",\"@id\":\"https:\/\/www.brg9.at\/web\/?page_id=442#breadcrumb\",\"itemListElement\":[{\"@type\":\"ListItem\",\"position\":1,\"item\":{\"@type\":\"WebPage\",\"@id\":\"https:\/\/www.brg9.at\/web\/\",\"url\":\"https:\/\/www.brg9.at\/web\/\",\"name\":\"Home\"}},{\"@type\":\"ListItem\",\"position\":2,\"item\":{\"@id\":\"https:\/\/www.brg9.at\/web\/?page_id=442#webpage\"}}]}]}<\/script>\n<!-- \/ Yoast SEO plugin. -->","jetpack_sharing_enabled":false,"_links":{"self":[{"href":"https:\/\/www.brg9.at\/web\/index.php?rest_route=\/wp\/v2\/pages\/442"}],"collection":[{"href":"https:\/\/www.brg9.at\/web\/index.php?rest_route=\/wp\/v2\/pages"}],"about":[{"href":"https:\/\/www.brg9.at\/web\/index.php?rest_route=\/wp\/v2\/types\/page"}],"author":[{"embeddable":true,"href":"https:\/\/www.brg9.at\/web\/index.php?rest_route=\/wp\/v2\/users\/4"}],"replies":[{"embeddable":true,"href":"https:\/\/www.brg9.at\/web\/index.php?rest_route=%2Fwp%2Fv2%2Fcomments&post=442"}],"version-history":[{"count":21,"href":"https:\/\/www.brg9.at\/web\/index.php?rest_route=\/wp\/v2\/pages\/442\/revisions"}],"predecessor-version":[{"id":11895,"href":"https:\/\/www.brg9.at\/web\/index.php?rest_route=\/wp\/v2\/pages\/442\/revisions\/11895"}],"wp:attachment":[{"href":"https:\/\/www.brg9.at\/web\/index.php?rest_route=%2Fwp%2Fv2%2Fmedia&parent=442"}],"curies":[{"name":"wp","href":"https:\/\/api.w.org\/{rel}","templated":true}]}}