{"id":491,"date":"2016-03-18T09:29:58","date_gmt":"2016-03-18T08:29:58","guid":{"rendered":"http:\/\/www.brg9.at\/web\/?page_id=491"},"modified":"2020-10-21T20:53:16","modified_gmt":"2020-10-21T18:53:16","slug":"entschuldigung-fuer-fehlzeiten","status":"publish","type":"page","link":"https:\/\/www.brg9.at\/web\/?page_id=491","title":{"rendered":"Entschuldigung f\u00fcr Fehlzeiten"},"content":{"rendered":"<p>Wenn Ihr Kind am Vormittag krank ist, gilt die Entschuldigung hierf\u00fcr auch f\u00fcr die NBT. Wenn Ihr Kind nur am Nachmittag nicht kommen oder fr\u00fcher gehen soll, ben\u00f6tigen wir eine <a href=\"https:\/\/www.brg9.at\/web\/wp-content\/uploads\/2020\/10\/Benachrichtigung-\u00fcber-Abwesenheit.doc\" target=\"_blank\" rel=\"noopener noreferrer\">Benachrichtigung \u00fcber die Abwesenheit<\/a> (\u201eEntschuldigung\u201c), die<span style=\"color: #d10062;\"><strong> vorher<\/strong> <\/span>abgegeben werden muss. Sie k\u00f6nnen dies auch \u00fcber E-Mail machen. Ein E-Mail, dass ein Kind an einem Tag nicht kommt, muss <strong><span style=\"color: #d10062;\">bis 12:00 Uhr des betreffenden Tages<\/span><\/strong> an der Adresse <span class=\"letstalk\">postfach-nbt at brg9 punkt at<\/span> eingelangt sein. Telefonische Entschuldigungen k\u00f6nnen leider nicht akzeptiert werden.<\/p>\n<div class=\"sharedaddy sd-sharing-enabled\"><div class=\"robots-nocontent sd-block sd-social sd-social-icon-text sd-sharing\"><h3 class=\"sd-title\">Diesen Inhalt teilen:<\/h3><div class=\"sd-content\"><ul><li class=\"share-facebook\"><a rel=\"nofollow noopener noreferrer\" data-shared=\"sharing-facebook-491\" class=\"share-facebook sd-button share-icon\" href=\"https:\/\/www.brg9.at\/web\/?page_id=491&amp;share=facebook\" target=\"_blank\" title=\"Klick, um auf Facebook zu teilen\"><span>Facebook<\/span><\/a><\/li><li class=\"share-jetpack-whatsapp\"><a rel=\"nofollow noopener noreferrer\" data-shared=\"\" class=\"share-jetpack-whatsapp sd-button share-icon\" href=\"https:\/\/www.brg9.at\/web\/?page_id=491&amp;share=jetpack-whatsapp\" target=\"_blank\" title=\"Klicken, um auf WhatsApp zu teilen\"><span>WhatsApp<\/span><\/a><\/li><li class=\"share-print\"><a rel=\"nofollow noopener noreferrer\" data-shared=\"\" class=\"share-print sd-button share-icon\" href=\"https:\/\/www.brg9.at\/web\/?page_id=491\" target=\"_blank\" title=\"Klicken zum Ausdrucken\"><span>Drucken<\/span><\/a><\/li><li class=\"share-end\"><\/li><\/ul><\/div><\/div><\/div>","protected":false},"excerpt":{"rendered":"<p>Wenn Ihr Kind am Vormittag krank ist, gilt die Entschuldigung hierf\u00fcr auch f\u00fcr die NBT. Wenn Ihr Kind nur am Nachmittag nicht kommen oder fr\u00fcher gehen soll, ben\u00f6tigen wir eine Benachrichtigung \u00fcber die Abwesenheit (\u201eEntschuldigung\u201c), die vorher abgegeben werden muss. Sie k\u00f6nnen dies auch \u00fcber E-Mail machen. Ein E-Mail, dass ein Kind an einem Tag &hellip; <a href=\"https:\/\/www.brg9.at\/web\/?page_id=491\" class=\"more-link\"><span class=\"screen-reader-text\">&#8222;Entschuldigung f\u00fcr Fehlzeiten&#8220; <\/span>weiterlesen<\/a><\/p>\n<div class=\"sharedaddy sd-sharing-enabled\"><div class=\"robots-nocontent sd-block sd-social sd-social-icon-text sd-sharing\"><h3 class=\"sd-title\">Diesen Inhalt teilen:<\/h3><div class=\"sd-content\"><ul><li class=\"share-facebook\"><a rel=\"nofollow noopener noreferrer\" data-shared=\"sharing-facebook-491\" class=\"share-facebook sd-button share-icon\" href=\"https:\/\/www.brg9.at\/web\/?page_id=491&amp;share=facebook\" target=\"_blank\" title=\"Klick, um auf Facebook zu teilen\"><span>Facebook<\/span><\/a><\/li><li class=\"share-jetpack-whatsapp\"><a rel=\"nofollow noopener noreferrer\" data-shared=\"\" class=\"share-jetpack-whatsapp sd-button share-icon\" href=\"https:\/\/www.brg9.at\/web\/?page_id=491&amp;share=jetpack-whatsapp\" target=\"_blank\" title=\"Klicken, um auf WhatsApp zu teilen\"><span>WhatsApp<\/span><\/a><\/li><li class=\"share-print\"><a rel=\"nofollow noopener noreferrer\" data-shared=\"\" class=\"share-print sd-button share-icon\" href=\"https:\/\/www.brg9.at\/web\/?page_id=491\" target=\"_blank\" title=\"Klicken zum Ausdrucken\"><span>Drucken<\/span><\/a><\/li><li class=\"share-end\"><\/li><\/ul><\/div><\/div><\/div>","protected":false},"author":4,"featured_media":0,"parent":452,"menu_order":0,"comment_status":"closed","ping_status":"closed","template":"","meta":{"ngg_post_thumbnail":0,"spay_email":""},"yoast_head":"<!-- This site is optimized with the Yoast SEO plugin v16.2 - https:\/\/yoast.com\/wordpress\/plugins\/seo\/ -->\n<title>Entschuldigung f\u00fcr Fehlzeiten &raquo; BRG9, Erich Fried Realgymnasium<\/title>\n<meta name=\"robots\" content=\"index, follow, max-snippet:-1, max-image-preview:large, max-video-preview:-1\" \/>\n<link rel=\"canonical\" href=\"https:\/\/www.brg9.at\/web\/?page_id=491\" \/>\n<meta property=\"og:locale\" content=\"de_DE\" \/>\n<meta property=\"og:type\" content=\"article\" \/>\n<meta property=\"og:title\" content=\"Entschuldigung f\u00fcr Fehlzeiten &raquo; BRG9, Erich Fried Realgymnasium\" \/>\n<meta property=\"og:description\" content=\"Wenn Ihr Kind am Vormittag krank ist, gilt die Entschuldigung hierf\u00fcr auch f\u00fcr die NBT. Wenn Ihr Kind nur am Nachmittag nicht kommen oder fr\u00fcher gehen soll, ben\u00f6tigen wir eine Benachrichtigung \u00fcber die Abwesenheit (\u201eEntschuldigung\u201c), die vorher abgegeben werden muss. Sie k\u00f6nnen dies auch \u00fcber E-Mail machen. Ein E-Mail, dass ein Kind an einem Tag &hellip; &#8222;Entschuldigung f\u00fcr Fehlzeiten&#8220; weiterlesen\" \/>\n<meta property=\"og:url\" content=\"https:\/\/www.brg9.at\/web\/?page_id=491\" \/>\n<meta property=\"og:site_name\" content=\"BRG9, Erich Fried Realgymnasium\" \/>\n<meta property=\"article:modified_time\" content=\"2020-10-21T18:53:16+00:00\" \/>\n<meta property=\"og:image\" content=\"https:\/\/www.brg9.at\/web\/wp-content\/uploads\/2016\/02\/brg9_solo_rgb_share.jpg\" \/>\n\t<meta property=\"og:image:width\" content=\"800\" \/>\n\t<meta property=\"og:image:height\" content=\"600\" \/>\n<meta name=\"twitter:card\" content=\"summary\" \/>\n<script type=\"application\/ld+json\" class=\"yoast-schema-graph\">{\"@context\":\"https:\/\/schema.org\",\"@graph\":[{\"@type\":\"WebSite\",\"@id\":\"https:\/\/www.brg9.at\/web\/#website\",\"url\":\"https:\/\/www.brg9.at\/web\/\",\"name\":\"BRG9, Erich Fried Realgymnasium\",\"description\":\"Die Website des BRG9 - Erich Fried Realgymnasium. Wien 9, Glasergasse 25.\",\"potentialAction\":[{\"@type\":\"SearchAction\",\"target\":\"https:\/\/www.brg9.at\/web\/?s={search_term_string}\",\"query-input\":\"required name=search_term_string\"}],\"inLanguage\":\"de-DE\"},{\"@type\":\"WebPage\",\"@id\":\"https:\/\/www.brg9.at\/web\/?page_id=491#webpage\",\"url\":\"https:\/\/www.brg9.at\/web\/?page_id=491\",\"name\":\"Entschuldigung f\\u00fcr Fehlzeiten &raquo; BRG9, Erich Fried Realgymnasium\",\"isPartOf\":{\"@id\":\"https:\/\/www.brg9.at\/web\/#website\"},\"datePublished\":\"2016-03-18T08:29:58+00:00\",\"dateModified\":\"2020-10-21T18:53:16+00:00\",\"breadcrumb\":{\"@id\":\"https:\/\/www.brg9.at\/web\/?page_id=491#breadcrumb\"},\"inLanguage\":\"de-DE\",\"potentialAction\":[{\"@type\":\"ReadAction\",\"target\":[\"https:\/\/www.brg9.at\/web\/?page_id=491\"]}]},{\"@type\":\"BreadcrumbList\",\"@id\":\"https:\/\/www.brg9.at\/web\/?page_id=491#breadcrumb\",\"itemListElement\":[{\"@type\":\"ListItem\",\"position\":1,\"item\":{\"@type\":\"WebPage\",\"@id\":\"https:\/\/www.brg9.at\/web\/\",\"url\":\"https:\/\/www.brg9.at\/web\/\",\"name\":\"Home\"}},{\"@type\":\"ListItem\",\"position\":2,\"item\":{\"@type\":\"WebPage\",\"@id\":\"https:\/\/www.brg9.at\/web\/?page_id=452\",\"url\":\"https:\/\/www.brg9.at\/web\/?page_id=452\",\"name\":\"Nachmittagsbetreuung (NBT)\"}},{\"@type\":\"ListItem\",\"position\":3,\"item\":{\"@id\":\"https:\/\/www.brg9.at\/web\/?page_id=491#webpage\"}}]}]}<\/script>\n<!-- \/ Yoast SEO plugin. -->","jetpack_sharing_enabled":true,"_links":{"self":[{"href":"https:\/\/www.brg9.at\/web\/index.php?rest_route=\/wp\/v2\/pages\/491"}],"collection":[{"href":"https:\/\/www.brg9.at\/web\/index.php?rest_route=\/wp\/v2\/pages"}],"about":[{"href":"https:\/\/www.brg9.at\/web\/index.php?rest_route=\/wp\/v2\/types\/page"}],"author":[{"embeddable":true,"href":"https:\/\/www.brg9.at\/web\/index.php?rest_route=\/wp\/v2\/users\/4"}],"replies":[{"embeddable":true,"href":"https:\/\/www.brg9.at\/web\/index.php?rest_route=%2Fwp%2Fv2%2Fcomments&post=491"}],"version-history":[{"count":5,"href":"https:\/\/www.brg9.at\/web\/index.php?rest_route=\/wp\/v2\/pages\/491\/revisions"}],"predecessor-version":[{"id":4757,"href":"https:\/\/www.brg9.at\/web\/index.php?rest_route=\/wp\/v2\/pages\/491\/revisions\/4757"}],"up":[{"embeddable":true,"href":"https:\/\/www.brg9.at\/web\/index.php?rest_route=\/wp\/v2\/pages\/452"}],"wp:attachment":[{"href":"https:\/\/www.brg9.at\/web\/index.php?rest_route=%2Fwp%2Fv2%2Fmedia&parent=491"}],"curies":[{"name":"wp","href":"https:\/\/api.w.org\/{rel}","templated":true}]}}

Entschuldigung für Fehlzeiten

<p>Wenn Ihr Kind am Vormittag krank ist, gilt die Entschuldigung hierfür auch für die NBT. Wenn Ihr Kind nur am Nachmittag nicht kommen oder früher gehen soll, benötigen wir eine <a href="https://www.brg9.at/web/wp-content/uploads/2020/10/Benachrichtigung-über-Abwesenheit.doc" target="_blank" rel="noopener noreferrer">Benachrichtigung über die Abwesenheit</a> („Entschuldigung“), die<span style="color: #d10062;"><strong> vorher</strong> </span>abgegeben werden muss. Sie können dies auch über E-Mail machen. Ein E-Mail, dass ein Kind an einem Tag nicht kommt, muss <strong><span style="color: #d10062;">bis 12:00 Uhr des betreffenden Tages</span></strong> an der Adresse <span class="letstalk">postfach-nbt at brg9 punkt at</span> eingelangt sein. Telefonische Entschuldigungen können leider nicht akzeptiert werden.</p>
<div class="sharedaddy sd-sharing-enabled"><div class="robots-nocontent sd-block sd-social sd-social-icon-text sd-sharing"><h3 class="sd-title">Diesen Inhalt teilen:</h3><div class="sd-content"><ul><li class="share-facebook"><a rel="nofollow noopener noreferrer" data-shared="sharing-facebook-491" class="share-facebook sd-button share-icon" href="https://www.brg9.at/web/?page_id=491&amp;share=facebook" target="_blank" title="Klick, um auf Facebook zu teilen"><span>Facebook</span></a></li><li class="share-jetpack-whatsapp"><a rel="nofollow noopener noreferrer" data-shared="" class="share-jetpack-whatsapp sd-button share-icon" href="https://www.brg9.at/web/?page_id=491&amp;share=jetpack-whatsapp" target="_blank" title="Klicken, um auf WhatsApp zu teilen"><span>WhatsApp</span></a></li><li class="share-print"><a rel="nofollow noopener noreferrer" data-shared="" class="share-print sd-button share-icon" href="https://www.brg9.at/web/?page_id=491" target="_blank" title="Klicken zum Ausdrucken"><span>Drucken</span></a></li><li class="share-end"></li></ul></div></div></div>

<p>Wenn Ihr Kind am Vormittag krank ist, gilt die Entschuldigung hierfür auch für die NBT. Wenn Ihr Kind nur am Nachmittag nicht kommen oder früher gehen soll, benötigen wir eine Benachrichtigung über die Abwesenheit („Entschuldigung“), die vorher abgegeben werden muss. Sie können dies auch über E-Mail machen. Ein E-Mail, dass ein Kind an einem Tag &hellip; <a href="https://www.brg9.at/web/?page_id=491" class="more-link"><span class="screen-reader-text">&#8222;Entschuldigung für Fehlzeiten&#8220; </span>weiterlesen</a></p>
<div class="sharedaddy sd-sharing-enabled"><div class="robots-nocontent sd-block sd-social sd-social-icon-text sd-sharing"><h3 class="sd-title">Diesen Inhalt teilen:</h3><div class="sd-content"><ul><li class="share-facebook"><a rel="nofollow noopener noreferrer" data-shared="sharing-facebook-491" class="share-facebook sd-button share-icon" href="https://www.brg9.at/web/?page_id=491&amp;share=facebook" target="_blank" title="Klick, um auf Facebook zu teilen"><span>Facebook</span></a></li><li class="share-jetpack-whatsapp"><a rel="nofollow noopener noreferrer" data-shared="" class="share-jetpack-whatsapp sd-button share-icon" href="https://www.brg9.at/web/?page_id=491&amp;share=jetpack-whatsapp" target="_blank" title="Klicken, um auf WhatsApp zu teilen"><span>WhatsApp</span></a></li><li class="share-print"><a rel="nofollow noopener noreferrer" data-shared="" class="share-print sd-button share-icon" href="https://www.brg9.at/web/?page_id=491" target="_blank" title="Klicken zum Ausdrucken"><span>Drucken</span></a></li><li class="share-end"></li></ul></div></div></div>

<!-- This site is optimized with the Yoast SEO plugin v16.2 - https://yoast.com/wordpress/plugins/seo/ -->
<title>Entschuldigung für Fehlzeiten &raquo; BRG9, Erich Fried Realgymnasium</title>
<meta name="robots" content="index, follow, max-snippet:-1, max-image-preview:large, max-video-preview:-1" />
<link rel="canonical" href="https://www.brg9.at/web/?page_id=491" />
<meta property="og:locale" content="de_DE" />
<meta property="og:type" content="article" />
<meta property="og:title" content="Entschuldigung für Fehlzeiten &raquo; BRG9, Erich Fried Realgymnasium" />
<meta property="og:description" content="Wenn Ihr Kind am Vormittag krank ist, gilt die Entschuldigung hierfür auch für die NBT. Wenn Ihr Kind nur am Nachmittag nicht kommen oder früher gehen soll, benötigen wir eine Benachrichtigung über die Abwesenheit („Entschuldigung“), die vorher abgegeben werden muss. Sie können dies auch über E-Mail machen. Ein E-Mail, dass ein Kind an einem Tag &hellip; &#8222;Entschuldigung für Fehlzeiten&#8220; weiterlesen" />
<meta property="og:url" content="https://www.brg9.at/web/?page_id=491" />
<meta property="og:site_name" content="BRG9, Erich Fried Realgymnasium" />
<meta property="article:modified_time" content="2020-10-21T18:53:16+00:00" />
<meta property="og:image" content="https://www.brg9.at/web/wp-content/uploads/2016/02/brg9_solo_rgb_share.jpg" />
	<meta property="og:image:width" content="800" />
	<meta property="og:image:height" content="600" />
<meta name="twitter:card" content="summary" />
<script type="application/ld+json" class="yoast-schema-graph">{"@context":"https://schema.org","@graph":[{"@type":"WebSite","@id":"https://www.brg9.at/web/#website","url":"https://www.brg9.at/web/","name":"BRG9, Erich Fried Realgymnasium","description":"Die Website des BRG9 - Erich Fried Realgymnasium. Wien 9, Glasergasse 25.","potentialAction":[{"@type":"SearchAction","target":"https://www.brg9.at/web/?s={search_term_string}","query-input":"required name=search_term_string"}],"inLanguage":"de-DE"},{"@type":"WebPage","@id":"https://www.brg9.at/web/?page_id=491#webpage","url":"https://www.brg9.at/web/?page_id=491","name":"Entschuldigung f\u00fcr Fehlzeiten &raquo; BRG9, Erich Fried Realgymnasium","isPartOf":{"@id":"https://www.brg9.at/web/#website"},"datePublished":"2016-03-18T08:29:58+00:00","dateModified":"2020-10-21T18:53:16+00:00","breadcrumb":{"@id":"https://www.brg9.at/web/?page_id=491#breadcrumb"},"inLanguage":"de-DE","potentialAction":[{"@type":"ReadAction","target":["https://www.brg9.at/web/?page_id=491"]}]},{"@type":"BreadcrumbList","@id":"https://www.brg9.at/web/?page_id=491#breadcrumb","itemListElement":[{"@type":"ListItem","position":1,"item":{"@type":"WebPage","@id":"https://www.brg9.at/web/","url":"https://www.brg9.at/web/","name":"Home"}},{"@type":"ListItem","position":2,"item":{"@type":"WebPage","@id":"https://www.brg9.at/web/?page_id=452","url":"https://www.brg9.at/web/?page_id=452","name":"Nachmittagsbetreuung (NBT)"}},{"@type":"ListItem","position":3,"item":{"@id":"https://www.brg9.at/web/?page_id=491#webpage"}}]}]}</script>
<!-- / Yoast SEO plugin. -->
