{"id":492,"date":"2016-03-18T09:30:00","date_gmt":"2016-03-18T08:30:00","guid":{"rendered":"http:\/\/www.brg9.at\/web\/?page_id=492"},"modified":"2023-08-31T20:48:47","modified_gmt":"2023-08-31T18:48:47","slug":"ermaessigung","status":"publish","type":"page","link":"https:\/\/www.brg9.at\/web\/?page_id=492","title":{"rendered":"Erm\u00e4\u00dfigung"},"content":{"rendered":"<p>Wenn Sie eine Erm\u00e4\u00dfigung des Betreuungsbeitrags wollen, kreuzen Sie bitte am Anmeldeformular \u201eErm\u00e4\u00dfigung: Ja\u201c an und holen (durch Ihr Kind oder pers\u00f6nlich) ein Antragsformular ein, f\u00fcllen alle f\u00fcr die Eltern bestimmten Felder aus (auch am gr\u00fcnen Formular!), legen einen<strong> Bescheid zur Arbeitnehmerveranlagung<\/strong> und einen <strong>Jahreslohnzettel f\u00fcr das vergangene Kalenderjahr<\/strong> (oder eine entsprechende <strong>Best\u00e4tigung des AMS<\/strong>) bei. Bitte vergessen Sie nicht, die Formulare zu unterschreiben! Eine Erm\u00e4\u00dfigung ist nur bei vollst\u00e4ndigem Antrag m\u00f6glich.<\/p>\n<p>Informationen zum Antrag auf Erm\u00e4\u00dfigung des Betreuungsbeitrages sowie alle Formulare zum Downloaden finden Sie auf der Homepage des Bundesministerium Bildung, Wissenschaft und Forschung unter <a href=\"https:\/\/www.bmbwf.gv.at\/Themen\/schule\/befoe\/betreuung.html\">https:\/\/www.bmbwf.gv.at\/Themen\/schule\/befoe\/betreuung.html<\/a><\/p>\n<div class=\"sharedaddy sd-sharing-enabled\"><div class=\"robots-nocontent sd-block sd-social sd-social-icon-text sd-sharing\"><h3 class=\"sd-title\">Diesen Inhalt teilen:<\/h3><div class=\"sd-content\"><ul><li class=\"share-facebook\"><a rel=\"nofollow noopener noreferrer\" data-shared=\"sharing-facebook-492\" class=\"share-facebook sd-button share-icon\" href=\"https:\/\/www.brg9.at\/web\/?page_id=492&amp;share=facebook\" target=\"_blank\" title=\"Klick, um auf Facebook zu teilen\"><span>Facebook<\/span><\/a><\/li><li class=\"share-jetpack-whatsapp\"><a rel=\"nofollow noopener noreferrer\" data-shared=\"\" class=\"share-jetpack-whatsapp sd-button share-icon\" href=\"https:\/\/www.brg9.at\/web\/?page_id=492&amp;share=jetpack-whatsapp\" target=\"_blank\" title=\"Klicken, um auf WhatsApp zu teilen\"><span>WhatsApp<\/span><\/a><\/li><li class=\"share-print\"><a rel=\"nofollow noopener noreferrer\" data-shared=\"\" class=\"share-print sd-button share-icon\" href=\"https:\/\/www.brg9.at\/web\/?page_id=492\" target=\"_blank\" title=\"Klicken zum Ausdrucken\"><span>Drucken<\/span><\/a><\/li><li class=\"share-end\"><\/li><\/ul><\/div><\/div><\/div>","protected":false},"excerpt":{"rendered":"<p>Wenn Sie eine Erm\u00e4\u00dfigung des Betreuungsbeitrags wollen, kreuzen Sie bitte am Anmeldeformular \u201eErm\u00e4\u00dfigung: Ja\u201c an und holen (durch Ihr Kind oder pers\u00f6nlich) ein Antragsformular ein, f\u00fcllen alle f\u00fcr die Eltern bestimmten Felder aus (auch am gr\u00fcnen Formular!), legen einen Bescheid zur Arbeitnehmerveranlagung und einen Jahreslohnzettel f\u00fcr das vergangene Kalenderjahr (oder eine entsprechende Best\u00e4tigung des AMS) &hellip; <a href=\"https:\/\/www.brg9.at\/web\/?page_id=492\" class=\"more-link\"><span class=\"screen-reader-text\">&#8222;Erm\u00e4\u00dfigung&#8220; <\/span>weiterlesen<\/a><\/p>\n<div class=\"sharedaddy sd-sharing-enabled\"><div class=\"robots-nocontent sd-block sd-social sd-social-icon-text sd-sharing\"><h3 class=\"sd-title\">Diesen Inhalt teilen:<\/h3><div class=\"sd-content\"><ul><li class=\"share-facebook\"><a rel=\"nofollow noopener noreferrer\" data-shared=\"sharing-facebook-492\" class=\"share-facebook sd-button share-icon\" href=\"https:\/\/www.brg9.at\/web\/?page_id=492&amp;share=facebook\" target=\"_blank\" title=\"Klick, um auf Facebook zu teilen\"><span>Facebook<\/span><\/a><\/li><li class=\"share-jetpack-whatsapp\"><a rel=\"nofollow noopener noreferrer\" data-shared=\"\" class=\"share-jetpack-whatsapp sd-button share-icon\" href=\"https:\/\/www.brg9.at\/web\/?page_id=492&amp;share=jetpack-whatsapp\" target=\"_blank\" title=\"Klicken, um auf WhatsApp zu teilen\"><span>WhatsApp<\/span><\/a><\/li><li class=\"share-print\"><a rel=\"nofollow noopener noreferrer\" data-shared=\"\" class=\"share-print sd-button share-icon\" href=\"https:\/\/www.brg9.at\/web\/?page_id=492\" target=\"_blank\" title=\"Klicken zum Ausdrucken\"><span>Drucken<\/span><\/a><\/li><li class=\"share-end\"><\/li><\/ul><\/div><\/div><\/div>","protected":false},"author":4,"featured_media":0,"parent":452,"menu_order":0,"comment_status":"closed","ping_status":"closed","template":"","meta":{"ngg_post_thumbnail":0,"spay_email":""},"yoast_head":"<!-- This site is optimized with the Yoast SEO plugin v16.2 - https:\/\/yoast.com\/wordpress\/plugins\/seo\/ -->\n<title>Erm\u00e4\u00dfigung &raquo; BRG9, Erich Fried Realgymnasium<\/title>\n<meta name=\"robots\" content=\"index, follow, max-snippet:-1, max-image-preview:large, max-video-preview:-1\" \/>\n<link rel=\"canonical\" href=\"https:\/\/www.brg9.at\/web\/?page_id=492\" \/>\n<meta property=\"og:locale\" content=\"de_DE\" \/>\n<meta property=\"og:type\" content=\"article\" \/>\n<meta property=\"og:title\" content=\"Erm\u00e4\u00dfigung &raquo; BRG9, Erich Fried Realgymnasium\" \/>\n<meta property=\"og:description\" content=\"Wenn Sie eine Erm\u00e4\u00dfigung des Betreuungsbeitrags wollen, kreuzen Sie bitte am Anmeldeformular \u201eErm\u00e4\u00dfigung: Ja\u201c an und holen (durch Ihr Kind oder pers\u00f6nlich) ein Antragsformular ein, f\u00fcllen alle f\u00fcr die Eltern bestimmten Felder aus (auch am gr\u00fcnen Formular!), legen einen Bescheid zur Arbeitnehmerveranlagung und einen Jahreslohnzettel f\u00fcr das vergangene Kalenderjahr (oder eine entsprechende Best\u00e4tigung des AMS) &hellip; &#8222;Erm\u00e4\u00dfigung&#8220; weiterlesen\" \/>\n<meta property=\"og:url\" content=\"https:\/\/www.brg9.at\/web\/?page_id=492\" \/>\n<meta property=\"og:site_name\" content=\"BRG9, Erich Fried Realgymnasium\" \/>\n<meta property=\"article:modified_time\" content=\"2023-08-31T18:48:47+00:00\" \/>\n<meta property=\"og:image\" content=\"https:\/\/www.brg9.at\/web\/wp-content\/uploads\/2016\/02\/brg9_solo_rgb_share.jpg\" \/>\n\t<meta property=\"og:image:width\" content=\"800\" \/>\n\t<meta property=\"og:image:height\" content=\"600\" \/>\n<meta name=\"twitter:card\" content=\"summary\" \/>\n<meta name=\"twitter:label1\" content=\"Gesch\u00e4tzte Lesezeit\">\n\t<meta name=\"twitter:data1\" content=\"1 Minute\">\n<script type=\"application\/ld+json\" class=\"yoast-schema-graph\">{\"@context\":\"https:\/\/schema.org\",\"@graph\":[{\"@type\":\"WebSite\",\"@id\":\"https:\/\/www.brg9.at\/web\/#website\",\"url\":\"https:\/\/www.brg9.at\/web\/\",\"name\":\"BRG9, Erich Fried Realgymnasium\",\"description\":\"Die Website des BRG9 - Erich Fried Realgymnasium. Wien 9, Glasergasse 25.\",\"potentialAction\":[{\"@type\":\"SearchAction\",\"target\":\"https:\/\/www.brg9.at\/web\/?s={search_term_string}\",\"query-input\":\"required name=search_term_string\"}],\"inLanguage\":\"de-DE\"},{\"@type\":\"WebPage\",\"@id\":\"https:\/\/www.brg9.at\/web\/?page_id=492#webpage\",\"url\":\"https:\/\/www.brg9.at\/web\/?page_id=492\",\"name\":\"Erm\\u00e4\\u00dfigung &raquo; BRG9, Erich Fried Realgymnasium\",\"isPartOf\":{\"@id\":\"https:\/\/www.brg9.at\/web\/#website\"},\"datePublished\":\"2016-03-18T08:30:00+00:00\",\"dateModified\":\"2023-08-31T18:48:47+00:00\",\"breadcrumb\":{\"@id\":\"https:\/\/www.brg9.at\/web\/?page_id=492#breadcrumb\"},\"inLanguage\":\"de-DE\",\"potentialAction\":[{\"@type\":\"ReadAction\",\"target\":[\"https:\/\/www.brg9.at\/web\/?page_id=492\"]}]},{\"@type\":\"BreadcrumbList\",\"@id\":\"https:\/\/www.brg9.at\/web\/?page_id=492#breadcrumb\",\"itemListElement\":[{\"@type\":\"ListItem\",\"position\":1,\"item\":{\"@type\":\"WebPage\",\"@id\":\"https:\/\/www.brg9.at\/web\/\",\"url\":\"https:\/\/www.brg9.at\/web\/\",\"name\":\"Home\"}},{\"@type\":\"ListItem\",\"position\":2,\"item\":{\"@type\":\"WebPage\",\"@id\":\"https:\/\/www.brg9.at\/web\/?page_id=452\",\"url\":\"https:\/\/www.brg9.at\/web\/?page_id=452\",\"name\":\"Nachmittagsbetreuung (NBT)\"}},{\"@type\":\"ListItem\",\"position\":3,\"item\":{\"@id\":\"https:\/\/www.brg9.at\/web\/?page_id=492#webpage\"}}]}]}<\/script>\n<!-- \/ Yoast SEO plugin. -->","jetpack_sharing_enabled":true,"_links":{"self":[{"href":"https:\/\/www.brg9.at\/web\/index.php?rest_route=\/wp\/v2\/pages\/492"}],"collection":[{"href":"https:\/\/www.brg9.at\/web\/index.php?rest_route=\/wp\/v2\/pages"}],"about":[{"href":"https:\/\/www.brg9.at\/web\/index.php?rest_route=\/wp\/v2\/types\/page"}],"author":[{"embeddable":true,"href":"https:\/\/www.brg9.at\/web\/index.php?rest_route=\/wp\/v2\/users\/4"}],"replies":[{"embeddable":true,"href":"https:\/\/www.brg9.at\/web\/index.php?rest_route=%2Fwp%2Fv2%2Fcomments&post=492"}],"version-history":[{"count":3,"href":"https:\/\/www.brg9.at\/web\/index.php?rest_route=\/wp\/v2\/pages\/492\/revisions"}],"predecessor-version":[{"id":11969,"href":"https:\/\/www.brg9.at\/web\/index.php?rest_route=\/wp\/v2\/pages\/492\/revisions\/11969"}],"up":[{"embeddable":true,"href":"https:\/\/www.brg9.at\/web\/index.php?rest_route=\/wp\/v2\/pages\/452"}],"wp:attachment":[{"href":"https:\/\/www.brg9.at\/web\/index.php?rest_route=%2Fwp%2Fv2%2Fmedia&parent=492"}],"curies":[{"name":"wp","href":"https:\/\/api.w.org\/{rel}","templated":true}]}}

Ermäßigung

<p>Wenn Sie eine Ermäßigung des Betreuungsbeitrags wollen, kreuzen Sie bitte am Anmeldeformular „Ermäßigung: Ja“ an und holen (durch Ihr Kind oder persönlich) ein Antragsformular ein, füllen alle für die Eltern bestimmten Felder aus (auch am grünen Formular!), legen einen<strong> Bescheid zur Arbeitnehmerveranlagung</strong> und einen <strong>Jahreslohnzettel für das vergangene Kalenderjahr</strong> (oder eine entsprechende <strong>Bestätigung des AMS</strong>) bei. Bitte vergessen Sie nicht, die Formulare zu unterschreiben! Eine Ermäßigung ist nur bei vollständigem Antrag möglich.</p>
<p>Informationen zum Antrag auf Ermäßigung des Betreuungsbeitrages sowie alle Formulare zum Downloaden finden Sie auf der Homepage des Bundesministerium Bildung, Wissenschaft und Forschung unter <a href="https://www.bmbwf.gv.at/Themen/schule/befoe/betreuung.html">https://www.bmbwf.gv.at/Themen/schule/befoe/betreuung.html</a></p>
<div class="sharedaddy sd-sharing-enabled"><div class="robots-nocontent sd-block sd-social sd-social-icon-text sd-sharing"><h3 class="sd-title">Diesen Inhalt teilen:</h3><div class="sd-content"><ul><li class="share-facebook"><a rel="nofollow noopener noreferrer" data-shared="sharing-facebook-492" class="share-facebook sd-button share-icon" href="https://www.brg9.at/web/?page_id=492&amp;share=facebook" target="_blank" title="Klick, um auf Facebook zu teilen"><span>Facebook</span></a></li><li class="share-jetpack-whatsapp"><a rel="nofollow noopener noreferrer" data-shared="" class="share-jetpack-whatsapp sd-button share-icon" href="https://www.brg9.at/web/?page_id=492&amp;share=jetpack-whatsapp" target="_blank" title="Klicken, um auf WhatsApp zu teilen"><span>WhatsApp</span></a></li><li class="share-print"><a rel="nofollow noopener noreferrer" data-shared="" class="share-print sd-button share-icon" href="https://www.brg9.at/web/?page_id=492" target="_blank" title="Klicken zum Ausdrucken"><span>Drucken</span></a></li><li class="share-end"></li></ul></div></div></div>

<p>Wenn Sie eine Ermäßigung des Betreuungsbeitrags wollen, kreuzen Sie bitte am Anmeldeformular „Ermäßigung: Ja“ an und holen (durch Ihr Kind oder persönlich) ein Antragsformular ein, füllen alle für die Eltern bestimmten Felder aus (auch am grünen Formular!), legen einen Bescheid zur Arbeitnehmerveranlagung und einen Jahreslohnzettel für das vergangene Kalenderjahr (oder eine entsprechende Bestätigung des AMS) &hellip; <a href="https://www.brg9.at/web/?page_id=492" class="more-link"><span class="screen-reader-text">&#8222;Ermäßigung&#8220; </span>weiterlesen</a></p>
<div class="sharedaddy sd-sharing-enabled"><div class="robots-nocontent sd-block sd-social sd-social-icon-text sd-sharing"><h3 class="sd-title">Diesen Inhalt teilen:</h3><div class="sd-content"><ul><li class="share-facebook"><a rel="nofollow noopener noreferrer" data-shared="sharing-facebook-492" class="share-facebook sd-button share-icon" href="https://www.brg9.at/web/?page_id=492&amp;share=facebook" target="_blank" title="Klick, um auf Facebook zu teilen"><span>Facebook</span></a></li><li class="share-jetpack-whatsapp"><a rel="nofollow noopener noreferrer" data-shared="" class="share-jetpack-whatsapp sd-button share-icon" href="https://www.brg9.at/web/?page_id=492&amp;share=jetpack-whatsapp" target="_blank" title="Klicken, um auf WhatsApp zu teilen"><span>WhatsApp</span></a></li><li class="share-print"><a rel="nofollow noopener noreferrer" data-shared="" class="share-print sd-button share-icon" href="https://www.brg9.at/web/?page_id=492" target="_blank" title="Klicken zum Ausdrucken"><span>Drucken</span></a></li><li class="share-end"></li></ul></div></div></div>

<!-- This site is optimized with the Yoast SEO plugin v16.2 - https://yoast.com/wordpress/plugins/seo/ -->
<title>Ermäßigung &raquo; BRG9, Erich Fried Realgymnasium</title>
<meta name="robots" content="index, follow, max-snippet:-1, max-image-preview:large, max-video-preview:-1" />
<link rel="canonical" href="https://www.brg9.at/web/?page_id=492" />
<meta property="og:locale" content="de_DE" />
<meta property="og:type" content="article" />
<meta property="og:title" content="Ermäßigung &raquo; BRG9, Erich Fried Realgymnasium" />
<meta property="og:description" content="Wenn Sie eine Ermäßigung des Betreuungsbeitrags wollen, kreuzen Sie bitte am Anmeldeformular „Ermäßigung: Ja“ an und holen (durch Ihr Kind oder persönlich) ein Antragsformular ein, füllen alle für die Eltern bestimmten Felder aus (auch am grünen Formular!), legen einen Bescheid zur Arbeitnehmerveranlagung und einen Jahreslohnzettel für das vergangene Kalenderjahr (oder eine entsprechende Bestätigung des AMS) &hellip; &#8222;Ermäßigung&#8220; weiterlesen" />
<meta property="og:url" content="https://www.brg9.at/web/?page_id=492" />
<meta property="og:site_name" content="BRG9, Erich Fried Realgymnasium" />
<meta property="article:modified_time" content="2023-08-31T18:48:47+00:00" />
<meta property="og:image" content="https://www.brg9.at/web/wp-content/uploads/2016/02/brg9_solo_rgb_share.jpg" />
	<meta property="og:image:width" content="800" />
	<meta property="og:image:height" content="600" />
<meta name="twitter:card" content="summary" />
<meta name="twitter:label1" content="Geschätzte Lesezeit">
	<meta name="twitter:data1" content="1 Minute">
<script type="application/ld+json" class="yoast-schema-graph">{"@context":"https://schema.org","@graph":[{"@type":"WebSite","@id":"https://www.brg9.at/web/#website","url":"https://www.brg9.at/web/","name":"BRG9, Erich Fried Realgymnasium","description":"Die Website des BRG9 - Erich Fried Realgymnasium. Wien 9, Glasergasse 25.","potentialAction":[{"@type":"SearchAction","target":"https://www.brg9.at/web/?s={search_term_string}","query-input":"required name=search_term_string"}],"inLanguage":"de-DE"},{"@type":"WebPage","@id":"https://www.brg9.at/web/?page_id=492#webpage","url":"https://www.brg9.at/web/?page_id=492","name":"Erm\u00e4\u00dfigung &raquo; BRG9, Erich Fried Realgymnasium","isPartOf":{"@id":"https://www.brg9.at/web/#website"},"datePublished":"2016-03-18T08:30:00+00:00","dateModified":"2023-08-31T18:48:47+00:00","breadcrumb":{"@id":"https://www.brg9.at/web/?page_id=492#breadcrumb"},"inLanguage":"de-DE","potentialAction":[{"@type":"ReadAction","target":["https://www.brg9.at/web/?page_id=492"]}]},{"@type":"BreadcrumbList","@id":"https://www.brg9.at/web/?page_id=492#breadcrumb","itemListElement":[{"@type":"ListItem","position":1,"item":{"@type":"WebPage","@id":"https://www.brg9.at/web/","url":"https://www.brg9.at/web/","name":"Home"}},{"@type":"ListItem","position":2,"item":{"@type":"WebPage","@id":"https://www.brg9.at/web/?page_id=452","url":"https://www.brg9.at/web/?page_id=452","name":"Nachmittagsbetreuung (NBT)"}},{"@type":"ListItem","position":3,"item":{"@id":"https://www.brg9.at/web/?page_id=492#webpage"}}]}]}</script>
<!-- / Yoast SEO plugin. -->
