{"id":834,"date":"2016-03-30T19:45:32","date_gmt":"2016-03-30T17:45:32","guid":{"rendered":"http:\/\/www.brg9.at\/web\/?page_id=834"},"modified":"2024-11-29T11:29:20","modified_gmt":"2024-11-29T10:29:20","slug":"schulvereinbarungen","status":"publish","type":"page","link":"https:\/\/www.brg9.at\/web\/?page_id=834","title":{"rendered":"Schulvereinbarungen"},"content":{"rendered":"<p>Wir, die Sch\u00fcler:innen, Lehrer:innen, Eltern, die Schulleitung und das Schulpersonal des Erich Fried Realgymnasiums treffen folgende Vereinbarungen:<\/p>\n<p>Die Schule ist Umwelt und Arbeitsplatz f\u00fcr Sch\u00fcler:innen, Lehrer:innen, die Schulleitung und das Schulpersonal, an der ein gro\u00dfer Teil des Tages verbracht wird. Leben, Lernen und Lehren in der Schule erfordern die Zusammenarbeit aller Beteiligten. Um diese Zusammenarbeit m\u00f6glichst reibungslos zu gestalten, sind Vereinbarungen notwendig, an die wir uns alle verbindlich halten.<br \/>\nWir gestehen einander das Recht zu, in angemessener Form an die Einhaltung dieser Vereinbarungen zu erinnern.<\/p>\n<p>Folgende Leits\u00e4tze machen unsere Vision von Schule aus:<\/p>\n<h2>Schulkultur<\/h2>\n<p>Wir verstehen uns als eine moderne Schule, die Bew\u00e4hrtes beibeh\u00e4lt und sich gleichzeitig den Herausforderungen der Zukunft stellt.<\/p>\n<h2>Lernen<\/h2>\n<p>Wir f\u00f6rdern kreatives Engagement und Leistungsfreude in der Unterstufe und fordern dar\u00fcber hinaus deren selbstst\u00e4ndige und m\u00fcndige Umsetzung in der Oberstufe.<\/p>\n<h2>Lebensraum Schule<\/h2>\n<p>Durch gegenseitiges Vertrauen, Toleranz und Wertsch\u00e4tzung tragen wir alle zum Wohlf\u00fchlen und zur w\u00fcnschenswerten Einsatzbereitschaft in unserem Lebensraum Schule bei.<\/p>\n<h2>Pers\u00f6nlichkeitsentwicklung<\/h2>\n<p>Die Ausgewogenheit zwischen individueller Entfaltung und sozialer Kompetenz ist ein zentrales Anliegen in unserem schulischen Zusammenleben.<\/p>\n<p>Diese Grunds\u00e4tze zu verwirklichen und zu leben gelingt am besten, wenn wir uns gegenseitig respektieren und uns daher wohlf\u00fchlen. Dazu geh\u00f6ren auch H\u00f6flichkeit und ein freundlicher Umgangston. Nat\u00fcrlich haben wir auch oft unterschiedliche Meinungen und Interessen. Wir alle bem\u00fchen uns im Konfliktfall um L\u00f6sungen, die eine gr\u00f6\u00dftm\u00f6gliche Zufriedenheit aller Beteiligten zum Ziel haben. Wir pflegen eine wertsch\u00e4tzende Gespr\u00e4chskultur und einen respektvollen Umgang mit anderen.<\/p>\n<p>In diesem Zusammenhang lehnen wir sowohl k\u00f6rperliche als auch verbale Gewalt \u2013 Beleidigung, Beschimpfung und Kr\u00e4nkung \u2013 ab. Im Konfliktfall streben wir eine L\u00f6sung an, die f\u00fcr die beteiligten Konfliktpartner:innen passt.<\/p>\n<h1>Regelfeld: Unterricht<\/h1>\n<h2>Grunds\u00e4tze<\/h2>\n<ul>\n<li>Die Unterrichtszeit ist gemeinsame Arbeitszeit von Lehrer:innen und Sch\u00fcler:innen. Da der Lehr- und Lernerfolg jeder Stunde auch von der Mitarbeit und dem Einsatz jedes und jeder Einzelnen abh\u00e4ngt, verhalten wir uns so, dass konstruktiver Unterricht gelingen kann und sich niemand gest\u00f6rt f\u00fchlt.<\/li>\n<li>Die Sch\u00fcler:innen halten zu Stundenbeginn die erforderlichen Unterrichtsmittel bereit.<\/li>\n<li>Die Rahmenbedingungen f\u00fcr den Unterricht werden in jeder Klasse zwischen Lehrer:innen und Sch\u00fcler:innen (gegebenenfalls auch schriftlich) geregelt.<\/li>\n<li>Zusp\u00e4tkommen wirkt sich auf Lehrer:innen und Sch\u00fcler:innen gleicherma\u00dfen st\u00f6rend aus. Deshalb kommen wir p\u00fcnktlich und regelm\u00e4\u00dfig in alle Unterrichtsstunden und zu allen Unterrichtsveranstaltungen \u2013 auch am Nachmittag.<\/li>\n<li>Die Sch\u00fcler:innen holen vers\u00e4umten Stoff &nbsp;eigenverantwortlich so bald wie m\u00f6glich nach. Lehrstoff und Haus\u00fcbungen sind im Elektronischen Klassenbuch (WebUntis) ersichtlich.<\/li>\n<\/ul>\n<h2>Konkrete Vereinbarungen<\/h2>\n<ul>\n<li>W\u00e4hrend des Unterrichts haben wir alle unsere Handys oder sonstige den Schulbetrieb st\u00f6rende Ger\u00e4te abgeschaltet! Bei Zuwiderhandeln k\u00f6nnen diese st\u00f6renden Ger\u00e4te von den Lehrer:innen abgenommen und im Sekretariat bis zum Ende des Unterrichts zur Verwahrung hinterlegt werden. &nbsp;&nbsp;&nbsp;&nbsp;&nbsp;&nbsp;&nbsp;&nbsp;&nbsp;&nbsp;&nbsp;&nbsp;&nbsp;&nbsp;&nbsp;&nbsp;&nbsp;&nbsp;&nbsp;&nbsp;&nbsp;&nbsp;&nbsp;&nbsp;&nbsp;&nbsp;&nbsp;&nbsp;&nbsp;&nbsp;&nbsp;&nbsp;&nbsp;&nbsp;&nbsp;&nbsp;&nbsp;&nbsp;&nbsp;&nbsp;&nbsp;&nbsp;&nbsp;&nbsp;&nbsp;&nbsp;&nbsp;&nbsp;&nbsp;&nbsp;&nbsp; Speziell f\u00fcr die Unterstufe siehe dazu auch die Unterpunkte \u201ePause und Aufsicht\/Konkrete Vereinbarungen\u201c.<\/li>\n<li>Die Klassensprecher:innen melden in der Administration oder im Konferenzzimmer, wenn der\/die Lehrer:in&nbsp; zehn Minuten nach Unterrichtsbeginn nicht in der Klasse ist.<\/li>\n<li>Lehrer:innen und Sch\u00fcler:innen verlassen den Unterricht nur in begr\u00fcndeten Ausnahmef\u00e4llen.<\/li>\n<li>Wenn Sch\u00fcler:innen in speziellen F\u00e4llen w\u00e4hrend des Unterrichts aus der Schule entlassen werden m\u00fcssen, bekommen die Lehrkr\u00e4fte bei vorhersehbaren Gr\u00fcnden eine diesbez\u00fcgliche Entschuldigung der Erziehungsberechtigten mit Angabe der Entlassungszeit.<\/li>\n<\/ul>\n<h2>Was noch zu bedenken ist<\/h2>\n<ul>\n<li>Wir alle beachten die Regeln in den Sonderunterrichtsr\u00e4umen.<\/li>\n<li>Nach der letzten Unterrichtsstunde hinterlassen wir den Arbeitsplatz und den Klassenraum sauber, stellen die Sessel auf die Tische, schlie\u00dfen die Fenster und drehen das Licht ab. F\u00fcr die Leerung der Altpapier- und Kunststoffbeh\u00e4lter sowie f\u00fcr das L\u00f6schen der Tafel sind die Klassenordner:innen zust\u00e4ndig.<\/li>\n<\/ul>\n<h1>Regelfeld: Pause &amp; Aufsicht<\/h1>\n<h2>Grunds\u00e4tze<\/h2>\n<ul>\n<li>Wir verhalten uns h\u00f6flich und r\u00fccksichtsvoll. Die Sch\u00fcler:innen vermeiden \u00fcberm\u00e4\u00dfiges L\u00e4rmen, Toben und Ballspielen sowie zu laute Musik.<\/li>\n<li>Beim Buffet stellen wir uns ohne zu dr\u00e4ngen an und warten, bis wir an die Reihe kommen. Wir verlassen das Buffet rechtzeitig vor Stundenbeginn.<\/li>\n<li>Die Pausenaufsicht haltenden Lehrpersonen unterst\u00fctzen die Einhaltung der vereinbarten Regeln und sind damit auch Ansprechpersonen f\u00fcr die Sch\u00fcler:innen.<\/li>\n<li>In Notf\u00e4llen k\u00f6nnen sich die Sch\u00fcler:innen jederzeit an die anwesenden Lehrer:innen, das Sekretariat oder die Direktion wenden.<\/li>\n<li>Rauchen in \u00f6ffentlichen Geb\u00e4uden \u2013 somit auch im Schulhaus \u2013 ist verboten.<\/li>\n<li>F\u00fcr Sch\u00fcler:innen der Unterstufe, die in der Zeit zwischen Vor- und Nachmittagsunterricht nicht nach Hause fahren k\u00f6nnen (oder m\u00f6chten), ist eine Mittagsbetreuung m\u00f6glich (max. 4 Stunden an max. 2 Tagen pro Woche).<br \/>\nEine dar\u00fcber hinausgehende Beaufsichtigung ist im Rahmen der Nachmittagsbetreuung m\u00f6glich.<\/li>\n<li>W\u00e4hrend der sogenannten \u201eHofpausen\u201c ist die Benutzung des Schulhofs m\u00f6glich.<\/li>\n<\/ul>\n<h2>Konkrete Vereinbarungen<\/h2>\n<ul>\n<li>Ab 07:45 Uhr ist das Schulhaus f\u00fcr Sch\u00fcler:innen offen. Davor k\u00f6nnen sich diese zwischen Eingangst\u00fcr und oberer Glast\u00fcr aufhalten.<\/li>\n<li>In den Pausen nach der ersten und der vierten Stunde stehen die anwesenden Lehrer:innen f\u00fcr kurze Gespr\u00e4che mit den Sch\u00fcler:innen zur Verf\u00fcgung.<\/li>\n<li>W\u00e4hrend der Pausen halten wir alle Fenster geschlossen. (Ausnahme: Pandemiezeiten)<\/li>\n<li>In den Unterstufenklassen werden Mobiltelefone und andere elektronische Ger\u00e4te am Beginn eines Schultages beim Ankommen in der Klasse ausgeschaltet, im Spind oder, wenn das nicht m\u00f6glich ist, in der Schultasche verwahrt und d\u00fcrfen erst am Ende des Vormittagsunterrichts, nach dem Verlassen des Schulhauses, wieder in Betrieb genommen werden. Ausnahmen sind Notf\u00e4lle oder die Erlaubnis seitens einer Lehrkraft.<\/li>\n<li>Das Verlassen des Schulhauses ist Sch\u00fcler:innen w\u00e4hrend der Unterrichtszeiten auch in den Pausen nicht gestattet.<br \/>\nF\u00fcr Sch\u00fcler:innen ab der 6. Klasse ist aber der Aufenthalt unmittelbar vor dem Schulhaus in den gro\u00dfen Pausen erlaubt.<\/li>\n<\/ul>\n<h1>Regelfeld: Nachmittagsbetreuung<\/h1>\n<h2>Grunds\u00e4tze<\/h2>\n<ul>\n<li>Am Weg zum und vom Mittagessen bleiben die Sch\u00fcler:innen in der Gruppe und befolgen die Anweisungen der Lehrer:innen.<\/li>\n<li>Im Speisesaal verhalten wir uns h\u00f6flich und angemessen leise.<\/li>\n<li>W\u00e4hrend der Lernstunden verhalten wir uns so, dass konzentriertes Arbeiten f\u00fcr alle m\u00f6glich ist.<\/li>\n<\/ul>\n<h2>Konkrete Vereinbarungen<\/h2>\n<ul>\n<li>Die Sch\u00fcler:innen melden sich gleich nach Unterrichtsschluss in der Nachmittagsbetreuung an.<\/li>\n<li>Wenn sie die Nachmittagsbetreuung verlassen, melden sie sich ab.<\/li>\n<li>Wenn Sch\u00fcler:innen fr\u00fcher als vereinbart nach Hause gehen m\u00fcssen, geben sie vorher eine schriftliche Entschuldigung ihrer Eltern ab bzw. wird diese zeitgerecht von den Erziehungsberechtigten per E-Mail (postfach-nbt@brg9.at) geschickt.<\/li>\n<li>Ausgeborgte Spiele behandeln wir sorgf\u00e4ltig und benutzen sie nur im NBT-Bereich.<\/li>\n<li>Ball- und Bewegungsspiele spielen wir im Hof oder im kleinen Turnsaal.<\/li>\n<\/ul>\n<h1><strong>Regelfeld: Umwelt &amp; Sicherheit <\/strong><\/h1>\n<h2>Grunds\u00e4tze<\/h2>\n<ul>\n<li>Es ist uns ein Anliegen, das Schulgeb\u00e4ude sauber zu halten. Alle entsorgen ihren Abfall nach den Richtlinien der \u00f6kologischen M\u00fclltrennung selbst. In jeder Klasse stehen geeignete Mistk\u00fcbel.<\/li>\n<li>Wir behandeln die Einrichtungsgegenst\u00e4nde der Schule schonend und gehen mit ihnen sorgsam und verantwortungsbewusst um. Das gilt auch f\u00fcr die Toiletten. Wir wissen, dass wir f\u00fcr Reparatur oder Ersatz aufkommen m\u00fcssen, wenn wir etwas kaputt machen.<\/li>\n<\/ul>\n<h2>Konkrete Vereinbarungen<\/h2>\n<ul>\n<li>Um Unf\u00e4lle zu vermeiden, laufen wir in den Pausen nicht und lehnen auch nicht am Gel\u00e4nder.<\/li>\n<li>Aus versicherungstechnischen Gr\u00fcnden ist Sch\u00fcler:innen das Betreten der Feuerstiege untersagt und nur in Ausnahmef\u00e4llen (Notfall) erlaubt.<\/li>\n<li>Aus Sicherheitsgr\u00fcnden verwenden wir keine Skateboards, Scooter, Inlineskates oder \u00c4hnliches in der Schule.<\/li>\n<li>Gef\u00e4hrdende Gegenst\u00e4nde (wie Messer oder Laserpointer) nehmen wir nicht in die Schule mit.<\/li>\n<li>Sch\u00fcler:innen und betreffende Lehrer:innen sorgen daf\u00fcr, dass der Klassenraum nach Verlassen der Klasse zugesperrt wird.<\/li>\n<li>Wertgegenst\u00e4nde werden nur wenn unbedingt notwendig in die Schule mitgenommen und dort im Spind verwahrt.<\/li>\n<\/ul>\n<h1>Regelfeld: Kommunikation<\/h1>\n<h2>1. Eltern &#8211; Schule<\/h2>\n<h2>Grunds\u00e4tze<\/h2>\n<ul>\n<li>Gute Kommunikation zwischen Eltern und Schule, auch in organisatorischen Belangen, ist f\u00fcr unser aller Erziehungsarbeit von entscheidender Bedeutung.&nbsp;<\/li>\n<li>Kontakt zur Klassen- bzw. Schulgemeinschaft und Mitgestaltungsm\u00f6glichkeiten finden Eltern an Klassenabenden und im Elternverein. Drei Mitglieder des Elternvereins werden in den Schulgemeinschaftsausschuss entsandt.<\/li>\n<li>F\u00fcr den Kontakt stehen die Lehrer:innen mittels Telefon oder E-Mail in ihren Sprechstunden oder nach vorheriger Vereinbarung pers\u00f6nlich zur Verf\u00fcgung.<\/li>\n<li>Wenn bei einem Konfliktfall eine Kl\u00e4rung nicht m\u00f6glich erscheint, sind Klassenvorstand, Vetrauenslehrer:in, Elternvertretung und Sch\u00fcler:innenvertretung die wichtigsten Ansprechpartner:innen.<\/li>\n<\/ul>\n<h2>Konkrete Vereinbarungen<\/h2>\n<ul>\n<li>Die Eltern tragen Sorge, dass neue Telefonnummern, neue (E-Mail)-Adressen, \u00c4nderungen der Erziehungsberechtigung und andere wichtige Ereignisse dem Klassenvorstand mitgeteilt werden.&nbsp;<\/li>\n<li>Im Krankheitsfall einer Sch\u00fclerin\/eines Sch\u00fclers melden die Eltern das Fernbleiben umgehend dem Klassenvorstand per E-Mail. \u00c4rztliche Best\u00e4tigungen k\u00f6nnen nachgereicht werden.<\/li>\n<\/ul>\n<h2>2. Sch\u00fclerInnen &#8211; Schule<br \/>\nGrunds\u00e4tze<\/h2>\n<ul>\n<li>Ansprechpartner:innen f\u00fcr Sch\u00fcler:innen sind die gew\u00e4hlten Klassensprecher:innen und Sch\u00fclervertreter:innen. Drei Sch\u00fclervertreter:innen vertreten die Sch\u00fcler:innen auch im Schulgemeinschaftsausschuss.<\/li>\n<li>Bei Problemen haben Sch\u00fcler:innen verschiedene M\u00f6glichkeiten:\n<ul>\n<li>Erste Ansprechpersonen sind die betreffenden Lehrer:innen oder der Klassenvorstand.<\/li>\n<li>Auch die Klassensprecher:innen bzw. die Sch\u00fclervertreter:innen k\u00f6nnen von den Sch\u00fcler:innen zu Gespr\u00e4chen mit Lehrer:innen beigezogen werden.<\/li>\n<li>In Konfliktf\u00e4llen bieten aber auch die Vertrauenslehrer:innen, die Klassen-Elternvertreter:innen oder die Obfrau bzw. der Obmann des Elternvereins Unterst\u00fctzung.<\/li>\n<\/ul>\n<\/li>\n<\/ul>\n<h2><strong>Konsequenzen bei Verst\u00f6\u00dfen von Sch\u00fcler:innen <\/strong><\/h2>\n<p>F\u00fcr den Fall von mehrmaligen Verst\u00f6\u00dfen einzelner Sch\u00fcler:innen gegen die gemeinsam beschlossenen Vereinbarungen sieht die Schule folgende Vorgangsweisen vor:<\/p>\n<ol>\n<li>Die Eltern werden verst\u00e4ndigt und zu einem Gespr\u00e4ch eingeladen, zu dem auch die Schulleitung beigezogen werden kann.<\/li>\n<li>Handelt es sich um mehrmalige schwerwiegende Verst\u00f6\u00dfe gegen die Vereinbarungen f\u00fcr den Schulalltag, k\u00f6nnen folgende Disziplinarma\u00dfnahmen, die individuelle Wiedergutmachung einschlie\u00dfen k\u00f6nnen, in Kraft treten:\n<ul>\n<li>R\u00fcge durch den Klassenvorstand<\/li>\n<li>R\u00fcge durch die Schulleitung<\/li>\n<li>Disziplinarkomitee<\/li>\n<li>Disziplinarkonferenz<\/li>\n<li>Androhung des Ausschlusses aus der Schule<\/li>\n<li>Antrag an die Bildungsdirektion Wien auf Ausschluss aus der Schule<\/li>\n<\/ul>\n<\/li>\n<\/ol>\n<p>Die Vereinbarungen f\u00fcr den Schulalltag wurden mit Sch\u00fcler-, Lehrer- und Elternvertreter:innen erarbeitet und im Schulgemeinschaftsausschuss (SGA) mit dem Ziel beschlossen, den Schulalltag f\u00fcr alle Beteiligten produktiv und angenehm zu gestalten. Ver\u00e4nderungen dieser Vereinbarungen werden nach gemeinsamer Diskussion im SGA beschlossen.<\/p>\n<p>Konsequenzen bei Verst\u00f6\u00dfen von Sch\u00fclerInnen <a class=\"button\" href=\"https:\/\/www.brg9.at\/web\/wp-content\/uploads\/2022\/05\/Verhaltensskala_SGA_20220427.pdf\" target=\"_blank\" rel=\"noopener\">Verhaltensskala<\/a><\/p>\n<p>Einen Einblick in unsere Hausordnung zu Beginn des 20. Jahrhunderts finden Sie hier:<\/p>\n<div data-carousel-extra='{\"blog_id\":1,\"permalink\":\"https:\\\/\\\/www.brg9.at\\\/web\\\/?page_id=834\"}' id='gallery-1' class='gallery galleryid-834 gallery-columns-3 gallery-size-thumbnail'><figure class='gallery-item'>\n\t\t\t<div class='gallery-icon portrait'>\n\t\t\t\t<a href='https:\/\/www.brg9.at\/web\/?attachment_id=970'><img width=\"200\" height=\"200\" src=\"https:\/\/www.brg9.at\/web\/wp-content\/uploads\/2016\/03\/alt1-200x200.jpg\" class=\"attachment-thumbnail size-thumbnail\" alt=\"\" loading=\"lazy\" data-attachment-id=\"970\" data-permalink=\"https:\/\/www.brg9.at\/web\/?attachment_id=970\" data-orig-file=\"https:\/\/www.brg9.at\/web\/wp-content\/uploads\/2016\/03\/alt1.jpg\" data-orig-size=\"464,709\" data-comments-opened=\"0\" data-image-meta=\"{&quot;aperture&quot;:&quot;0&quot;,&quot;credit&quot;:&quot;&quot;,&quot;camera&quot;:&quot;&quot;,&quot;caption&quot;:&quot;&quot;,&quot;created_timestamp&quot;:&quot;0&quot;,&quot;copyright&quot;:&quot;&quot;,&quot;focal_length&quot;:&quot;0&quot;,&quot;iso&quot;:&quot;0&quot;,&quot;shutter_speed&quot;:&quot;0&quot;,&quot;title&quot;:&quot;&quot;,&quot;orientation&quot;:&quot;0&quot;}\" data-image-title=\"\" data-image-description=\"\" data-medium-file=\"https:\/\/www.brg9.at\/web\/wp-content\/uploads\/2016\/03\/alt1-393x600.jpg\" data-large-file=\"https:\/\/www.brg9.at\/web\/wp-content\/uploads\/2016\/03\/alt1.jpg\" \/><\/a>\n\t\t\t<\/div><\/figure><figure class='gallery-item'>\n\t\t\t<div class='gallery-icon portrait'>\n\t\t\t\t<a href='https:\/\/www.brg9.at\/web\/?attachment_id=971'><img width=\"200\" height=\"200\" src=\"https:\/\/www.brg9.at\/web\/wp-content\/uploads\/2016\/03\/alt2-200x200.jpg\" class=\"attachment-thumbnail size-thumbnail\" alt=\"\" loading=\"lazy\" data-attachment-id=\"971\" data-permalink=\"https:\/\/www.brg9.at\/web\/?attachment_id=971\" data-orig-file=\"https:\/\/www.brg9.at\/web\/wp-content\/uploads\/2016\/03\/alt2.jpg\" data-orig-size=\"391,709\" data-comments-opened=\"0\" data-image-meta=\"{&quot;aperture&quot;:&quot;0&quot;,&quot;credit&quot;:&quot;&quot;,&quot;camera&quot;:&quot;&quot;,&quot;caption&quot;:&quot;&quot;,&quot;created_timestamp&quot;:&quot;0&quot;,&quot;copyright&quot;:&quot;&quot;,&quot;focal_length&quot;:&quot;0&quot;,&quot;iso&quot;:&quot;0&quot;,&quot;shutter_speed&quot;:&quot;0&quot;,&quot;title&quot;:&quot;&quot;,&quot;orientation&quot;:&quot;0&quot;}\" data-image-title=\"\" data-image-description=\"\" data-medium-file=\"https:\/\/www.brg9.at\/web\/wp-content\/uploads\/2016\/03\/alt2-331x600.jpg\" data-large-file=\"https:\/\/www.brg9.at\/web\/wp-content\/uploads\/2016\/03\/alt2.jpg\" \/><\/a>\n\t\t\t<\/div><\/figure><figure class='gallery-item'>\n\t\t\t<div class='gallery-icon portrait'>\n\t\t\t\t<a href='https:\/\/www.brg9.at\/web\/?attachment_id=972'><img width=\"200\" height=\"200\" src=\"https:\/\/www.brg9.at\/web\/wp-content\/uploads\/2016\/03\/alt3-200x200.jpg\" class=\"attachment-thumbnail size-thumbnail\" alt=\"\" loading=\"lazy\" data-attachment-id=\"972\" data-permalink=\"https:\/\/www.brg9.at\/web\/?attachment_id=972\" data-orig-file=\"https:\/\/www.brg9.at\/web\/wp-content\/uploads\/2016\/03\/alt3.jpg\" data-orig-size=\"429,709\" data-comments-opened=\"0\" data-image-meta=\"{&quot;aperture&quot;:&quot;0&quot;,&quot;credit&quot;:&quot;&quot;,&quot;camera&quot;:&quot;&quot;,&quot;caption&quot;:&quot;&quot;,&quot;created_timestamp&quot;:&quot;0&quot;,&quot;copyright&quot;:&quot;&quot;,&quot;focal_length&quot;:&quot;0&quot;,&quot;iso&quot;:&quot;0&quot;,&quot;shutter_speed&quot;:&quot;0&quot;,&quot;title&quot;:&quot;&quot;,&quot;orientation&quot;:&quot;0&quot;}\" data-image-title=\"\" data-image-description=\"\" data-medium-file=\"https:\/\/www.brg9.at\/web\/wp-content\/uploads\/2016\/03\/alt3-363x600.jpg\" data-large-file=\"https:\/\/www.brg9.at\/web\/wp-content\/uploads\/2016\/03\/alt3.jpg\" \/><\/a>\n\t\t\t<\/div><\/figure><figure class='gallery-item'>\n\t\t\t<div class='gallery-icon portrait'>\n\t\t\t\t<a href='https:\/\/www.brg9.at\/web\/?attachment_id=973'><img width=\"200\" height=\"200\" src=\"https:\/\/www.brg9.at\/web\/wp-content\/uploads\/2016\/03\/alt4-200x200.jpg\" class=\"attachment-thumbnail size-thumbnail\" alt=\"\" loading=\"lazy\" data-attachment-id=\"973\" data-permalink=\"https:\/\/www.brg9.at\/web\/?attachment_id=973\" data-orig-file=\"https:\/\/www.brg9.at\/web\/wp-content\/uploads\/2016\/03\/alt4.jpg\" data-orig-size=\"407,709\" data-comments-opened=\"0\" data-image-meta=\"{&quot;aperture&quot;:&quot;0&quot;,&quot;credit&quot;:&quot;&quot;,&quot;camera&quot;:&quot;&quot;,&quot;caption&quot;:&quot;&quot;,&quot;created_timestamp&quot;:&quot;0&quot;,&quot;copyright&quot;:&quot;&quot;,&quot;focal_length&quot;:&quot;0&quot;,&quot;iso&quot;:&quot;0&quot;,&quot;shutter_speed&quot;:&quot;0&quot;,&quot;title&quot;:&quot;&quot;,&quot;orientation&quot;:&quot;0&quot;}\" data-image-title=\"\" data-image-description=\"\" data-medium-file=\"https:\/\/www.brg9.at\/web\/wp-content\/uploads\/2016\/03\/alt4-344x600.jpg\" data-large-file=\"https:\/\/www.brg9.at\/web\/wp-content\/uploads\/2016\/03\/alt4.jpg\" \/><\/a>\n\t\t\t<\/div><\/figure><figure class='gallery-item'>\n\t\t\t<div class='gallery-icon portrait'>\n\t\t\t\t<a href='https:\/\/www.brg9.at\/web\/?attachment_id=974'><img width=\"200\" height=\"200\" src=\"https:\/\/www.brg9.at\/web\/wp-content\/uploads\/2016\/03\/alt5-200x200.jpg\" class=\"attachment-thumbnail size-thumbnail\" alt=\"\" loading=\"lazy\" data-attachment-id=\"974\" data-permalink=\"https:\/\/www.brg9.at\/web\/?attachment_id=974\" data-orig-file=\"https:\/\/www.brg9.at\/web\/wp-content\/uploads\/2016\/03\/alt5.jpg\" data-orig-size=\"582,960\" data-comments-opened=\"0\" data-image-meta=\"{&quot;aperture&quot;:&quot;0&quot;,&quot;credit&quot;:&quot;&quot;,&quot;camera&quot;:&quot;&quot;,&quot;caption&quot;:&quot;&quot;,&quot;created_timestamp&quot;:&quot;0&quot;,&quot;copyright&quot;:&quot;&quot;,&quot;focal_length&quot;:&quot;0&quot;,&quot;iso&quot;:&quot;0&quot;,&quot;shutter_speed&quot;:&quot;0&quot;,&quot;title&quot;:&quot;&quot;,&quot;orientation&quot;:&quot;0&quot;}\" data-image-title=\"\" data-image-description=\"\" data-medium-file=\"https:\/\/www.brg9.at\/web\/wp-content\/uploads\/2016\/03\/alt5-364x600.jpg\" data-large-file=\"https:\/\/www.brg9.at\/web\/wp-content\/uploads\/2016\/03\/alt5.jpg\" \/><\/a>\n\t\t\t<\/div><\/figure>\n\t\t<\/div>\n\n<div class=\"sharedaddy sd-sharing-enabled\"><div class=\"robots-nocontent sd-block sd-social sd-social-icon-text sd-sharing\"><h3 class=\"sd-title\">Diesen Inhalt teilen:<\/h3><div class=\"sd-content\"><ul><li class=\"share-facebook\"><a rel=\"nofollow noopener noreferrer\" data-shared=\"sharing-facebook-834\" class=\"share-facebook sd-button share-icon\" href=\"https:\/\/www.brg9.at\/web\/?page_id=834&amp;share=facebook\" target=\"_blank\" title=\"Klick, um auf Facebook zu teilen\"><span>Facebook<\/span><\/a><\/li><li class=\"share-jetpack-whatsapp\"><a rel=\"nofollow noopener noreferrer\" data-shared=\"\" class=\"share-jetpack-whatsapp sd-button share-icon\" href=\"https:\/\/www.brg9.at\/web\/?page_id=834&amp;share=jetpack-whatsapp\" target=\"_blank\" title=\"Klicken, um auf WhatsApp zu teilen\"><span>WhatsApp<\/span><\/a><\/li><li class=\"share-print\"><a rel=\"nofollow noopener noreferrer\" data-shared=\"\" class=\"share-print sd-button share-icon\" href=\"https:\/\/www.brg9.at\/web\/?page_id=834\" target=\"_blank\" title=\"Klicken zum Ausdrucken\"><span>Drucken<\/span><\/a><\/li><li class=\"share-end\"><\/li><\/ul><\/div><\/div><\/div>","protected":false},"excerpt":{"rendered":"<p>F\u00fcr ein optimales Miteinander braucht es auch Regeln&#038;Vorgaben. Diese hat die Schulgemeinschaft in einem intensiv diskutiertem Prozess in unseren Schulvereinbarungen beschlossen.<\/p>\n<div class=\"sharedaddy sd-sharing-enabled\"><div class=\"robots-nocontent sd-block sd-social sd-social-icon-text sd-sharing\"><h3 class=\"sd-title\">Diesen Inhalt teilen:<\/h3><div class=\"sd-content\"><ul><li class=\"share-facebook\"><a rel=\"nofollow noopener noreferrer\" data-shared=\"sharing-facebook-834\" class=\"share-facebook sd-button share-icon\" href=\"https:\/\/www.brg9.at\/web\/?page_id=834&amp;share=facebook\" target=\"_blank\" title=\"Klick, um auf Facebook zu teilen\"><span>Facebook<\/span><\/a><\/li><li class=\"share-jetpack-whatsapp\"><a rel=\"nofollow noopener noreferrer\" data-shared=\"\" class=\"share-jetpack-whatsapp sd-button share-icon\" href=\"https:\/\/www.brg9.at\/web\/?page_id=834&amp;share=jetpack-whatsapp\" target=\"_blank\" title=\"Klicken, um auf WhatsApp zu teilen\"><span>WhatsApp<\/span><\/a><\/li><li class=\"share-print\"><a rel=\"nofollow noopener noreferrer\" data-shared=\"\" class=\"share-print sd-button share-icon\" href=\"https:\/\/www.brg9.at\/web\/?page_id=834\" target=\"_blank\" title=\"Klicken zum Ausdrucken\"><span>Drucken<\/span><\/a><\/li><li class=\"share-end\"><\/li><\/ul><\/div><\/div><\/div>","protected":false},"author":7,"featured_media":0,"parent":0,"menu_order":0,"comment_status":"closed","ping_status":"closed","template":"","meta":{"ngg_post_thumbnail":0,"spay_email":""},"yoast_head":"<!-- This site is optimized with the Yoast SEO plugin v16.2 - https:\/\/yoast.com\/wordpress\/plugins\/seo\/ -->\n<title>Schulvereinbarungen &raquo; BRG9, Erich Fried Realgymnasium<\/title>\n<meta name=\"robots\" content=\"index, follow, max-snippet:-1, max-image-preview:large, max-video-preview:-1\" \/>\n<link rel=\"canonical\" href=\"https:\/\/www.brg9.at\/web\/?page_id=834\" \/>\n<meta property=\"og:locale\" content=\"de_DE\" \/>\n<meta property=\"og:type\" content=\"article\" \/>\n<meta property=\"og:title\" content=\"Schulvereinbarungen &raquo; BRG9, Erich Fried Realgymnasium\" \/>\n<meta property=\"og:description\" content=\"F\u00fcr ein optimales Miteinander braucht es auch Regeln&amp;Vorgaben. Diese hat die Schulgemeinschaft in einem intensiv diskutiertem Prozess in unseren Schulvereinbarungen beschlossen.\" \/>\n<meta property=\"og:url\" content=\"https:\/\/www.brg9.at\/web\/?page_id=834\" \/>\n<meta property=\"og:site_name\" content=\"BRG9, Erich Fried Realgymnasium\" \/>\n<meta property=\"article:modified_time\" content=\"2024-11-29T10:29:20+00:00\" \/>\n<meta property=\"og:image\" content=\"https:\/\/www.brg9.at\/web\/wp-content\/uploads\/2016\/03\/alt1-200x200.jpg\" \/>\n<meta name=\"twitter:card\" content=\"summary\" \/>\n<meta name=\"twitter:label1\" content=\"Gesch\u00e4tzte Lesezeit\">\n\t<meta name=\"twitter:data1\" content=\"7 Minuten\">\n<script type=\"application\/ld+json\" class=\"yoast-schema-graph\">{\"@context\":\"https:\/\/schema.org\",\"@graph\":[{\"@type\":\"WebSite\",\"@id\":\"https:\/\/www.brg9.at\/web\/#website\",\"url\":\"https:\/\/www.brg9.at\/web\/\",\"name\":\"BRG9, Erich Fried Realgymnasium\",\"description\":\"Die Website des BRG9 - Erich Fried Realgymnasium. Wien 9, Glasergasse 25.\",\"potentialAction\":[{\"@type\":\"SearchAction\",\"target\":\"https:\/\/www.brg9.at\/web\/?s={search_term_string}\",\"query-input\":\"required name=search_term_string\"}],\"inLanguage\":\"de-DE\"},{\"@type\":\"WebPage\",\"@id\":\"https:\/\/www.brg9.at\/web\/?page_id=834#webpage\",\"url\":\"https:\/\/www.brg9.at\/web\/?page_id=834\",\"name\":\"Schulvereinbarungen &raquo; BRG9, Erich Fried Realgymnasium\",\"isPartOf\":{\"@id\":\"https:\/\/www.brg9.at\/web\/#website\"},\"datePublished\":\"2016-03-30T17:45:32+00:00\",\"dateModified\":\"2024-11-29T10:29:20+00:00\",\"breadcrumb\":{\"@id\":\"https:\/\/www.brg9.at\/web\/?page_id=834#breadcrumb\"},\"inLanguage\":\"de-DE\",\"potentialAction\":[{\"@type\":\"ReadAction\",\"target\":[\"https:\/\/www.brg9.at\/web\/?page_id=834\"]}]},{\"@type\":\"BreadcrumbList\",\"@id\":\"https:\/\/www.brg9.at\/web\/?page_id=834#breadcrumb\",\"itemListElement\":[{\"@type\":\"ListItem\",\"position\":1,\"item\":{\"@type\":\"WebPage\",\"@id\":\"https:\/\/www.brg9.at\/web\/\",\"url\":\"https:\/\/www.brg9.at\/web\/\",\"name\":\"Home\"}},{\"@type\":\"ListItem\",\"position\":2,\"item\":{\"@id\":\"https:\/\/www.brg9.at\/web\/?page_id=834#webpage\"}}]}]}<\/script>\n<!-- \/ Yoast SEO plugin. -->","jetpack_sharing_enabled":true,"_links":{"self":[{"href":"https:\/\/www.brg9.at\/web\/index.php?rest_route=\/wp\/v2\/pages\/834"}],"collection":[{"href":"https:\/\/www.brg9.at\/web\/index.php?rest_route=\/wp\/v2\/pages"}],"about":[{"href":"https:\/\/www.brg9.at\/web\/index.php?rest_route=\/wp\/v2\/types\/page"}],"author":[{"embeddable":true,"href":"https:\/\/www.brg9.at\/web\/index.php?rest_route=\/wp\/v2\/users\/7"}],"replies":[{"embeddable":true,"href":"https:\/\/www.brg9.at\/web\/index.php?rest_route=%2Fwp%2Fv2%2Fcomments&post=834"}],"version-history":[{"count":44,"href":"https:\/\/www.brg9.at\/web\/index.php?rest_route=\/wp\/v2\/pages\/834\/revisions"}],"predecessor-version":[{"id":14807,"href":"https:\/\/www.brg9.at\/web\/index.php?rest_route=\/wp\/v2\/pages\/834\/revisions\/14807"}],"wp:attachment":[{"href":"https:\/\/www.brg9.at\/web\/index.php?rest_route=%2Fwp%2Fv2%2Fmedia&parent=834"}],"curies":[{"name":"wp","href":"https:\/\/api.w.org\/{rel}","templated":true}]}}