{"id":8941,"date":"2022-01-11T14:09:52","date_gmt":"2022-01-11T13:09:52","guid":{"rendered":"https:\/\/www.brg9.at\/web\/?page_id=8941"},"modified":"2025-06-16T12:01:51","modified_gmt":"2025-06-16T10:01:51","slug":"mint-guetesiegel","status":"publish","type":"page","link":"https:\/\/www.brg9.at\/web\/?page_id=8941","title":{"rendered":"MINT-G\u00fctesiegel"},"content":{"rendered":"\n<p>Unsere Schule f\u00fchrt das MINT-G\u00fctesiegel.&nbsp;Mit dem MINT-G\u00fctesiegel werden Bildungseinrichtungen ausgezeichnet, die mit verschiedenen Ma\u00dfnahmen innovatives und begeisterndes Lernen in Mathematik, Informatik, Naturwissenschaft und Technik f\u00f6rdern. Mit vielf\u00e4ltigen Zug\u00e4ngen f\u00fcr M\u00e4dchen und Burschen.<\/p>\n\n\n\n<figure class=\"wp-block-image size-large is-resized\"><img data-attachment-id=\"9408\" data-permalink=\"https:\/\/www.brg9.at\/web\/?attachment_id=9408\" data-orig-file=\"https:\/\/www.brg9.at\/web\/wp-content\/uploads\/2022\/05\/1956-936-max.jpg\" data-orig-size=\"1956,936\" data-comments-opened=\"0\" data-image-meta=\"{&quot;aperture&quot;:&quot;0&quot;,&quot;credit&quot;:&quot;&quot;,&quot;camera&quot;:&quot;&quot;,&quot;caption&quot;:&quot;&quot;,&quot;created_timestamp&quot;:&quot;0&quot;,&quot;copyright&quot;:&quot;&quot;,&quot;focal_length&quot;:&quot;0&quot;,&quot;iso&quot;:&quot;0&quot;,&quot;shutter_speed&quot;:&quot;0&quot;,&quot;title&quot;:&quot;&quot;,&quot;orientation&quot;:&quot;0&quot;}\" data-image-title=\"1956-936-max\" data-image-description=\"\" data-medium-file=\"https:\/\/www.brg9.at\/web\/wp-content\/uploads\/2022\/05\/1956-936-max-596x285.jpg\" data-large-file=\"https:\/\/www.brg9.at\/web\/wp-content\/uploads\/2022\/05\/1956-936-max-1024x490.jpg\" loading=\"lazy\" src=\"https:\/\/www.brg9.at\/web\/wp-content\/uploads\/2022\/05\/1956-936-max-1024x490.jpg\" alt=\"\" class=\"wp-image-9408\" width=\"692\" height=\"330\" srcset=\"https:\/\/www.brg9.at\/web\/wp-content\/uploads\/2022\/05\/1956-936-max-1024x490.jpg 1024w, https:\/\/www.brg9.at\/web\/wp-content\/uploads\/2022\/05\/1956-936-max-596x285.jpg 596w, https:\/\/www.brg9.at\/web\/wp-content\/uploads\/2022\/05\/1956-936-max-1536x735.jpg 1536w, https:\/\/www.brg9.at\/web\/wp-content\/uploads\/2022\/05\/1956-936-max-1200x574.jpg 1200w, https:\/\/www.brg9.at\/web\/wp-content\/uploads\/2022\/05\/1956-936-max.jpg 1956w\" sizes=\"(max-width: 692px) 85vw, 692px\" \/><\/figure>\n\n\n\n<figure class=\"wp-block-image size-large is-resized\"><img data-attachment-id=\"15916\" data-permalink=\"https:\/\/www.brg9.at\/web\/?attachment_id=15916\" data-orig-file=\"https:\/\/www.brg9.at\/web\/wp-content\/uploads\/2025\/06\/mint-guetesiegel_2025-2028.jpg\" data-orig-size=\"1359,650\" data-comments-opened=\"0\" data-image-meta=\"{&quot;aperture&quot;:&quot;0&quot;,&quot;credit&quot;:&quot;&quot;,&quot;camera&quot;:&quot;&quot;,&quot;caption&quot;:&quot;&quot;,&quot;created_timestamp&quot;:&quot;0&quot;,&quot;copyright&quot;:&quot;&quot;,&quot;focal_length&quot;:&quot;0&quot;,&quot;iso&quot;:&quot;0&quot;,&quot;shutter_speed&quot;:&quot;0&quot;,&quot;title&quot;:&quot;&quot;,&quot;orientation&quot;:&quot;0&quot;}\" data-image-title=\"mint-guetesiegel_2025-2028\" data-image-description=\"\" data-medium-file=\"https:\/\/www.brg9.at\/web\/wp-content\/uploads\/2025\/06\/mint-guetesiegel_2025-2028-596x285.jpg\" data-large-file=\"https:\/\/www.brg9.at\/web\/wp-content\/uploads\/2025\/06\/mint-guetesiegel_2025-2028-1024x490.jpg\" loading=\"lazy\" src=\"https:\/\/www.brg9.at\/web\/wp-content\/uploads\/2025\/06\/mint-guetesiegel_2025-2028-1024x490.jpg\" alt=\"\" class=\"wp-image-15916\" width=\"688\" height=\"328\" srcset=\"https:\/\/www.brg9.at\/web\/wp-content\/uploads\/2025\/06\/mint-guetesiegel_2025-2028-1024x490.jpg 1024w, https:\/\/www.brg9.at\/web\/wp-content\/uploads\/2025\/06\/mint-guetesiegel_2025-2028-596x285.jpg 596w, https:\/\/www.brg9.at\/web\/wp-content\/uploads\/2025\/06\/mint-guetesiegel_2025-2028-1200x574.jpg 1200w, https:\/\/www.brg9.at\/web\/wp-content\/uploads\/2025\/06\/mint-guetesiegel_2025-2028.jpg 1359w\" sizes=\"(max-width: 688px) 85vw, 688px\" \/><\/figure>\n<div class=\"sharedaddy sd-sharing-enabled\"><div class=\"robots-nocontent sd-block sd-social sd-social-icon-text sd-sharing\"><h3 class=\"sd-title\">Diesen Inhalt teilen:<\/h3><div class=\"sd-content\"><ul><li class=\"share-facebook\"><a rel=\"nofollow noopener noreferrer\" data-shared=\"sharing-facebook-8941\" class=\"share-facebook sd-button share-icon\" href=\"https:\/\/www.brg9.at\/web\/?page_id=8941&amp;share=facebook\" target=\"_blank\" title=\"Klick, um auf Facebook zu teilen\"><span>Facebook<\/span><\/a><\/li><li class=\"share-jetpack-whatsapp\"><a rel=\"nofollow noopener noreferrer\" data-shared=\"\" class=\"share-jetpack-whatsapp sd-button share-icon\" href=\"https:\/\/www.brg9.at\/web\/?page_id=8941&amp;share=jetpack-whatsapp\" target=\"_blank\" title=\"Klicken, um auf WhatsApp zu teilen\"><span>WhatsApp<\/span><\/a><\/li><li class=\"share-print\"><a rel=\"nofollow noopener noreferrer\" data-shared=\"\" class=\"share-print sd-button share-icon\" href=\"https:\/\/www.brg9.at\/web\/?page_id=8941\" target=\"_blank\" title=\"Klicken zum Ausdrucken\"><span>Drucken<\/span><\/a><\/li><li class=\"share-end\"><\/li><\/ul><\/div><\/div><\/div>","protected":false},"excerpt":{"rendered":"<p>Unsere Schule f\u00fchrt das MINT-G\u00fctesiegel.&nbsp;Mit dem MINT-G\u00fctesiegel werden Bildungseinrichtungen ausgezeichnet, die mit verschiedenen Ma\u00dfnahmen innovatives und begeisterndes Lernen in Mathematik, Informatik, Naturwissenschaft und Technik f\u00f6rdern. Mit vielf\u00e4ltigen Zug\u00e4ngen f\u00fcr M\u00e4dchen und Burschen.<\/p>\n<div class=\"sharedaddy sd-sharing-enabled\"><div class=\"robots-nocontent sd-block sd-social sd-social-icon-text sd-sharing\"><h3 class=\"sd-title\">Diesen Inhalt teilen:<\/h3><div class=\"sd-content\"><ul><li class=\"share-facebook\"><a rel=\"nofollow noopener noreferrer\" data-shared=\"sharing-facebook-8941\" class=\"share-facebook sd-button share-icon\" href=\"https:\/\/www.brg9.at\/web\/?page_id=8941&amp;share=facebook\" target=\"_blank\" title=\"Klick, um auf Facebook zu teilen\"><span>Facebook<\/span><\/a><\/li><li class=\"share-jetpack-whatsapp\"><a rel=\"nofollow noopener noreferrer\" data-shared=\"\" class=\"share-jetpack-whatsapp sd-button share-icon\" href=\"https:\/\/www.brg9.at\/web\/?page_id=8941&amp;share=jetpack-whatsapp\" target=\"_blank\" title=\"Klicken, um auf WhatsApp zu teilen\"><span>WhatsApp<\/span><\/a><\/li><li class=\"share-print\"><a rel=\"nofollow noopener noreferrer\" data-shared=\"\" class=\"share-print sd-button share-icon\" href=\"https:\/\/www.brg9.at\/web\/?page_id=8941\" target=\"_blank\" title=\"Klicken zum Ausdrucken\"><span>Drucken<\/span><\/a><\/li><li class=\"share-end\"><\/li><\/ul><\/div><\/div><\/div>","protected":false},"author":7,"featured_media":0,"parent":0,"menu_order":0,"comment_status":"closed","ping_status":"closed","template":"","meta":{"ngg_post_thumbnail":0,"spay_email":""},"yoast_head":"<!-- This site is optimized with the Yoast SEO plugin v16.2 - https:\/\/yoast.com\/wordpress\/plugins\/seo\/ -->\n<title>MINT-G\u00fctesiegel &raquo; BRG9, Erich Fried Realgymnasium<\/title>\n<meta name=\"robots\" content=\"index, follow, max-snippet:-1, max-image-preview:large, max-video-preview:-1\" \/>\n<link rel=\"canonical\" href=\"https:\/\/www.brg9.at\/web\/?page_id=8941\" \/>\n<meta property=\"og:locale\" content=\"de_DE\" \/>\n<meta property=\"og:type\" content=\"article\" \/>\n<meta property=\"og:title\" content=\"MINT-G\u00fctesiegel &raquo; BRG9, Erich Fried Realgymnasium\" \/>\n<meta property=\"og:description\" content=\"Unsere Schule f\u00fchrt das MINT-G\u00fctesiegel.&nbsp;Mit dem MINT-G\u00fctesiegel werden Bildungseinrichtungen ausgezeichnet, die mit verschiedenen Ma\u00dfnahmen innovatives und begeisterndes Lernen in Mathematik, Informatik, Naturwissenschaft und Technik f\u00f6rdern. Mit vielf\u00e4ltigen Zug\u00e4ngen f\u00fcr M\u00e4dchen und Burschen.\" \/>\n<meta property=\"og:url\" content=\"https:\/\/www.brg9.at\/web\/?page_id=8941\" \/>\n<meta property=\"og:site_name\" content=\"BRG9, Erich Fried Realgymnasium\" \/>\n<meta property=\"article:modified_time\" content=\"2025-06-16T10:01:51+00:00\" \/>\n<meta property=\"og:image\" content=\"https:\/\/www.brg9.at\/web\/wp-content\/uploads\/2022\/05\/1956-936-max-1024x490.jpg\" \/>\n<meta name=\"twitter:card\" content=\"summary\" \/>\n<meta name=\"twitter:label1\" content=\"Gesch\u00e4tzte Lesezeit\">\n\t<meta name=\"twitter:data1\" content=\"1 Minute\">\n<script type=\"application\/ld+json\" class=\"yoast-schema-graph\">{\"@context\":\"https:\/\/schema.org\",\"@graph\":[{\"@type\":\"WebSite\",\"@id\":\"https:\/\/www.brg9.at\/web\/#website\",\"url\":\"https:\/\/www.brg9.at\/web\/\",\"name\":\"BRG9, Erich Fried Realgymnasium\",\"description\":\"Die Website des BRG9 - Erich Fried Realgymnasium. Wien 9, Glasergasse 25.\",\"potentialAction\":[{\"@type\":\"SearchAction\",\"target\":\"https:\/\/www.brg9.at\/web\/?s={search_term_string}\",\"query-input\":\"required name=search_term_string\"}],\"inLanguage\":\"de-DE\"},{\"@type\":\"ImageObject\",\"@id\":\"https:\/\/www.brg9.at\/web\/?page_id=8941#primaryimage\",\"inLanguage\":\"de-DE\",\"url\":\"https:\/\/www.brg9.at\/web\/wp-content\/uploads\/2022\/05\/1956-936-max.jpg\",\"contentUrl\":\"https:\/\/www.brg9.at\/web\/wp-content\/uploads\/2022\/05\/1956-936-max.jpg\",\"width\":1956,\"height\":936},{\"@type\":\"WebPage\",\"@id\":\"https:\/\/www.brg9.at\/web\/?page_id=8941#webpage\",\"url\":\"https:\/\/www.brg9.at\/web\/?page_id=8941\",\"name\":\"MINT-G\\u00fctesiegel &raquo; BRG9, Erich Fried Realgymnasium\",\"isPartOf\":{\"@id\":\"https:\/\/www.brg9.at\/web\/#website\"},\"primaryImageOfPage\":{\"@id\":\"https:\/\/www.brg9.at\/web\/?page_id=8941#primaryimage\"},\"datePublished\":\"2022-01-11T13:09:52+00:00\",\"dateModified\":\"2025-06-16T10:01:51+00:00\",\"breadcrumb\":{\"@id\":\"https:\/\/www.brg9.at\/web\/?page_id=8941#breadcrumb\"},\"inLanguage\":\"de-DE\",\"potentialAction\":[{\"@type\":\"ReadAction\",\"target\":[\"https:\/\/www.brg9.at\/web\/?page_id=8941\"]}]},{\"@type\":\"BreadcrumbList\",\"@id\":\"https:\/\/www.brg9.at\/web\/?page_id=8941#breadcrumb\",\"itemListElement\":[{\"@type\":\"ListItem\",\"position\":1,\"item\":{\"@type\":\"WebPage\",\"@id\":\"https:\/\/www.brg9.at\/web\/\",\"url\":\"https:\/\/www.brg9.at\/web\/\",\"name\":\"Home\"}},{\"@type\":\"ListItem\",\"position\":2,\"item\":{\"@id\":\"https:\/\/www.brg9.at\/web\/?page_id=8941#webpage\"}}]}]}<\/script>\n<!-- \/ Yoast SEO plugin. -->","jetpack_sharing_enabled":true,"_links":{"self":[{"href":"https:\/\/www.brg9.at\/web\/index.php?rest_route=\/wp\/v2\/pages\/8941"}],"collection":[{"href":"https:\/\/www.brg9.at\/web\/index.php?rest_route=\/wp\/v2\/pages"}],"about":[{"href":"https:\/\/www.brg9.at\/web\/index.php?rest_route=\/wp\/v2\/types\/page"}],"author":[{"embeddable":true,"href":"https:\/\/www.brg9.at\/web\/index.php?rest_route=\/wp\/v2\/users\/7"}],"replies":[{"embeddable":true,"href":"https:\/\/www.brg9.at\/web\/index.php?rest_route=%2Fwp%2Fv2%2Fcomments&post=8941"}],"version-history":[{"count":4,"href":"https:\/\/www.brg9.at\/web\/index.php?rest_route=\/wp\/v2\/pages\/8941\/revisions"}],"predecessor-version":[{"id":15918,"href":"https:\/\/www.brg9.at\/web\/index.php?rest_route=\/wp\/v2\/pages\/8941\/revisions\/15918"}],"wp:attachment":[{"href":"https:\/\/www.brg9.at\/web\/index.php?rest_route=%2Fwp%2Fv2%2Fmedia&parent=8941"}],"curies":[{"name":"wp","href":"https:\/\/api.w.org\/{rel}","templated":true}]}}