{"id":9020,"date":"2022-02-09T21:26:59","date_gmt":"2022-02-09T20:26:59","guid":{"rendered":"https:\/\/www.brg9.at\/web\/?page_id=9020"},"modified":"2025-01-30T22:17:47","modified_gmt":"2025-01-30T21:17:47","slug":"auszeichnungen","status":"publish","type":"page","link":"https:\/\/www.brg9.at\/web\/?page_id=9020","title":{"rendered":"Auszeichnungen"},"content":{"rendered":"\n<p><strong><a href=\"https:\/\/www.brg9.at\/web\/?page_id=8941\" target=\"_blank\" rel=\"noreferrer noopener\">MINT-G\u00fctesiegel<\/a><\/strong><\/p>\n\n\n\n<p><strong><a href=\"https:\/\/www.brg9.at\/web\/?page_id=1360\" target=\"_blank\" rel=\"noreferrer noopener\">Schulsport G\u00fctesiegel<\/a><\/strong><\/p>\n\n\n\n<p><strong><a href=\"https:\/\/www.brg9.at\/web\/?page_id=9812\" target=\"_blank\" rel=\"noreferrer noopener\">\u00d6kolog-Siegel<\/a><\/strong><\/p>\n\n\n\n<p><strong><a href=\"https:\/\/www.brg9.at\/web\/?page_id=14390\" target=\"_blank\" rel=\"noreferrer noopener\">Klimabeauftragte<\/a><\/strong><\/p>\n\n\n\n<p><strong>SDG-Botschafterschule<\/strong>:  Im Jahr 2023 hat die Bildungsdirektion f\u00fcr Wien unserer Schule den SDG-Award verliehen. Mit diesem Preis werden Schulen ausgezeichnet, die sich besonders f\u00fcr die 17 Ziele der nachhaltigen Entwicklung (SDGs) einsetzen. Unser Engagement als SDG-Botschafterschule ist ein aktiver Beitrag zur Bildung f\u00fcr nachhaltige Entwicklung und zur F\u00f6rderung von Nachhaltigkeit im Schulalltag.<\/p>\n<div class=\"sharedaddy sd-sharing-enabled\"><div class=\"robots-nocontent sd-block sd-social sd-social-icon-text sd-sharing\"><h3 class=\"sd-title\">Diesen Inhalt teilen:<\/h3><div class=\"sd-content\"><ul><li class=\"share-facebook\"><a rel=\"nofollow noopener noreferrer\" data-shared=\"sharing-facebook-9020\" class=\"share-facebook sd-button share-icon\" href=\"https:\/\/www.brg9.at\/web\/?page_id=9020&amp;share=facebook\" target=\"_blank\" title=\"Klick, um auf Facebook zu teilen\"><span>Facebook<\/span><\/a><\/li><li class=\"share-jetpack-whatsapp\"><a rel=\"nofollow noopener noreferrer\" data-shared=\"\" class=\"share-jetpack-whatsapp sd-button share-icon\" href=\"https:\/\/www.brg9.at\/web\/?page_id=9020&amp;share=jetpack-whatsapp\" target=\"_blank\" title=\"Klicken, um auf WhatsApp zu teilen\"><span>WhatsApp<\/span><\/a><\/li><li class=\"share-print\"><a rel=\"nofollow noopener noreferrer\" data-shared=\"\" class=\"share-print sd-button share-icon\" href=\"https:\/\/www.brg9.at\/web\/?page_id=9020\" target=\"_blank\" title=\"Klicken zum Ausdrucken\"><span>Drucken<\/span><\/a><\/li><li class=\"share-end\"><\/li><\/ul><\/div><\/div><\/div>","protected":false},"excerpt":{"rendered":"<p>MINT-G\u00fctesiegel Schulsport G\u00fctesiegel \u00d6kolog-Siegel Klimabeauftragte SDG-Botschafterschule: Im Jahr 2023 hat die Bildungsdirektion f\u00fcr Wien unserer Schule den SDG-Award verliehen. Mit diesem Preis werden Schulen ausgezeichnet, die sich besonders f\u00fcr die 17 Ziele der nachhaltigen Entwicklung (SDGs) einsetzen. Unser Engagement als SDG-Botschafterschule ist ein aktiver Beitrag zur Bildung f\u00fcr nachhaltige Entwicklung und zur F\u00f6rderung von Nachhaltigkeit &hellip; <a href=\"https:\/\/www.brg9.at\/web\/?page_id=9020\" class=\"more-link\"><span class=\"screen-reader-text\">&#8222;Auszeichnungen&#8220; <\/span>weiterlesen<\/a><\/p>\n<div class=\"sharedaddy sd-sharing-enabled\"><div class=\"robots-nocontent sd-block sd-social sd-social-icon-text sd-sharing\"><h3 class=\"sd-title\">Diesen Inhalt teilen:<\/h3><div class=\"sd-content\"><ul><li class=\"share-facebook\"><a rel=\"nofollow noopener noreferrer\" data-shared=\"sharing-facebook-9020\" class=\"share-facebook sd-button share-icon\" href=\"https:\/\/www.brg9.at\/web\/?page_id=9020&amp;share=facebook\" target=\"_blank\" title=\"Klick, um auf Facebook zu teilen\"><span>Facebook<\/span><\/a><\/li><li class=\"share-jetpack-whatsapp\"><a rel=\"nofollow noopener noreferrer\" data-shared=\"\" class=\"share-jetpack-whatsapp sd-button share-icon\" href=\"https:\/\/www.brg9.at\/web\/?page_id=9020&amp;share=jetpack-whatsapp\" target=\"_blank\" title=\"Klicken, um auf WhatsApp zu teilen\"><span>WhatsApp<\/span><\/a><\/li><li class=\"share-print\"><a rel=\"nofollow noopener noreferrer\" data-shared=\"\" class=\"share-print sd-button share-icon\" href=\"https:\/\/www.brg9.at\/web\/?page_id=9020\" target=\"_blank\" title=\"Klicken zum Ausdrucken\"><span>Drucken<\/span><\/a><\/li><li class=\"share-end\"><\/li><\/ul><\/div><\/div><\/div>","protected":false},"author":7,"featured_media":0,"parent":0,"menu_order":0,"comment_status":"closed","ping_status":"closed","template":"","meta":{"ngg_post_thumbnail":0,"spay_email":""},"yoast_head":"<!-- This site is optimized with the Yoast SEO plugin v16.2 - https:\/\/yoast.com\/wordpress\/plugins\/seo\/ -->\n<title>Auszeichnungen &raquo; BRG9, Erich Fried Realgymnasium<\/title>\n<meta name=\"robots\" content=\"index, follow, max-snippet:-1, max-image-preview:large, max-video-preview:-1\" \/>\n<link rel=\"canonical\" href=\"https:\/\/www.brg9.at\/web\/?page_id=9020\" \/>\n<meta property=\"og:locale\" content=\"de_DE\" \/>\n<meta property=\"og:type\" content=\"article\" \/>\n<meta property=\"og:title\" content=\"Auszeichnungen &raquo; BRG9, Erich Fried Realgymnasium\" \/>\n<meta property=\"og:description\" content=\"MINT-G\u00fctesiegel Schulsport G\u00fctesiegel \u00d6kolog-Siegel Klimabeauftragte SDG-Botschafterschule: Im Jahr 2023 hat die Bildungsdirektion f\u00fcr Wien unserer Schule den SDG-Award verliehen. Mit diesem Preis werden Schulen ausgezeichnet, die sich besonders f\u00fcr die 17 Ziele der nachhaltigen Entwicklung (SDGs) einsetzen. Unser Engagement als SDG-Botschafterschule ist ein aktiver Beitrag zur Bildung f\u00fcr nachhaltige Entwicklung und zur F\u00f6rderung von Nachhaltigkeit &hellip; &#8222;Auszeichnungen&#8220; weiterlesen\" \/>\n<meta property=\"og:url\" content=\"https:\/\/www.brg9.at\/web\/?page_id=9020\" \/>\n<meta property=\"og:site_name\" content=\"BRG9, Erich Fried Realgymnasium\" \/>\n<meta property=\"article:modified_time\" content=\"2025-01-30T21:17:47+00:00\" \/>\n<meta property=\"og:image\" content=\"https:\/\/www.brg9.at\/web\/wp-content\/uploads\/2016\/02\/brg9_solo_rgb_share.jpg\" \/>\n\t<meta property=\"og:image:width\" content=\"800\" \/>\n\t<meta property=\"og:image:height\" content=\"600\" \/>\n<meta name=\"twitter:card\" content=\"summary\" \/>\n<meta name=\"twitter:label1\" content=\"Gesch\u00e4tzte Lesezeit\">\n\t<meta name=\"twitter:data1\" content=\"1 Minute\">\n<script type=\"application\/ld+json\" class=\"yoast-schema-graph\">{\"@context\":\"https:\/\/schema.org\",\"@graph\":[{\"@type\":\"WebSite\",\"@id\":\"https:\/\/www.brg9.at\/web\/#website\",\"url\":\"https:\/\/www.brg9.at\/web\/\",\"name\":\"BRG9, Erich Fried Realgymnasium\",\"description\":\"Die Website des BRG9 - Erich Fried Realgymnasium. Wien 9, Glasergasse 25.\",\"potentialAction\":[{\"@type\":\"SearchAction\",\"target\":\"https:\/\/www.brg9.at\/web\/?s={search_term_string}\",\"query-input\":\"required name=search_term_string\"}],\"inLanguage\":\"de-DE\"},{\"@type\":\"WebPage\",\"@id\":\"https:\/\/www.brg9.at\/web\/?page_id=9020#webpage\",\"url\":\"https:\/\/www.brg9.at\/web\/?page_id=9020\",\"name\":\"Auszeichnungen &raquo; BRG9, Erich Fried Realgymnasium\",\"isPartOf\":{\"@id\":\"https:\/\/www.brg9.at\/web\/#website\"},\"datePublished\":\"2022-02-09T20:26:59+00:00\",\"dateModified\":\"2025-01-30T21:17:47+00:00\",\"breadcrumb\":{\"@id\":\"https:\/\/www.brg9.at\/web\/?page_id=9020#breadcrumb\"},\"inLanguage\":\"de-DE\",\"potentialAction\":[{\"@type\":\"ReadAction\",\"target\":[\"https:\/\/www.brg9.at\/web\/?page_id=9020\"]}]},{\"@type\":\"BreadcrumbList\",\"@id\":\"https:\/\/www.brg9.at\/web\/?page_id=9020#breadcrumb\",\"itemListElement\":[{\"@type\":\"ListItem\",\"position\":1,\"item\":{\"@type\":\"WebPage\",\"@id\":\"https:\/\/www.brg9.at\/web\/\",\"url\":\"https:\/\/www.brg9.at\/web\/\",\"name\":\"Home\"}},{\"@type\":\"ListItem\",\"position\":2,\"item\":{\"@id\":\"https:\/\/www.brg9.at\/web\/?page_id=9020#webpage\"}}]}]}<\/script>\n<!-- \/ Yoast SEO plugin. -->","jetpack_sharing_enabled":true,"_links":{"self":[{"href":"https:\/\/www.brg9.at\/web\/index.php?rest_route=\/wp\/v2\/pages\/9020"}],"collection":[{"href":"https:\/\/www.brg9.at\/web\/index.php?rest_route=\/wp\/v2\/pages"}],"about":[{"href":"https:\/\/www.brg9.at\/web\/index.php?rest_route=\/wp\/v2\/types\/page"}],"author":[{"embeddable":true,"href":"https:\/\/www.brg9.at\/web\/index.php?rest_route=\/wp\/v2\/users\/7"}],"replies":[{"embeddable":true,"href":"https:\/\/www.brg9.at\/web\/index.php?rest_route=%2Fwp%2Fv2%2Fcomments&post=9020"}],"version-history":[{"count":8,"href":"https:\/\/www.brg9.at\/web\/index.php?rest_route=\/wp\/v2\/pages\/9020\/revisions"}],"predecessor-version":[{"id":15011,"href":"https:\/\/www.brg9.at\/web\/index.php?rest_route=\/wp\/v2\/pages\/9020\/revisions\/15011"}],"wp:attachment":[{"href":"https:\/\/www.brg9.at\/web\/index.php?rest_route=%2Fwp%2Fv2%2Fmedia&parent=9020"}],"curies":[{"name":"wp","href":"https:\/\/api.w.org\/{rel}","templated":true}]}}