{"id":9812,"date":"2022-06-16T22:06:50","date_gmt":"2022-06-16T20:06:50","guid":{"rendered":"https:\/\/www.brg9.at\/web\/?page_id=9812"},"modified":"2022-12-14T23:01:13","modified_gmt":"2022-12-14T22:01:13","slug":"oekolog-siegel","status":"publish","type":"page","link":"https:\/\/www.brg9.at\/web\/?page_id=9812","title":{"rendered":"\u00d6kolog-Siegel"},"content":{"rendered":"\n<div class=\"wp-block-image\"><figure class=\"aligncenter size-large is-resized\"><img data-attachment-id=\"10766\" data-permalink=\"https:\/\/www.brg9.at\/web\/?attachment_id=10766\" data-orig-file=\"https:\/\/www.brg9.at\/web\/wp-content\/uploads\/2022\/12\/oekolog.jpg\" data-orig-size=\"544,432\" data-comments-opened=\"0\" data-image-meta=\"{&quot;aperture&quot;:&quot;0&quot;,&quot;credit&quot;:&quot;&quot;,&quot;camera&quot;:&quot;&quot;,&quot;caption&quot;:&quot;&quot;,&quot;created_timestamp&quot;:&quot;0&quot;,&quot;copyright&quot;:&quot;&quot;,&quot;focal_length&quot;:&quot;0&quot;,&quot;iso&quot;:&quot;0&quot;,&quot;shutter_speed&quot;:&quot;0&quot;,&quot;title&quot;:&quot;&quot;,&quot;orientation&quot;:&quot;0&quot;}\" data-image-title=\"oekolog\" data-image-description=\"\" data-medium-file=\"https:\/\/www.brg9.at\/web\/wp-content\/uploads\/2022\/12\/oekolog.jpg\" data-large-file=\"https:\/\/www.brg9.at\/web\/wp-content\/uploads\/2022\/12\/oekolog.jpg\" loading=\"lazy\" src=\"https:\/\/www.brg9.at\/web\/wp-content\/uploads\/2022\/12\/oekolog.jpg\" alt=\"\" class=\"wp-image-10766\" width=\"267\" height=\"212\"\/><\/figure><\/div>\n\n\n\n<p>Unsere Schule ist Teil des \u00f6sterreichweiten \u00d6kolog-Netzwerks und bem\u00fcht sich um die Umsetzung der 17 Nachhaltigkeitsziele der Vereinten Nationen. In der Auseinandersetzung mit \u00d6kologie, Wirtschaft und sozialen Belangen&nbsp;streben wir in allen Unterrichtsf\u00e4chern ein hohes Ma\u00df an Umweltbewusstsein, Gesundheitsbewusstsein und globalem Verantwortungsbewusstsein an und achten auf eine&nbsp;nachhaltige \u00f6kologische und soziale Schulentwicklung.<\/p>\n\n\n\n<figure class=\"wp-block-image size-large\"><img data-attachment-id=\"10772\" data-permalink=\"https:\/\/www.brg9.at\/web\/?attachment_id=10772\" data-orig-file=\"https:\/\/www.brg9.at\/web\/wp-content\/uploads\/2022\/12\/oekolog1-1.jpg\" data-orig-size=\"1245,910\" data-comments-opened=\"0\" data-image-meta=\"{&quot;aperture&quot;:&quot;0&quot;,&quot;credit&quot;:&quot;&quot;,&quot;camera&quot;:&quot;&quot;,&quot;caption&quot;:&quot;&quot;,&quot;created_timestamp&quot;:&quot;0&quot;,&quot;copyright&quot;:&quot;&quot;,&quot;focal_length&quot;:&quot;0&quot;,&quot;iso&quot;:&quot;0&quot;,&quot;shutter_speed&quot;:&quot;0&quot;,&quot;title&quot;:&quot;&quot;,&quot;orientation&quot;:&quot;0&quot;}\" data-image-title=\"oekolog1-1\" data-image-description=\"\" data-medium-file=\"https:\/\/www.brg9.at\/web\/wp-content\/uploads\/2022\/12\/oekolog1-1-596x436.jpg\" data-large-file=\"https:\/\/www.brg9.at\/web\/wp-content\/uploads\/2022\/12\/oekolog1-1-1024x748.jpg\" loading=\"lazy\" width=\"1024\" height=\"748\" src=\"https:\/\/www.brg9.at\/web\/wp-content\/uploads\/2022\/12\/oekolog1-1-1024x748.jpg\" alt=\"\" class=\"wp-image-10772\" srcset=\"https:\/\/www.brg9.at\/web\/wp-content\/uploads\/2022\/12\/oekolog1-1-1024x748.jpg 1024w, https:\/\/www.brg9.at\/web\/wp-content\/uploads\/2022\/12\/oekolog1-1-596x436.jpg 596w, https:\/\/www.brg9.at\/web\/wp-content\/uploads\/2022\/12\/oekolog1-1-1200x877.jpg 1200w, https:\/\/www.brg9.at\/web\/wp-content\/uploads\/2022\/12\/oekolog1-1.jpg 1245w\" sizes=\"(max-width: 709px) 85vw, (max-width: 909px) 67vw, (max-width: 1362px) 62vw, 840px\" \/><\/figure>\n<div class=\"sharedaddy sd-sharing-enabled\"><div class=\"robots-nocontent sd-block sd-social sd-social-icon-text sd-sharing\"><h3 class=\"sd-title\">Diesen Inhalt teilen:<\/h3><div class=\"sd-content\"><ul><li class=\"share-facebook\"><a rel=\"nofollow noopener noreferrer\" data-shared=\"sharing-facebook-9812\" class=\"share-facebook sd-button share-icon\" href=\"https:\/\/www.brg9.at\/web\/?page_id=9812&amp;share=facebook\" target=\"_blank\" title=\"Klick, um auf Facebook zu teilen\"><span>Facebook<\/span><\/a><\/li><li class=\"share-jetpack-whatsapp\"><a rel=\"nofollow noopener noreferrer\" data-shared=\"\" class=\"share-jetpack-whatsapp sd-button share-icon\" href=\"https:\/\/www.brg9.at\/web\/?page_id=9812&amp;share=jetpack-whatsapp\" target=\"_blank\" title=\"Klicken, um auf WhatsApp zu teilen\"><span>WhatsApp<\/span><\/a><\/li><li class=\"share-print\"><a rel=\"nofollow noopener noreferrer\" data-shared=\"\" class=\"share-print sd-button share-icon\" href=\"https:\/\/www.brg9.at\/web\/?page_id=9812\" target=\"_blank\" title=\"Klicken zum Ausdrucken\"><span>Drucken<\/span><\/a><\/li><li class=\"share-end\"><\/li><\/ul><\/div><\/div><\/div>","protected":false},"excerpt":{"rendered":"<p>Unsere Schule ist Teil des \u00f6sterreichweiten \u00d6kolog-Netzwerks und bem\u00fcht sich um die Umsetzung der 17 Nachhaltigkeitsziele der Vereinten Nationen. In der Auseinandersetzung mit \u00d6kologie, Wirtschaft und sozialen Belangen&nbsp;streben wir in allen Unterrichtsf\u00e4chern ein hohes Ma\u00df an Umweltbewusstsein, Gesundheitsbewusstsein und globalem Verantwortungsbewusstsein an und achten auf eine&nbsp;nachhaltige \u00f6kologische und soziale Schulentwicklung.<\/p>\n<div class=\"sharedaddy sd-sharing-enabled\"><div class=\"robots-nocontent sd-block sd-social sd-social-icon-text sd-sharing\"><h3 class=\"sd-title\">Diesen Inhalt teilen:<\/h3><div class=\"sd-content\"><ul><li class=\"share-facebook\"><a rel=\"nofollow noopener noreferrer\" data-shared=\"sharing-facebook-9812\" class=\"share-facebook sd-button share-icon\" href=\"https:\/\/www.brg9.at\/web\/?page_id=9812&amp;share=facebook\" target=\"_blank\" title=\"Klick, um auf Facebook zu teilen\"><span>Facebook<\/span><\/a><\/li><li class=\"share-jetpack-whatsapp\"><a rel=\"nofollow noopener noreferrer\" data-shared=\"\" class=\"share-jetpack-whatsapp sd-button share-icon\" href=\"https:\/\/www.brg9.at\/web\/?page_id=9812&amp;share=jetpack-whatsapp\" target=\"_blank\" title=\"Klicken, um auf WhatsApp zu teilen\"><span>WhatsApp<\/span><\/a><\/li><li class=\"share-print\"><a rel=\"nofollow noopener noreferrer\" data-shared=\"\" class=\"share-print sd-button share-icon\" href=\"https:\/\/www.brg9.at\/web\/?page_id=9812\" target=\"_blank\" title=\"Klicken zum Ausdrucken\"><span>Drucken<\/span><\/a><\/li><li class=\"share-end\"><\/li><\/ul><\/div><\/div><\/div>","protected":false},"author":7,"featured_media":0,"parent":0,"menu_order":0,"comment_status":"closed","ping_status":"closed","template":"","meta":{"ngg_post_thumbnail":0,"spay_email":""},"yoast_head":"<!-- This site is optimized with the Yoast SEO plugin v16.2 - https:\/\/yoast.com\/wordpress\/plugins\/seo\/ -->\n<title>\u00d6kolog-Siegel &raquo; BRG9, Erich Fried Realgymnasium<\/title>\n<meta name=\"robots\" content=\"index, follow, max-snippet:-1, max-image-preview:large, max-video-preview:-1\" \/>\n<link rel=\"canonical\" href=\"https:\/\/www.brg9.at\/web\/?page_id=9812\" \/>\n<meta property=\"og:locale\" content=\"de_DE\" \/>\n<meta property=\"og:type\" content=\"article\" \/>\n<meta property=\"og:title\" content=\"\u00d6kolog-Siegel &raquo; BRG9, Erich Fried Realgymnasium\" \/>\n<meta property=\"og:description\" content=\"Unsere Schule ist Teil des \u00f6sterreichweiten \u00d6kolog-Netzwerks und bem\u00fcht sich um die Umsetzung der 17 Nachhaltigkeitsziele der Vereinten Nationen. In der Auseinandersetzung mit \u00d6kologie, Wirtschaft und sozialen Belangen&nbsp;streben wir in allen Unterrichtsf\u00e4chern ein hohes Ma\u00df an Umweltbewusstsein, Gesundheitsbewusstsein und globalem Verantwortungsbewusstsein an und achten auf eine&nbsp;nachhaltige \u00f6kologische und soziale Schulentwicklung.\" \/>\n<meta property=\"og:url\" content=\"https:\/\/www.brg9.at\/web\/?page_id=9812\" \/>\n<meta property=\"og:site_name\" content=\"BRG9, Erich Fried Realgymnasium\" \/>\n<meta property=\"article:modified_time\" content=\"2022-12-14T22:01:13+00:00\" \/>\n<meta property=\"og:image\" content=\"https:\/\/www.brg9.at\/web\/wp-content\/uploads\/2022\/12\/oekolog.jpg\" \/>\n<meta name=\"twitter:card\" content=\"summary\" \/>\n<meta name=\"twitter:label1\" content=\"Gesch\u00e4tzte Lesezeit\">\n\t<meta name=\"twitter:data1\" content=\"1 Minute\">\n<script type=\"application\/ld+json\" class=\"yoast-schema-graph\">{\"@context\":\"https:\/\/schema.org\",\"@graph\":[{\"@type\":\"WebSite\",\"@id\":\"https:\/\/www.brg9.at\/web\/#website\",\"url\":\"https:\/\/www.brg9.at\/web\/\",\"name\":\"BRG9, Erich Fried Realgymnasium\",\"description\":\"Die Website des BRG9 - Erich Fried Realgymnasium. Wien 9, Glasergasse 25.\",\"potentialAction\":[{\"@type\":\"SearchAction\",\"target\":\"https:\/\/www.brg9.at\/web\/?s={search_term_string}\",\"query-input\":\"required name=search_term_string\"}],\"inLanguage\":\"de-DE\"},{\"@type\":\"ImageObject\",\"@id\":\"https:\/\/www.brg9.at\/web\/?page_id=9812#primaryimage\",\"inLanguage\":\"de-DE\",\"url\":\"https:\/\/www.brg9.at\/web\/wp-content\/uploads\/2022\/12\/oekolog.jpg\",\"contentUrl\":\"https:\/\/www.brg9.at\/web\/wp-content\/uploads\/2022\/12\/oekolog.jpg\",\"width\":544,\"height\":432},{\"@type\":\"WebPage\",\"@id\":\"https:\/\/www.brg9.at\/web\/?page_id=9812#webpage\",\"url\":\"https:\/\/www.brg9.at\/web\/?page_id=9812\",\"name\":\"\\u00d6kolog-Siegel &raquo; BRG9, Erich Fried Realgymnasium\",\"isPartOf\":{\"@id\":\"https:\/\/www.brg9.at\/web\/#website\"},\"primaryImageOfPage\":{\"@id\":\"https:\/\/www.brg9.at\/web\/?page_id=9812#primaryimage\"},\"datePublished\":\"2022-06-16T20:06:50+00:00\",\"dateModified\":\"2022-12-14T22:01:13+00:00\",\"breadcrumb\":{\"@id\":\"https:\/\/www.brg9.at\/web\/?page_id=9812#breadcrumb\"},\"inLanguage\":\"de-DE\",\"potentialAction\":[{\"@type\":\"ReadAction\",\"target\":[\"https:\/\/www.brg9.at\/web\/?page_id=9812\"]}]},{\"@type\":\"BreadcrumbList\",\"@id\":\"https:\/\/www.brg9.at\/web\/?page_id=9812#breadcrumb\",\"itemListElement\":[{\"@type\":\"ListItem\",\"position\":1,\"item\":{\"@type\":\"WebPage\",\"@id\":\"https:\/\/www.brg9.at\/web\/\",\"url\":\"https:\/\/www.brg9.at\/web\/\",\"name\":\"Home\"}},{\"@type\":\"ListItem\",\"position\":2,\"item\":{\"@id\":\"https:\/\/www.brg9.at\/web\/?page_id=9812#webpage\"}}]}]}<\/script>\n<!-- \/ Yoast SEO plugin. -->","jetpack_sharing_enabled":true,"_links":{"self":[{"href":"https:\/\/www.brg9.at\/web\/index.php?rest_route=\/wp\/v2\/pages\/9812"}],"collection":[{"href":"https:\/\/www.brg9.at\/web\/index.php?rest_route=\/wp\/v2\/pages"}],"about":[{"href":"https:\/\/www.brg9.at\/web\/index.php?rest_route=\/wp\/v2\/types\/page"}],"author":[{"embeddable":true,"href":"https:\/\/www.brg9.at\/web\/index.php?rest_route=\/wp\/v2\/users\/7"}],"replies":[{"embeddable":true,"href":"https:\/\/www.brg9.at\/web\/index.php?rest_route=%2Fwp%2Fv2%2Fcomments&post=9812"}],"version-history":[{"count":6,"href":"https:\/\/www.brg9.at\/web\/index.php?rest_route=\/wp\/v2\/pages\/9812\/revisions"}],"predecessor-version":[{"id":10775,"href":"https:\/\/www.brg9.at\/web\/index.php?rest_route=\/wp\/v2\/pages\/9812\/revisions\/10775"}],"wp:attachment":[{"href":"https:\/\/www.brg9.at\/web\/index.php?rest_route=%2Fwp%2Fv2%2Fmedia&parent=9812"}],"curies":[{"name":"wp","href":"https:\/\/api.w.org\/{rel}","templated":true}]}}